{"id":1077,"date":"2019-01-23T13:17:50","date_gmt":"2019-01-23T13:17:50","guid":{"rendered":"http:\/\/nagykokenyes.hu\/?page_id=1077"},"modified":"2025-12-19T21:18:46","modified_gmt":"2025-12-19T19:18:46","slug":"normativ-hatarozatok","status":"publish","type":"page","link":"https:\/\/nagykokenyes.hu\/?page_id=1077","title":{"rendered":"Normat\u00edv hat\u00e1rozatok"},"content":{"rendered":"<p>2025<\/p>\n<ul>\n<li><a href=\"https:\/\/nagykokenyes.hu\/wp-content\/uploads\/2025\/09\/89-2025.IX_.24.-kt.hat_.-2025.-evi-kozbeszerzesi-terv-elfogadasarol.pdf\">89-2025.(IX.24.) kt.hat. 2025. \u00e9vi k\u00f6zbeszerz\u00e9si terv elfogad\u00e1s\u00e1r\u00f3l<\/a><\/li>\n<li><a href=\"https:\/\/nagykokenyes.hu\/wp-content\/uploads\/2025\/12\/Nagykokenyes_eselyegyenl_segi_program-v11.pdf\">Nagykokenyes_eselyegyenl\u0151segi_program-v11<\/a><\/li>\n<li><a href=\"https:\/\/nagykokenyes.hu\/wp-content\/uploads\/2025\/12\/125-2025.XII_.10.-kt.-hat.a-Kepviselo-testulet-2026.-evi-munkatervenek-elfogadasarol.pdf\">125-2025.(XII.10.) kt. hat.a K\u00e9pvisel\u0151-test\u00fclet 2026. \u00e9vi munkaterv\u00e9nek elfogad\u00e1s\u00e1r\u00f3l<\/a><\/li>\n<\/ul>\n<p>2024<\/p>\n<ul>\n<li><a href=\"https:\/\/nagykokenyes.hu\/wp-content\/uploads\/2024\/02\/6-2024.I.29.-kt.-hat.-a-Heredi-Kozos-Onkormanyzati-Hviatal-2024.-evi-ktgv-e-elfogadasarol.pdf\">6-2024.(I.29.) kt. hat. a Her\u00e9di K\u00f6z\u00f6s \u00d6nkorm\u00e1nyzati Hviatal 2024. \u00e9vi ktgv-e elfogad\u00e1s\u00e1r\u00f3l<\/a><\/li>\n<li><a href=\"https:\/\/nagykokenyes.hu\/wp-content\/uploads\/2024\/02\/11-2024.II_.14.-kt.-hat.-koltsegvetesi-kitekinto-hatarozat-elfogadasa.pdf\">11-2024.(II.14.) kt. hat. k\u00f6lts\u00e9gvet\u00e9si kitekint\u0151 hat\u00e1rozat elfogad\u00e1sa<\/a><\/li>\n<li><a href=\"https:\/\/nagykokenyes.hu\/wp-content\/uploads\/2024\/02\/12-2024.II_.14.-kt.hat_.Onkormanyzat-2024.-evi-kozbeszerzesi-terv-elfogadasa.pdf\">12-2024.(II.14.) kt.hat.\u00d6nkorm\u00e1nyzat 2024. \u00e9vi k\u00f6zbeszerz\u00e9si terv elfogad\u00e1sa<\/a><\/li>\n<li><a href=\"https:\/\/nagykokenyes.hu\/wp-content\/uploads\/2024\/02\/12-2024.II_.14.-kt.hat_.Onkormanyzat-2024.-evi-kozbeszerzesi-terv-elfogadasa.pdf\">13-2024.(II.14.) kt. hat. civil szervezetek t\u00e1mogat\u00e1s\u00e1s\u00e1ra p\u00e1ly\u00e1zat ki\u00edr\u00e1s<\/a><\/li>\n<li><a href=\"https:\/\/nagykokenyes.hu\/wp-content\/uploads\/2024\/02\/14-2024.II_.14.-kt.-hat.-ovodai-alapito-okirat-modositasa-2-db-melleklettel.pdf\">14-2024.(II.14.) kt. hat. \u00f3vodai alap\u00edt\u00f3 okirat m\u00f3dos\u00edt\u00e1sa 2 db mell\u00e9klettel<\/a><\/li>\n<li><a href=\"https:\/\/nagykokenyes.hu\/wp-content\/uploads\/2024\/02\/15-2024.II_.14.-kt.-hat.-ovoda-nyitva-tartasa.pdf\">15-2024.(II.14.) kt. hat. \u00f3voda nyitva tart\u00e1sa<\/a><\/li>\n<li><a href=\"https:\/\/nagykokenyes.hu\/wp-content\/uploads\/2024\/04\/17-2024.III_.27.-kt.-hat.Nk_.-Konyvtari-Informacios-es-Kozossegi-Hely-2024.-evi-kozmuvelodesi-szolgaltatasi-tervenek-elfogadasa.pdf\">17-2024.(III.27.) kt. hat.Nk. K\u00f6nyvt\u00e1ri, Inform\u00e1ci\u00f3s \u00e9s K\u00f6z\u00f6ss\u00e9gi Hely 2024. \u00e9vi k\u00f6zm\u0171vel\u0151d\u00e9si szolg\u00e1ltat\u00e1si terv\u00e9nek elfogad\u00e1sa<\/a><\/li>\n<li><a href=\"https:\/\/nagykokenyes.hu\/wp-content\/uploads\/2024\/04\/18-2024.III_.27.-kt.-hat.-Ovoda-eves-tovabbkepzesi-programjanka-es-beiskolazasi-tervenek-elfogadasa.pdf\">18-2024.(III.27.) kt. hat. \u00d3voda \u00e9ves tov\u00e1bbk\u00e9pz\u00e9si programj\u00e1nka \u00e9s beiskol\u00e1z\u00e1si terv\u00e9nek elfogad\u00e1sa<\/a><\/li>\n<li><a href=\"https:\/\/nagykokenyes.hu\/wp-content\/uploads\/2024\/04\/19-2024.III_.27.-kt.-hat.-Polgarorseg-Egyesulet-2023.-evi-onkormaanyzati-tamogatasanak-felhasznalasarol-szolo-beszamolo-elfogadasa.pdf\">19-2024.(III.27.) kt. hat. Polg\u00e1r\u0151rs\u00e9g Egyes\u00fclet 2023. \u00e9vi \u00f6nkorma\u00e1nyzati t\u00e1mogat\u00e1s\u00e1nak felhaszn\u00e1l\u00e1s\u00e1r\u00f3l sz\u00f3l\u00f3 besz\u00e1mol\u00f3 elfogad\u00e1sa<\/a><\/li>\n<li><a href=\"https:\/\/nagykokenyes.hu\/wp-content\/uploads\/2024\/04\/20-2024.III_.27.-kt.-hat.-Polgarorseg-Egyesulet-2024.-evi-onkormanyzati-tamogatasanak-jovahagyasa.pdf\">20-2024.(III.27.) kt. hat. Polg\u00e1r\u0151rs\u00e9g Egyes\u00fclet 2024. \u00e9vi \u00f6nkorm\u00e1nyzati t\u00e1mogat\u00e1s\u00e1nak j\u00f3v\u00e1hagy\u00e1sa<\/a><\/li>\n<li><a href=\"https:\/\/nagykokenyes.hu\/wp-content\/uploads\/2024\/04\/21-2024.III_.27.-kt.-hat-Heredi-Iskolas-Gyerekekert-Alapitvany-2023.-evi-tamogatasanak-felhasznalasarol-szolo-beszamolo-elfogadasa.pdf\">21-2024.(III.27.) kt. hat Her\u00e9di Iskol\u00e1s Gyerekek\u00e9rt Alap\u00edtv\u00e1ny 2023. \u00e9vi t\u00e1mogat\u00e1s\u00e1nak felhaszn\u00e1l\u00e1s\u00e1r\u00f3l sz\u00f3l\u00f3 besz\u00e1mol\u00f3 elfogad\u00e1sa<\/a><\/li>\n<li><a href=\"https:\/\/nagykokenyes.hu\/wp-content\/uploads\/2024\/04\/22-2024.III_.27.-kt.-hat.-Heredi-Iskolas-Gyerekekert-Alapitvany-2024.-evi-onkormanyzati-tamogatasanak-jovahagyasa.pdf\">22-2024.(III.27.) kt. hat. Her\u00e9di Iskol\u00e1s Gyerekek\u00e9rt Alap\u00edtv\u00e1ny 2024. \u00e9vi \u00f6nkorm\u00e1nyzati t\u00e1mogat\u00e1s\u00e1nak j\u00f3v\u00e1hagy\u00e1sa<\/a><\/li>\n<li><a href=\"https:\/\/nagykokenyes.hu\/wp-content\/uploads\/2024\/04\/23-2024.III_.27.-kt.hat_.-Peter-Cerny-Alapitvany-2024.-evi-onkormanyzati-tamogatasanak-jovahagyasa.pdf\">23-2024.(III.27.) kt.hat. Peter Cerny Alap\u00edtv\u00e1ny 2024. \u00e9vi \u00f6nkorm\u00e1nyzati t\u00e1mogat\u00e1s\u00e1nak j\u00f3v\u00e1hagy\u00e1sa<\/a><\/li>\n<li><a href=\"https:\/\/nagykokenyes.hu\/wp-content\/uploads\/2024\/04\/26-2024.III_.27.-kt.hat_.-2023.-evi-belso-ellenorzesi-jelentes-elfogadasa.pdf\">26-2024.(III.27.) kt.hat. 2023. \u00e9vi bels\u0151 ellen\u0151rz\u00e9si jelent\u00e9s elfogad\u00e1sa<\/a><\/li>\n<li><a href=\"https:\/\/nagykokenyes.hu\/wp-content\/uploads\/2024\/04\/28-2024-Nk-.-kt.-hat.-2024.-evi-MODOSITOTT-kozbeszerzesi-terv-nullas.pdf\">28-2024 Nk . kt. hat. 2024. \u00e9vi M\u00d3DOS\u00cdTOTT k\u00f6zbeszerz\u00e9si terv null\u00e1s<\/a><\/li>\n<li><a href=\"https:\/\/nagykokenyes.hu\/wp-content\/uploads\/2024\/05\/36-2024.V.22.-kt.-hat.-2024.-evi-kozbeszerzesi-terv-modositasa.pdf\">36-2024.(V.22.) kt. hat. 2024. \u00e9vi k\u00f6zbeszerz\u00e9si terv m\u00f3dos\u00edt\u00e1sa<\/a><\/li>\n<li><a href=\"https:\/\/nagykokenyes.hu\/wp-content\/uploads\/2024\/07\/40-2024.V.22.-kt.-hat.-diszpolgari-cim-adomanyozasa-Laczik-Janosne.pdf\">40-2024.(V.22.) kt. hat. d\u00edszpolg\u00e1ri c\u00edm adom\u00e1nyoz\u00e1sa Laczik J\u00e1nosn\u00e9<\/a><\/li>\n<li><a href=\"https:\/\/nagykokenyes.hu\/wp-content\/uploads\/2024\/07\/41-2024.V.22.-kt.hat_.diszpolgari-cim-adomanyozasa-Erdo-Peter-biboros.pdf\">41-2024.(V.22.) kt.hat.d\u00edszpolg\u00e1ri c\u00edm adom\u00e1nyoz\u00e1sa Erd\u0151 P\u00e9ter b\u00edboros<\/a><\/li>\n<li><a href=\"https:\/\/nagykokenyes.hu\/wp-content\/uploads\/2024\/07\/42-2024.V.22.-kt.-hat-diszpolgari-cim-adomanyozasa-Molnar-Danielne-Ilcsi-neni.pdf\">42-2024.(V.22.) kt. hat d\u00edszpolg\u00e1ri c\u00edm adom\u00e1nyoz\u00e1sa Moln\u00e1r D\u00e1nieln\u00e9 (Ilcsi n\u00e9ni)<\/a><\/li>\n<li><a href=\"https:\/\/nagykokenyes.hu\/wp-content\/uploads\/2024\/11\/68-2024.X.14.-kt.-hat.-Heredi-Kozos-Onkormanyzati-Hivatal-uj-Ugyrendjenek-elfogadasa.pdf\">68-2024.(X.14.) kt. hat. Her\u00e9di K\u00f6z\u00f6s \u00d6nkorm\u00e1nyzati Hivatal \u00faj \u00dcgyrendj\u00e9nek elfogad\u00e1sa<\/a><\/li>\n<li><a href=\"https:\/\/nagykokenyes.hu\/wp-content\/uploads\/2024\/11\/69-2024.X.14.-kt.-hat.-2024-2029.-evi-gazdasagi-program-elokeszitese.pdf\">69-2024.(X.14.) kt. hat. 2024-2029. \u00e9vi gazdas\u00e1gi program el\u0151k\u00e9sz\u00edt\u00e9se<\/a><\/li>\n<\/ul>\n<p>2023<\/p>\n<ul>\n<li><a href=\"https:\/\/nagykokenyes.hu\/wp-content\/uploads\/2023\/02\/12-2023.II_.15.-kt.hat_.-2023.-evi-kozbeszerzesi-terv-elfogadasa-1.pdf\">12-2023.(II.15.) kt.hat. 2023. \u00e9vi k\u00f6zbeszerz\u00e9si terv elfogad\u00e1sa<\/a><\/li>\n<li><a href=\"https:\/\/nagykokenyes.hu\/wp-content\/uploads\/2023\/04\/13-2023.II_.15.-kt.-hat.-2023.-evi-kozmuvelodesi-szolgalatasi-terv-elfogadasa-1.pdf\">13-2023.(II.15.) kt. hat. 2023. \u00e9vi k\u00f6zm\u0171vel\u0151d\u00e9si szolg\u00e1lat\u00e1si terv elfogad\u00e1sa<\/a><\/li>\n<li><a href=\"https:\/\/nagykokenyes.hu\/wp-content\/uploads\/2023\/05\/29-2023.V.24.-kt.-hat-Heredi-Kozos-Onkormanyzati-Hivatal-2022.-evi-zarszamadasa-mellekleteivel.pdf\">29-2023.(V.24.) kt. hat Her\u00e9di K\u00f6z\u00f6s \u00d6nkorm\u00e1nyzati Hivatal 2022. \u00e9vi z\u00e1rsz\u00e1mad\u00e1sa mell\u00e9kleteivel<\/a><\/li>\n<li><a href=\"https:\/\/nagykokenyes.hu\/wp-content\/uploads\/2023\/05\/36-2023.V.24.-kt.-hat.-Heredi-Iskolas-Gyerekekert-Alapitvany-tamogatasa.pdf\">36-2023.(V.24.) kt. hat. Her\u00e9di Iskol\u00e1s Gyerekek\u00e9rt Alap\u00edtv\u00e1ny t\u00e1mogat\u00e1sa<\/a><\/li>\n<li><a href=\"https:\/\/nagykokenyes.hu\/wp-content\/uploads\/2023\/05\/37-2023.V.24.-kt.-hat.-Kokenyesi-Hagyomanyorzo-Egyesulet-tamogatasa.pdf\">37-2023.(V.24.) kt. hat. K\u00f6k\u00e9nyesi Hagyom\u00e1ny\u0151rz\u0151 Egyes\u00fclet t\u00e1mogat\u00e1sa<\/a><\/li>\n<li><a href=\"https:\/\/nagykokenyes.hu\/wp-content\/uploads\/2023\/06\/44-2023.VI_.21.-kt.-hat.-Kozbeszerzesi-es-Beszerzesi-Szabalyzat-elfogadasa.pdf\">44-2023.(VI.21.) kt. hat. K\u00f6zbeszerz\u00e9si \u00e9s Beszerz\u00e9si Szab\u00e1lyzat elfogad\u00e1sa<\/a><\/li>\n<li><a href=\"https:\/\/nagykokenyes.hu\/wp-content\/uploads\/2023\/11\/86-2023.XI_.29.-kt.hat_.-HVB-tagok-megvalasztasa.pdf\">86-2023.(XI.29.) kt.hat. HVB tagok megv\u00e1laszt\u00e1sa<\/a><\/li>\n<li><a href=\"https:\/\/nagykokenyes.hu\/wp-content\/uploads\/2023\/12\/143-2023.XII_.13.-kt.hat_.-a-Kepviselo-testulet-2024.-evi-munkatervenek-elfogadasa.pdf\">143-2023.(XII.13.) kt.hat. a K\u00e9pvisel\u0151-test\u00fclet 2024. \u00e9vi munkaterv\u00e9nek elfogad\u00e1sa<\/a><\/li>\n<li><a href=\"https:\/\/nagykokenyes.hu\/wp-content\/uploads\/2023\/12\/147-2023.XII_.13.-kt.-hat.-uj-Helyi-Eselyegyenlosegi-Proram-elfogadasa.pdf\">147-2023.(XII.13.) kt. hat. \u00faj Helyi Es\u00e9lyegyenl\u0151s\u00e9gi Proram elfogad\u00e1sa<\/a><\/li>\n<\/ul>\n<p>2022<\/p>\n<ul>\n<li><a href=\"https:\/\/nagykokenyes.hu\/wp-content\/uploads\/2022\/03\/16-2022.-kt.hat_.-2022.-evi-kozmuvelodesi-szolgaltatasi-terv.pdf\">16-2022. kt.hat. 2022. \u00e9vi k\u00f6zm\u0171vel\u0151d\u00e9si szolg\u00e1ltat\u00e1si terv<\/a><\/li>\n<li><a href=\"https:\/\/nagykokenyes.hu\/wp-content\/uploads\/2022\/03\/33-2022.kt_.-hatarozattal-elfogadott-publikalt-2022.-evi-Kozbeszerzesi-Terv.pdf\">33-2022.kt. hat\u00e1rozattal elfogadott publik\u00e1lt 2022. \u00e9vi K\u00f6zbeszerz\u00e9si Terv<\/a><\/li>\n<li><a href=\"https:\/\/nagykokenyes.hu\/wp-content\/uploads\/2022\/04\/31-2022.III_.30.-kt.hat_.-Heredi-Iskolas-Gyerekekert-Alapitvany-tamogatasa.pdf\">31-2022.(III.30.) kt.hat. Her\u00e9di Iskol\u00e1s Gyerekek\u00e9rt Alap\u00edtv\u00e1ny t\u00e1mogat\u00e1sa<\/a><\/li>\n<li><a href=\"https:\/\/nagykokenyes.hu\/wp-content\/uploads\/2022\/06\/45-2022.V.30.-kt.-hat.-Heredi-Kozos-Onkormanyzati-Hivatal-2021.-evi-zaszamadasanak-elfogadasa.pdf\">45-2022.(V.30.) kt. hat. Her\u00e9di K\u00f6z\u00f6s \u00d6nkorm\u00e1nyzati Hivatal 2021. \u00e9vi z\u00e1sz\u00e1mad\u00e1s\u00e1nak elfogad\u00e1sa<\/a><\/li>\n<li><a href=\"https:\/\/nagykokenyes.hu\/wp-content\/uploads\/2022\/06\/44-2022.-kt.hat_.2021.-evi-Belso-ellenori-2021.-eves-osszefoglalo-jelentes-elfogadasa-es-eves-osszefogalo-jelentes.pdf\">44-2022. kt.hat.2021. \u00e9vi Bels\u0151 ellen\u0151ri 2021. \u00e9ves \u00f6sszefoglal\u00f3 jelent\u00e9s elfogad\u00e1sa \u00e9s \u00e9ves \u00f6sszefogal\u00f3 jelent\u00e9s<\/a><\/li>\n<li><a href=\"https:\/\/nagykokenyes.hu\/wp-content\/uploads\/2022\/12\/111-2022.-kt.hat_.2023.-evi-belso-ellenori-terv-jovahagyasa.pdf\">111-2022. kt.hat.2023. \u00e9vi bels\u0151 ellen\u0151ri terv j\u00f3v\u00e1hagy\u00e1sa<\/a><\/li>\n<\/ul>\n<p>2021<\/p>\n<ul>\n<li><a href=\"https:\/\/nagykokenyes.hu\/wp-content\/uploads\/2022\/12\/HEP-felulvizsgalt-es-alairt-20210531-Nagykokenyes.pdf\">HEP fel\u00fclvizsg\u00e1lt \u00e9s al\u00e1\u00edrt 20210531 Nagyk\u00f6k\u00e9nyes<\/a><\/li>\n<\/ul>\n<p>2020<\/p>\n<ul>\n<li><a href=\"https:\/\/nagykokenyes.hu\/wp-content\/uploads\/2020\/02\/21-2020.II_.12.-kt.hat_.-2020.-\u00e9vi-k\u00f6zbeszerz\u00e9si-terv.pdf\">21-2020.(II.12.) kt.hat. 2020. \u00e9vi k\u00f6zbeszerz\u00e9si terv<\/a><\/li>\n<li><a href=\"https:\/\/nagykokenyes.hu\/wp-content\/uploads\/2020\/02\/2020.02.12.soros-k\u00e9pvisel\u0151-test\u00fcleti-\u00fcl\u00e9sre-megh\u00edv\u00f3.pdf\">17-2020.(II.12.) kt.hat.k\u00f6lts\u00e9gvet\u00e9si kitekint\u0151 hat\u00e1rozat<\/a><\/li>\n<li><a href=\"https:\/\/nagykokenyes.hu\/wp-content\/uploads\/2020\/05\/Nagyk%C3%B6k%C3%A9nyes-K%C3%B6zs%C3%A9g-%C3%96nkorm%C3%A1nyzat%C3%A1nak-Gazdas%C3%A1gi-programja.pdf\">Nagyk\u00f6k\u00e9nyes K\u00f6zs\u00e9g \u00d6nkorm\u00e1nyzat\u00e1nak Gazdas\u00e1gi programja 2019-2024<\/a><\/li>\n<li><a href=\"https:\/\/nagykokenyes.hu\/wp-content\/uploads\/2020\/12\/44-2020.XI_.30.-hatarozat-a-Nagykokenyes-Konyvtari-Informacios-es-Kozossegi-hely-valamint-a-Kozossegi-Szinter-Hazirendjerol.pdf\">44-2020.(XI.30.) hat\u00e1rozat a Nagyk\u00f6k\u00e9nyes K\u00f6nyvt\u00e1ri, Inform\u00e1ci\u00f3s \u00e9s K\u00f6z\u00f6ss\u00e9gi hely valamint a K\u00f6z\u00f6ss\u00e9gi Sz\u00ednt\u00e9r H\u00e1zirendj\u00e9r\u0151l<\/a><\/li>\n<\/ul>\n<p>2019<\/p>\n<ul>\n<li><a href=\"http:\/\/nagykokenyes.hu\/wp-content\/uploads\/2019\/03\/66-2019.II_.18.-Kt.-hat.-2019.-\u00e9vi-k\u00f6zbesz-i-terv.pdf\">66-2019.(II.18.) Kt. hat. 2019. \u00e9vi k\u00f6zbesz-i terv<\/a><\/li>\n<li><a href=\"http:\/\/nagykokenyes.hu\/wp-content\/uploads\/2019\/03\/63-2019.II_.18.-k\u00f6lts\u00e9gvet\u00e9si-kitekint\u0151-hat\u00e1rozat.pdf\">63-2019.(II.18.) k\u00f6lts\u00e9gvet\u00e9si kitekint\u0151 hat\u00e1rozat<\/a><\/li>\n<li><a href=\"http:\/\/nagykokenyes.hu\/wp-content\/uploads\/2019\/01\/125-2018.XII_.19.-k\u00e9pvisel\u0151-test\u00fcleti-hat\u00e1rozat.2019.-\u00e9vi-munkaterv-elfogad\u00e1sa.pdf\">125-2018.(XII.19.) k\u00e9pvisel\u0151-test\u00fcleti hat\u00e1rozat.2019. \u00e9vi munkaterv elfogad\u00e1sa<\/a><\/li>\n<li><a href=\"http:\/\/nagykokenyes.hu\/wp-content\/uploads\/2019\/01\/Nagyk\u00f6k\u00e9nyes-K\u00f6zs\u00e9gi-\u00d6nkorm\u00e1nyzat-2019.-\u00e9vi-munkaterve.pdf\">Nagyk\u00f6k\u00e9nyes K\u00f6zs\u00e9gi \u00d6nkorm\u00e1nyzat 2019. \u00e9vi munkaterve<\/a><\/li>\n<li><a href=\"http:\/\/nagykokenyes.hu\/wp-content\/uploads\/2019\/04\/Helyi-Es\u00e9lyegyenl\u0151s\u00e9gi-Program-Nagyk\u00f6k\u00e9nyes.al\u00e1\u00edrt-2019.pdf\">Helyi Es\u00e9lyegyenl\u0151s\u00e9gi Program &#8211; 2019<\/a><\/li>\n<li><a href=\"http:\/\/nagykokenyes.hu\/wp-content\/uploads\/2019\/12\/K\u00e9pvisel\u0151-test\u00fclet-2020.-\u00e9vi-munkaterve-1.pdf\">Nagyk\u00f6k\u00e9nyes K\u00f6zs\u00e9gi \u00d6nkorm\u00e1nyzat 2020. \u00e9vi munkaterve<\/a><\/li>\n<li><a href=\"http:\/\/nagykokenyes.hu\/wp-content\/uploads\/2020\/01\/188-2019.XII_.18.-kt.hat_.-munkaterv.pdf\">188-2019.(XII.18.) kt.hat. munkaterv<\/a><\/li>\n<li><a href=\"http:\/\/nagykokenyes.hu\/wp-content\/uploads\/2020\/02\/167-2019.XI_.27.-kt.-hat\u00e1rozat-\u00e9s-2020.-\u00e9ves-ellen\u0151rz\u00e9si-terv-1.pdf\">167-2019.(XI.27.) kt. hat\u00e1rozat \u00e9s 2020. \u00e9ves ellen\u0151rz\u00e9si terv<\/a><\/li>\n<\/ul>\n","protected":false},"excerpt":{"rendered":"<p>2025 89-2025.(IX.24.) kt.hat. 2025. \u00e9vi k\u00f6zbeszerz\u00e9si terv elfogad\u00e1s\u00e1r\u00f3l Nagykokenyes_eselyegyenl\u0151segi_program-v11 125-2025.(XII.10.) kt. hat.a K\u00e9pvisel\u0151-test\u00fclet 2026. \u00e9vi munkaterv\u00e9nek elfogad\u00e1s\u00e1r\u00f3l 2024 6-2024.(I.29.) kt. hat. a Her\u00e9di K\u00f6z\u00f6s \u00d6nkorm\u00e1nyzati Hviatal 2024. \u00e9vi ktgv-e elfogad\u00e1s\u00e1r\u00f3l 11-2024.(II.14.) kt. hat. k\u00f6lts\u00e9gvet\u00e9si kitekint\u0151 hat\u00e1rozat elfogad\u00e1sa 12-2024.(II.14.) kt.hat.\u00d6nkorm\u00e1nyzat 2024. \u00e9vi k\u00f6zbeszerz\u00e9si terv elfogad\u00e1sa 13-2024.(II.14.) kt. hat. civil szervezetek t\u00e1mogat\u00e1s\u00e1s\u00e1ra p\u00e1ly\u00e1zat ki\u00edr\u00e1s 14-2024.(II.14.) kt. hat. [&hellip;]<\/p>\n","protected":false},"author":1,"featured_media":0,"parent":0,"menu_order":0,"comment_status":"closed","ping_status":"closed","template":"","meta":{"footnotes":""},"class_list":["post-1077","page","type-page","status-publish","hentry"],"yoast_head":"<!-- This site is optimized with the Yoast SEO plugin v26.5 - https:\/\/yoast.com\/wordpress\/plugins\/seo\/ -->\n<title>Normat\u00edv hat\u00e1rozatok - Nagyk\u00f6k\u00e9nyes K\u00f6zs\u00e9g \u00d6nkorm\u00e1nyzata<\/title>\n<meta name=\"robots\" content=\"index, follow, max-snippet:-1, max-image-preview:large, max-video-preview:-1\" \/>\n<link rel=\"canonical\" href=\"https:\/\/nagykokenyes.hu\/?page_id=1077\" \/>\n<meta property=\"og:locale\" content=\"hu_HU\" \/>\n<meta property=\"og:type\" content=\"article\" \/>\n<meta property=\"og:title\" content=\"Normat\u00edv hat\u00e1rozatok - Nagyk\u00f6k\u00e9nyes K\u00f6zs\u00e9g \u00d6nkorm\u00e1nyzata\" \/>\n<meta property=\"og:description\" content=\"2025 89-2025.(IX.24.) kt.hat. 2025. \u00e9vi k\u00f6zbeszerz\u00e9si terv elfogad\u00e1s\u00e1r\u00f3l Nagykokenyes_eselyegyenl\u0151segi_program-v11 125-2025.(XII.10.) kt. hat.a K\u00e9pvisel\u0151-test\u00fclet 2026. \u00e9vi munkaterv\u00e9nek elfogad\u00e1s\u00e1r\u00f3l 2024 6-2024.(I.29.) kt. hat. a Her\u00e9di K\u00f6z\u00f6s \u00d6nkorm\u00e1nyzati Hviatal 2024. \u00e9vi ktgv-e elfogad\u00e1s\u00e1r\u00f3l 11-2024.(II.14.) kt. hat. k\u00f6lts\u00e9gvet\u00e9si kitekint\u0151 hat\u00e1rozat elfogad\u00e1sa 12-2024.(II.14.) kt.hat.\u00d6nkorm\u00e1nyzat 2024. \u00e9vi k\u00f6zbeszerz\u00e9si terv elfogad\u00e1sa 13-2024.(II.14.) kt. hat. civil szervezetek t\u00e1mogat\u00e1s\u00e1s\u00e1ra p\u00e1ly\u00e1zat ki\u00edr\u00e1s 14-2024.(II.14.) kt. hat. [&hellip;]\" \/>\n<meta property=\"og:url\" content=\"https:\/\/nagykokenyes.hu\/?page_id=1077\" \/>\n<meta property=\"og:site_name\" content=\"Nagyk\u00f6k\u00e9nyes K\u00f6zs\u00e9g \u00d6nkorm\u00e1nyzata\" \/>\n<meta property=\"article:modified_time\" content=\"2025-12-19T19:18:46+00:00\" \/>\n<meta name=\"twitter:card\" content=\"summary_large_image\" \/>\n<meta name=\"twitter:label1\" content=\"Becs\u00fclt olvas\u00e1si id\u0151\" \/>\n\t<meta name=\"twitter:data1\" content=\"3 perc\" \/>\n<script type=\"application\/ld+json\" class=\"yoast-schema-graph\">{\"@context\":\"https:\/\/schema.org\",\"@graph\":[{\"@type\":\"WebPage\",\"@id\":\"https:\/\/nagykokenyes.hu\/?page_id=1077\",\"url\":\"https:\/\/nagykokenyes.hu\/?page_id=1077\",\"name\":\"Normat\u00edv hat\u00e1rozatok - Nagyk\u00f6k\u00e9nyes K\u00f6zs\u00e9g \u00d6nkorm\u00e1nyzata\",\"isPartOf\":{\"@id\":\"https:\/\/nagykokenyes.hu\/#website\"},\"datePublished\":\"2019-01-23T13:17:50+00:00\",\"dateModified\":\"2025-12-19T19:18:46+00:00\",\"breadcrumb\":{\"@id\":\"https:\/\/nagykokenyes.hu\/?page_id=1077#breadcrumb\"},\"inLanguage\":\"hu\",\"potentialAction\":[{\"@type\":\"ReadAction\",\"target\":[\"https:\/\/nagykokenyes.hu\/?page_id=1077\"]}]},{\"@type\":\"BreadcrumbList\",\"@id\":\"https:\/\/nagykokenyes.hu\/?page_id=1077#breadcrumb\",\"itemListElement\":[{\"@type\":\"ListItem\",\"position\":1,\"name\":\"Kezd\u0151lap\",\"item\":\"https:\/\/nagykokenyes.hu\/\"},{\"@type\":\"ListItem\",\"position\":2,\"name\":\"Normat\u00edv hat\u00e1rozatok\"}]},{\"@type\":\"WebSite\",\"@id\":\"https:\/\/nagykokenyes.hu\/#website\",\"url\":\"https:\/\/nagykokenyes.hu\/\",\"name\":\"Nagyk\u00f6k\u00e9nyes K\u00f6zs\u00e9g \u00d6nkorm\u00e1nyzata\",\"description\":\"\",\"potentialAction\":[{\"@type\":\"SearchAction\",\"target\":{\"@type\":\"EntryPoint\",\"urlTemplate\":\"https:\/\/nagykokenyes.hu\/?s={search_term_string}\"},\"query-input\":{\"@type\":\"PropertyValueSpecification\",\"valueRequired\":true,\"valueName\":\"search_term_string\"}}],\"inLanguage\":\"hu\"}]}<\/script>\n<!-- \/ Yoast SEO plugin. -->","yoast_head_json":{"title":"Normat\u00edv hat\u00e1rozatok - Nagyk\u00f6k\u00e9nyes K\u00f6zs\u00e9g \u00d6nkorm\u00e1nyzata","robots":{"index":"index","follow":"follow","max-snippet":"max-snippet:-1","max-image-preview":"max-image-preview:large","max-video-preview":"max-video-preview:-1"},"canonical":"https:\/\/nagykokenyes.hu\/?page_id=1077","og_locale":"hu_HU","og_type":"article","og_title":"Normat\u00edv hat\u00e1rozatok - Nagyk\u00f6k\u00e9nyes K\u00f6zs\u00e9g \u00d6nkorm\u00e1nyzata","og_description":"2025 89-2025.(IX.24.) kt.hat. 2025. \u00e9vi k\u00f6zbeszerz\u00e9si terv elfogad\u00e1s\u00e1r\u00f3l Nagykokenyes_eselyegyenl\u0151segi_program-v11 125-2025.(XII.10.) kt. hat.a K\u00e9pvisel\u0151-test\u00fclet 2026. \u00e9vi munkaterv\u00e9nek elfogad\u00e1s\u00e1r\u00f3l 2024 6-2024.(I.29.) kt. hat. a Her\u00e9di K\u00f6z\u00f6s \u00d6nkorm\u00e1nyzati Hviatal 2024. \u00e9vi ktgv-e elfogad\u00e1s\u00e1r\u00f3l 11-2024.(II.14.) kt. hat. k\u00f6lts\u00e9gvet\u00e9si kitekint\u0151 hat\u00e1rozat elfogad\u00e1sa 12-2024.(II.14.) kt.hat.\u00d6nkorm\u00e1nyzat 2024. \u00e9vi k\u00f6zbeszerz\u00e9si terv elfogad\u00e1sa 13-2024.(II.14.) kt. hat. civil szervezetek t\u00e1mogat\u00e1s\u00e1s\u00e1ra p\u00e1ly\u00e1zat ki\u00edr\u00e1s 14-2024.(II.14.) kt. hat. [&hellip;]","og_url":"https:\/\/nagykokenyes.hu\/?page_id=1077","og_site_name":"Nagyk\u00f6k\u00e9nyes K\u00f6zs\u00e9g \u00d6nkorm\u00e1nyzata","article_modified_time":"2025-12-19T19:18:46+00:00","twitter_card":"summary_large_image","twitter_misc":{"Becs\u00fclt olvas\u00e1si id\u0151":"3 perc"},"schema":{"@context":"https:\/\/schema.org","@graph":[{"@type":"WebPage","@id":"https:\/\/nagykokenyes.hu\/?page_id=1077","url":"https:\/\/nagykokenyes.hu\/?page_id=1077","name":"Normat\u00edv hat\u00e1rozatok - Nagyk\u00f6k\u00e9nyes K\u00f6zs\u00e9g \u00d6nkorm\u00e1nyzata","isPartOf":{"@id":"https:\/\/nagykokenyes.hu\/#website"},"datePublished":"2019-01-23T13:17:50+00:00","dateModified":"2025-12-19T19:18:46+00:00","breadcrumb":{"@id":"https:\/\/nagykokenyes.hu\/?page_id=1077#breadcrumb"},"inLanguage":"hu","potentialAction":[{"@type":"ReadAction","target":["https:\/\/nagykokenyes.hu\/?page_id=1077"]}]},{"@type":"BreadcrumbList","@id":"https:\/\/nagykokenyes.hu\/?page_id=1077#breadcrumb","itemListElement":[{"@type":"ListItem","position":1,"name":"Kezd\u0151lap","item":"https:\/\/nagykokenyes.hu\/"},{"@type":"ListItem","position":2,"name":"Normat\u00edv hat\u00e1rozatok"}]},{"@type":"WebSite","@id":"https:\/\/nagykokenyes.hu\/#website","url":"https:\/\/nagykokenyes.hu\/","name":"Nagyk\u00f6k\u00e9nyes K\u00f6zs\u00e9g \u00d6nkorm\u00e1nyzata","description":"","potentialAction":[{"@type":"SearchAction","target":{"@type":"EntryPoint","urlTemplate":"https:\/\/nagykokenyes.hu\/?s={search_term_string}"},"query-input":{"@type":"PropertyValueSpecification","valueRequired":true,"valueName":"search_term_string"}}],"inLanguage":"hu"}]}},"_links":{"self":[{"href":"https:\/\/nagykokenyes.hu\/index.php?rest_route=\/wp\/v2\/pages\/1077","targetHints":{"allow":["GET"]}}],"collection":[{"href":"https:\/\/nagykokenyes.hu\/index.php?rest_route=\/wp\/v2\/pages"}],"about":[{"href":"https:\/\/nagykokenyes.hu\/index.php?rest_route=\/wp\/v2\/types\/page"}],"author":[{"embeddable":true,"href":"https:\/\/nagykokenyes.hu\/index.php?rest_route=\/wp\/v2\/users\/1"}],"replies":[{"embeddable":true,"href":"https:\/\/nagykokenyes.hu\/index.php?rest_route=%2Fwp%2Fv2%2Fcomments&post=1077"}],"version-history":[{"count":43,"href":"https:\/\/nagykokenyes.hu\/index.php?rest_route=\/wp\/v2\/pages\/1077\/revisions"}],"predecessor-version":[{"id":10517,"href":"https:\/\/nagykokenyes.hu\/index.php?rest_route=\/wp\/v2\/pages\/1077\/revisions\/10517"}],"wp:attachment":[{"href":"https:\/\/nagykokenyes.hu\/index.php?rest_route=%2Fwp%2Fv2%2Fmedia&parent=1077"}],"curies":[{"name":"wp","href":"https:\/\/api.w.org\/{rel}","templated":true}]}}