{"id":113,"date":"2018-05-30T20:30:21","date_gmt":"2018-05-30T20:30:21","guid":{"rendered":"http:\/\/nagykokenyes.hu\/?page_id=113"},"modified":"2018-07-07T21:05:13","modified_gmt":"2018-07-07T21:05:13","slug":"tortenet","status":"publish","type":"page","link":"https:\/\/nagykokenyes.hu\/?page_id=113","title":{"rendered":"T\u00f6rt\u00e9net"},"content":{"rendered":"<p style=\"text-align: justify;\"><a href=\"http:\/\/nagykokenyes.hu\/wp-content\/uploads\/2018\/07\/IMG_1574.jpg\"><img loading=\"lazy\" decoding=\"async\" class=\"wp-image-387 alignright\" src=\"http:\/\/nagykokenyes.hu\/wp-content\/uploads\/2018\/07\/IMG_1574.jpg\" alt=\"\" width=\"662\" height=\"441\" srcset=\"https:\/\/nagykokenyes.hu\/wp-content\/uploads\/2018\/07\/IMG_1574.jpg 1920w, https:\/\/nagykokenyes.hu\/wp-content\/uploads\/2018\/07\/IMG_1574-768x512.jpg 768w\" sizes=\"auto, (max-width: 662px) 100vw, 662px\" \/><\/a>A XI. sz\u00e1zadban feltehet\u0151en a Szolnok nemzets\u00e9g birtoka volt. A nemzets\u00e9g ez \u00e1g\u00e1nak a XII. sz\u00e1zadban val\u00f3 elszeg\u00e9nyed\u00e9s\u00e9vel, gyeng\u00fcl\u00e9s\u00e9vel hozhat\u00f3 kapcsolatba, hogy a sz\u00e1zad k\u00f6zepe t\u00e1j\u00e1n e ter\u00fclet m\u00e1r a K\u00f6k\u00e9nyes-Radn\u00f3t nemzets\u00e9g birtok\u00e1ba ker\u00fclt. A falu neve \u00e9s a XII. sz\u00e1zad utols\u00f3 negyed\u00e9ben alap\u00edtott premontrei pr\u00e9posts\u00e1g arra enged k\u00f6vetkeztetni, hogy e helyen alakult ki a nemzets\u00e9g k\u00f6zpontja.<br \/>\nA tat\u00e1rj\u00e1r\u00e1s idej\u00e9n a falu \u00e9s a pr\u00e9posts\u00e1g is s\u00falyos k\u00e1rokat szenvedhetett, amelyre a templom k\u00f6z\u00e9pkori maradv\u00e1nyai alapj\u00e1n k\u00f6vetkeztethet\u00fcnk. A nemzets\u00e9gnek n\u00f3gr\u00e1di \u00e1ga a XIV. sz\u00e1zad elej\u00e9n kihalt, s K\u00f6k\u00e9nyes \u00e9s az ahhoz tartoz\u00f3 birtokok 1315-ben a Kacsics-nembeli Simonra sz\u00e1lltak. A birtokl\u00e1s ekkor n\u0151i \u00e1gon folytat\u00f3dott. (A birtokok egy r\u00e9sze m\u00e1r kor\u00e1bban &#8211; Erd\u00e9lyben is &#8211; Aba-nembeliek kez\u00e9re ker\u00fclt.) A pr\u00e9posts\u00e1g kegyurai ett\u0151l kezd\u0151d\u0151en a Kacsics-nembeli birtokosok. 1332-ben Briccius a k\u00f6k\u00e9nyesi pr\u00e9post.<\/p>\n<p style=\"text-align: justify;\">A K\u00f6k\u00e9nyes nemzets\u00e9g kihalt\u00e1val az \u00fatvonalak keresztez\u0151d\u00e9s\u00e9ben telep\u00fclt falu s az itt alap\u00edtott pr\u00e9posts\u00e1g is hanyatl\u00e1snak indult. Megkezd\u0151d\u00f6tt az egykor jelent\u0151s birtok felboml\u00e1sa. A birtokhoz tartoz\u00f3 B\u00e9r, Palot\u00e1s s tal\u00e1n Erd\u0151tarcsa \u00e9s H\u00e9halom is m\u00e1r a XIV. sz\u00e1zad elej\u00e9n kir\u00e1lyi birtok.<br \/>\nK\u00f6k\u00e9nyes a Kacsicsok Salgai \u00e1g\u00e1nak kez\u00e9r\u0151l 1413-ban a G\u00f6m\u00f6r megyei Derencs\u00e9nyiek birtok\u00e1ba ker\u00fclt. 1428-ban Kwekenyesmonastora n\u00e9ven eml\u00edtik.<br \/>\n1493-ban a Szobi csal\u00e1d is birtokos itt. A XVI. sz\u00e1zad elej\u00e9n a Derencs\u00e9nyiek m\u00e1r csak r\u00e9szbirtokosok K\u00f6k\u00e9nyesen, kisbirtokos nemesek mellett. Az 1542. \u00e9vi N\u00f3gr\u00e1d megyei ad\u00f3\u00f6ssze\u00edr\u00e1sban is el\u0151fordul a falu neve, \u00e9s megtudjuk abb\u00f3l, hogy akkor pl\u00e9b\u00e1ni\u00e1ja volt: \u201eKewkenyes, plebanus loci ejusdem, fl. I.&#8221;<br \/>\nA t\u00f6r\u00f6k h\u00f3dolts\u00e1g kezdete t\u00e1j\u00e1n a falu \u00e9s a pr\u00e9posts\u00e1gi \u00e9p\u00fcletek jelent\u0151s k\u00e1rokat szenvedhettek. A szerzetesek m\u00e1r kor\u00e1bban elhagyt\u00e1k a pr\u00e9posts\u00e1got. Hatvannal egy\u00fctt K\u00f6k\u00e9nyes is hamar h\u00f3dolts\u00e1gi ter\u00fclet ter\u00fclet lett (1544). 1559-ben 24 ad\u00f3k\u00f6teles h\u00e1zat \u00edrtak \u00f6ssze K\u00f6k\u00e9nyesen. 1562-63-ban 2820 akcset fizetett a falu Aspalik Hassz\u00e1n ag\u00e1nak. A pr\u00e9posts\u00e1g k\u00f6veinek nagy r\u00e9sz\u00e9t a t\u00f6r\u00f6k\u00f6k a hatvani v\u00e1r jav\u00edt\u00e1s\u00e1hoz, er\u0151s\u00edt\u00e9s\u00e9hez haszn\u00e1lt\u00e1k fel.<br \/>\nA h\u00f3dolts\u00e1g megsz\u0171nte ut\u00e1n a Podmaniczky \u00e9s az Orczy csal\u00e1dok birtok\u00e1ba ker\u00fclt K\u00f6k\u00e9nyes. Az 1697-ben k\u00e9sz\u00fclt canonica visitatio szerint kor\u00e1bban a falu a v\u00e9rs\u00e9gi pl\u00e9b\u00e1ni\u00e1hoz tartozott. \u201eVersegh erat antea cum K\u00f6k\u00e9nyes distincta parochia.&#8221; 1714-ben \u00fajj\u00e1szervezt\u00e9k a v\u00e9rs\u00e9gi pl\u00e9b\u00e1ni\u00e1t, s K\u00f6k\u00e9nyes f\u00edli\u00e1ja lett. Ez a kapcsolat 1854-ig tartott. \u00d6n\u00e1ll\u00f3 pl\u00e9b\u00e1ni\u00e1v\u00e1 val\u00f3 alakul\u00e1sa \u00f3ta vezetik az anyak\u00f6nyvet.<\/p>\n<p style=\"text-align: justify;\">A XI. sz\u00e1zadban feltehet\u0151en a Szolnok nemzets\u00e9g birtoka volt. A nemzets\u00e9g ez \u00e1g\u00e1nak a XII. sz\u00e1zadban val\u00f3 elszeg\u00e9nyed\u00e9s\u00e9vel, gyeng\u00fcl\u00e9s\u00e9vel hozhat\u00f3 kapcsolatba, hogy a sz\u00e1zad k\u00f6zepe t\u00e1j\u00e1n e ter\u00fclet m\u00e1r a K\u00f6k\u00e9nyes-Radn\u00f3t nemzets\u00e9g birtok\u00e1ba ker\u00fclt. A falu neve \u00e9s a XII. sz\u00e1zad utols\u00f3 negyed\u00e9ben alap\u00edtott premontrei pr\u00e9posts\u00e1g arra enged k\u00f6vetkeztetni, hogy e helyen alakult ki a nemzets\u00e9g k\u00f6zpontja.<br \/>\nA tat\u00e1rj\u00e1r\u00e1s idej\u00e9n a falu \u00e9s a pr\u00e9posts\u00e1g is s\u00falyos k\u00e1rokat szenvedhetett, amelyre a templom k\u00f6z\u00e9pkori maradv\u00e1nyai alapj\u00e1n k\u00f6vetkeztethet\u00fcnk. A nemzets\u00e9gnek n\u00f3gr\u00e1di \u00e1ga a XIV. sz\u00e1zad elej\u00e9n kihalt, s K\u00f6k\u00e9nyes \u00e9s az ahhoz tartoz\u00f3 birtokok 1315-ben a Kacsics-nembeli Simonra sz\u00e1lltak. A birtokl\u00e1s ekkor n\u0151i \u00e1gon folytat\u00f3dott. (A birtokok egy r\u00e9sze m\u00e1r kor\u00e1bban &#8211; Erd\u00e9lyben is &#8211; Aba-nembeliek kez\u00e9re ker\u00fclt.) A pr\u00e9posts\u00e1g kegyurai ett\u0151l kezd\u0151d\u0151en a Kacsics-nembeli birtokosok. 1332-ben Briccius a k\u00f6k\u00e9nyesi pr\u00e9post.<br \/>\nA K\u00f6k<img loading=\"lazy\" decoding=\"async\" class=\"size-full wp-image-134 alignleft\" src=\"http:\/\/nagykokenyes.hu\/wp-content\/uploads\/2018\/05\/tortenet.3.jpg\" alt=\"\" width=\"250\" height=\"188\" \/>\u00e9nyes nemzets\u00e9g kihalt\u00e1val az \u00fatvonalak keresztez\u0151d\u00e9s\u00e9ben telep\u00fclt falu s az itt alap\u00edtott pr\u00e9posts\u00e1g is hanyatl\u00e1snak indult. Megkezd\u0151d\u00f6tt az egykor jelent\u0151s birtok felboml\u00e1sa. A birtokhoz tartoz\u00f3 B\u00e9r, Palot\u00e1s s tal\u00e1n Erd\u0151tarcsa \u00e9s H\u00e9halom is m\u00e1r a XIV. sz\u00e1zad elej\u00e9n kir\u00e1lyi birtok.<\/p>\n<p style=\"text-align: justify;\">K\u00f6k\u00e9nyes a Kacsicsok Salgai \u00e1g\u00e1nak kez\u00e9r\u0151l 1413-ban a G\u00f6m\u00f6r megyei Derencs\u00e9nyiek birtok\u00e1ba ker\u00fclt. 1428-ban Kwekenyesmonastora n\u00e9ven eml\u00edtik.<br \/>\n1493-ban a Szobi csal\u00e1d is birtokos itt. A XVI. sz\u00e1zad elej\u00e9n a Derencs\u00e9nyiek m\u00e1r csak r\u00e9szbirtokosok K\u00f6k\u00e9nyesen, kisbirtokos nemesek mellett. Az 1542. \u00e9vi N\u00f3gr\u00e1d megyei ad\u00f3\u00f6ssze\u00edr\u00e1sban is el\u0151fordul a falu neve, \u00e9s megtudjuk abb\u00f3l, hogy akkor pl\u00e9b\u00e1ni\u00e1ja volt: \u201eKewkenyes, plebanus loci ejusdem, fl. I.&#8221;<br \/>\nA t\u00f6r\u00f6k h\u00f3dolts\u00e1g kezdete t\u00e1j\u00e1n a falu \u00e9s a pr\u00e9posts\u00e1gi \u00e9p\u00fcletek jelent\u0151s k\u00e1rokat szenvedhettek. A szerzetesek m\u00e1r kor\u00e1bban elhagyt\u00e1k a pr\u00e9posts\u00e1got. Hatvannal egy\u00fctt K\u00f6k\u00e9nyes is hamar h\u00f3dolts\u00e1gi ter\u00fclet ter\u00fclet lett (1544). 1559-ben 24 ad\u00f3k\u00f6teles h\u00e1zat \u00edrtak \u00f6ssze K\u00f6k\u00e9nyesen. 1562-63-ban 2820 akcset fizetett a falu Aspalik Hassz\u00e1n ag\u00e1nak. A pr\u00e9posts\u00e1g k\u00f6veinek nagy r\u00e9sz\u00e9t a t\u00f6r\u00f6k\u00f6k a hatvani v\u00e1r jav\u00edt\u00e1s\u00e1hoz, er\u0151s\u00edt\u00e9s\u00e9hez haszn\u00e1lt\u00e1k fel.<br \/>\nA h\u00f3dolts\u00e1g megsz\u0171nte ut\u00e1n a Podmaniczky \u00e9s az Orczy csal\u00e1dok birtok\u00e1ba ker\u00fclt K\u00f6k\u00e9nyes. Az 1697-ben k\u00e9sz\u00fclt canonica visitatio szerint kor\u00e1bban a falu a v\u00e9rs\u00e9gi pl\u00e9b\u00e1ni\u00e1hoz tartozott. \u201eVersegh erat antea cum K\u00f6k\u00e9nyes distincta parochia.&#8221; 1714-ben \u00fajj\u00e1szervezt\u00e9k a v\u00e9rs\u00e9gi pl\u00e9b\u00e1ni\u00e1t, s K\u00f6k\u00e9nyes f\u00edli\u00e1ja lett. Ez a kapcsolat 1854-ig tartott. \u00d6n\u00e1ll\u00f3 pl\u00e9b\u00e1ni\u00e1v\u00e1 val\u00f3 alakul\u00e1sa \u00f3ta vezetik az anyak\u00f6nyvet.<br \/>\n1713. febr. 18-\u00e1n a Kende nemzets\u00e9g tagjai meg\u00e1llapodtak abban a fi\u00fa- \u00e9s le\u00e1ny\u00e1gat illet\u0151 javak eloszt\u00e1sa sor\u00e1n, hogy \u201eAz K\u00f6k\u00e9nyesi R\u00e9gi Udvarh\u00e1z mind a hat r\u00e9szre osztodgy\u00e9k, vagy pedig k\u00f6z\u00f6ns\u00e9gesen curaltass\u00e9k s epetess\u00e9k, szabados jussa leven mindenik Atyafinak le meneteliben az h\u00e1zhoz sz\u00e1llani&#8221;.<br \/>\nA k\u00f6zs\u00e9ghez tartozott Als\u00f3- \u00e9s Fels\u0151patk\u00e1nyos, Kis- \u00e9s Nagytamota, \u00dcrg\u00e9spuszta, Tetszlak \u00e9s Albertmajor. L\u00e9leksz\u00e1ma: 1912-ben 797 f\u0151 \u00e9s 1970-ben 830 f\u0151.<br \/>\n1.2.1. A telep\u00fcl\u00e9s jellege<br \/>\nA B\u00e9r-patak nyugati partj\u00e1n h\u00faz\u00f3d\u00f3 dombvonulat l\u00e1b\u00e1n\u00e1l vezet\u0151 \u00fat k\u00e9t oldal\u00e1n telep\u00fclt a falu. Az \u00fatkanyar feletti dombon \u00e1ll a R\u00f3mai katolikus pl\u00e9b\u00e1niatemplom, s k\u00f6zel\u00e9ben, az oda felvezet\u0151 \u00fat \u00e9szaki oldal\u00e1n a pl\u00e9b\u00e1nia \u00e9p\u00fclete. A falu az Asz\u00f3d-Verseg-Zagyvasz\u00e1nt\u00f3-P\u00e1szt\u00f3 (vagy Gy\u00f6ngy\u00f6spata) \u00e9s a Hatvan-Her\u00e9d-Erd\u0151tarcsa-Acsa (vagy Buj\u00e1k) fel\u00e9 vezet\u0151 utak keresztez\u00e9si pontj\u00e1ban telep\u00fclt. Ezek az utak a Zagyva \u00e9s a Galga v\u00f6lgy\u00e9t k\u00f6t\u00f6tt\u00e9k \u00f6ssze, s \u00edgy K\u00f6k\u00e9nyes a k\u00f6z\u00e9pkorban jelent\u0151s csom\u00f3pont, v\u00e1mhely lehetett.<\/p>\n<p style=\"text-align: justify;\"><img loading=\"lazy\" decoding=\"async\" class=\" wp-image-133 alignright\" src=\"http:\/\/nagykokenyes.hu\/wp-content\/uploads\/2018\/05\/tortenet.2-150x150.jpg\" alt=\"\" width=\"265\" height=\"265\" \/>Nagyk\u00f6k\u00e9nyes \u00e9s k\u00f6rny\u00e9ke hatezer \u00e9v \u00f3ta folyamatosan lakott ter\u00fclet. Az egym\u00e1sra \u00e9p\u00fcl\u0151 Kult\u00far\u00e1kat az \u00e1ltal\u00e1nos iskola r\u00e9g\u00e9szeti ki\u00e1ll\u00edt\u00e1sa mutatja be. Az els\u0151 \u00edr\u00e1sos eml\u00e9k 1235-a\u00f3l sz\u00e1rmazik, mely Kokins nev\u00e9n eml\u00edtette a telep\u00fcl\u00e9st.<br \/>\nA XI. sz\u00e1zadban feltehet\u0151en a Szolnok nemzets\u00e9g birtoka volt. A nemzets\u00e9g ezen \u00e1g\u00e1nak a XII. sz\u00e1zadban val\u00f3 elszeg\u00e9nyed\u00e9se a nemzets\u00e9g gyeng\u00fcl\u00e9s\u00e9vel hozhat\u00f3 kapcsolatba. \u00edgy a sz\u00e1zad k\u00f6zepe t\u00e1j\u00e1n e ter\u00fclet m\u00e1r a K\u00f6k\u00e9nyes-Radn\u00f3t nemzets\u00e9g birtoka lett. A falu neve, \u00e9s a XII. sz\u00e1zad utols\u00f3 negyed\u00e9ben \u00e9p\u00fclt premontrei pr\u00e9posts\u00e1g t\u00e9nye arra enged K\u00f6vetkeztetni, hogy e helyen alakult ki a nemzets\u00e9g k\u00f6zpontja. A tat\u00e1rj\u00e1r\u00e1s idej\u00e9n, 1241-ben a falu \u00e9s a pr\u00e9posts\u00e1g is s\u00falyos K\u00e1rokat szenvedett, amelyre a templom K\u00f6z\u00e9pkori maradv\u00e1nyai alapj\u00e1n K\u00f6vetkeztethet\u00fcnk. A nemzets\u00e9g n\u00f3gr\u00e1di \u00e1ga a XIV. sz\u00e1zad elej\u00e9n kihalt, s K\u00f6k\u00e9nyes, illetve a hozz\u00e1 tartoz\u00f3 birtokok 1315-ben a Kacsics-nemb\u00e9li Simonra sz\u00e1llottak. A birtokl\u00e1s ekkor n\u0151i \u00e1gon folytat\u00f3dott. A pr\u00e9posts\u00e1g Kegyurai ett\u0151l kezdve a Kacsics-nemzets\u00e9gbeli rjirtokosok voltak. 1332-ben Briccius a K\u00f6k\u00e9nyesi pr\u00e9post.<br \/>\nA K\u00f6k\u00e9nyes nemzets\u00e9g kihalt\u00e1val az \u00fatvonalak Keresztez\u0151d\u00e9s\u00e9ben \u00e9p\u00fclt falu, s az itt alakult pr\u00e9posts\u00e1g is Hanyatl\u00e1snak indult. Megkezd\u0151d\u00f6tt az egykor jelent\u0151s birtok felboml\u00e1sa. A hozz\u00e1 tartoz\u00f3 B\u00e9r, Palot\u00e1s \u00e9s tal\u00e1n Erd\u0151tarcsa is m\u00e1r a XIV. sz\u00e1zad elej\u00e9n kir\u00e1lyi birtok volt. K\u00f6k\u00e9nyes a Kacsicsok salgai \u00e1g\u00e1nak kez\u00e9b\u0151l 1413-ban a G\u00f6m\u00f6r megyei Derencs\u00e9nyiek birtok\u00e1ba ker\u00fclt. 1428-ban Kwekenyes monostora n\u00e9ven eml\u00edtett\u00e9k. 1493-ban a Szobi csal\u00e1d is birokosa volt. A XVI. sz\u00e1zad elej\u00e9n a Derencs\u00e9nyiek m\u00e1r csak r\u00e9szbirtokosok voltak K\u00f6k\u00e9nyesen, a kisbirtokos nemesek mellett. Az 1542. \u00e9vi N\u00f3gr\u00e1d megyei \u00f6ssze\u00edr\u00e1sban is el\u0151fordult a falu neve, s ebb\u0151l megtudjuk, hogy ekkor pl\u00e9b\u00e1ni\u00e1ja volt.<br \/>\nA t\u00f6r\u00f6k h\u00f3dolts\u00e1g kezdete t\u00e1j\u00e1n a falu \u00e9s a pr\u00e9posts\u00e1gi \u00e9p\u00fcletek jelent\u00f3s k\u00e1rokat szenvedtek. A szerzetesek m\u00e1r kor\u00e1bban elhagyt\u00e1k a pr\u00e9posts\u00e1got, Hatvannal egy\u00fctt Nagy- \u00e9s Kisk\u00f6k\u00e9nyes is H\u00f3dolts\u00e1ga ter\u00fclet lett. 1559-ben 24 ad\u00f3k\u00f6teles h\u00e1zat \u00edrtak \u00f6ssze a faluban. 1562-63-ban 2820 akcse ad\u00f3t fizetett a falu Aspalik Hassz\u00e1n t\u00f6r\u00f6k ag\u00e1nak.<br \/>\nA h\u00f3dolts\u00e1g megsz\u0171n\u00e9se ut\u00e1n a Podmaniczky \u00e9s az Orczy csal\u00e1dok birtok\u00e1ba ker\u00fclt a k\u00f6zs\u00e9g. 1714-t\u0151l 1854-ig Vers\u00e9g ieanyegyn\u00e1za voit. A k\u00f6zs\u00e9ghez tartozott Also- \u00e9s Fels\u00f3patk\u00e1nyos, Kis- \u00e9s Nagytamota. \u00dcrg\u00e9spuszta, Tetsziak \u00e9s Albertmaior. Lak\u00f3inak sz\u00e1ma 1912-ben 797, 1970-ben 830 volt.<\/p>\n<p style=\"text-align: justify;\"><img loading=\"lazy\" decoding=\"async\" class=\"size-full wp-image-129 alignleft\" src=\"http:\/\/nagykokenyes.hu\/wp-content\/uploads\/2018\/05\/pecset.jpg\" alt=\"\" width=\"138\" height=\"130\" \/><\/p>\n<p style=\"text-align: justify;\">A k\u00f6zs\u00e9g\u00a0 pecs\u00e9tje 1691-b\u0151l<\/p>\n<p style=\"text-align: justify;\">A n\u00e9pess\u00e9g sz\u00e1ma 1949. janu\u00e1r 1 &#8211; \u00e9n 896 f\u0151. melyb\u0151l 91 % f\u00f6ldm\u0171vel\u00e9ssel foglalkozott, ugyanekkor 185 lak\u00f3h\u00e1z \u00e1llt, melyb\u0151l egylak\u00e1sos 175; a lak\u00e1sok sz\u00e1ma 214, k\u00f6z\u00fcl\u00fck 126 egyszob\u00e1s. A 100 lak\u00e1sra jut\u00f3 lakosok sz\u00e1ma 419. 1955-ben h\u00e1rom kisiparos \u00e9lt a k\u00f6zs\u00e9gben.<br \/>\nA falu ter\u00fclete 1956. febru\u00e1r 1-j\u00e9n 3004 kat. Holdat tett ki. A mez\u0151gazdas\u00e1gi ter\u00fclet 2897 kat. hold volt, melyb\u0151l 990 hold szocialista szektorban, 1899 hold egy\u00e9ni tulajdonban volt. A faluban a villanyt 1954-ben vezett\u00e9k be. 1956. janu\u00e1r 1 -|\u00e9n k\u00e9t \u00e1sott k\u00f6zk\u00fat volt a k\u00f6zs\u00e9gben. 1955. december 31-\u00e9n egy sz\u00fcl\u00e9szn\u0151 l\u00e1tta el feladat\u00e1t. 1955. szeptember 15-\u00e9n a k\u00f6zs\u00e9g egy iskol\u00e1j\u00e1nak 2 tanterm\u00e9ben 4 nevel\u0151 98 gyermeket tan\u00edtott. 1955. december 31-\u00e9n a faluban egy Kult\u00farotthon, egy k\u00f6nyvt\u00e1r \u00e9s agy keskenyfilmes mozi m\u0171k\u00f6d\u00f6tt.<br \/>\nA k\u00f6zs\u00e9g t\u00edz \u00e9ven \u00e1t Her\u00e9d k\u00f6zs\u00e9ghez tartozott K\u00f6zigazgat\u00e1silag, a rendszerv\u00e1lt\u00e1s \u00f3ta \u00f3n\u00e1ll\u00f3. A Ter\u00fcleti adotts\u00e1gok a Her\u00e9d k\u00f6zs\u00e9ggel val\u00f3 egy\u00fcttm\u0171k\u00f6d\u00e9st az\u00f3ta s sz\u00fcks\u00e9gess\u00e9 teszik. A legut\u00f3bbi v\u00e1laszt\u00e1son a polg\u00e1rmester \u00e9s a test\u00fcleti tagok a f\u00fcggetlen jel\u00f6ltek k\u00f6z\u00fcl ker\u00fcltek ki.<\/p>\n<p style=\"text-align: justify;\">\n","protected":false},"excerpt":{"rendered":"<p>A XI. sz\u00e1zadban feltehet\u0151en a Szolnok nemzets\u00e9g birtoka volt. A nemzets\u00e9g ez \u00e1g\u00e1nak a XII. sz\u00e1zadban val\u00f3 elszeg\u00e9nyed\u00e9s\u00e9vel, gyeng\u00fcl\u00e9s\u00e9vel hozhat\u00f3 kapcsolatba, hogy a sz\u00e1zad k\u00f6zepe t\u00e1j\u00e1n e ter\u00fclet m\u00e1r a K\u00f6k\u00e9nyes-Radn\u00f3t nemzets\u00e9g birtok\u00e1ba ker\u00fclt. A falu neve \u00e9s a XII. sz\u00e1zad utols\u00f3 negyed\u00e9ben alap\u00edtott premontrei pr\u00e9posts\u00e1g arra enged k\u00f6vetkeztetni, hogy e helyen alakult ki a [&hellip;]<\/p>\n","protected":false},"author":1,"featured_media":0,"parent":58,"menu_order":0,"comment_status":"closed","ping_status":"closed","template":"","meta":{"footnotes":""},"class_list":["post-113","page","type-page","status-publish","hentry"],"yoast_head":"<!-- This site is optimized with the Yoast SEO plugin v26.5 - https:\/\/yoast.com\/wordpress\/plugins\/seo\/ -->\n<title>T\u00f6rt\u00e9net - Nagyk\u00f6k\u00e9nyes K\u00f6zs\u00e9g \u00d6nkorm\u00e1nyzata<\/title>\n<meta name=\"robots\" content=\"index, follow, max-snippet:-1, max-image-preview:large, max-video-preview:-1\" \/>\n<link rel=\"canonical\" href=\"https:\/\/nagykokenyes.hu\/?page_id=113\" \/>\n<meta property=\"og:locale\" content=\"hu_HU\" \/>\n<meta property=\"og:type\" content=\"article\" \/>\n<meta property=\"og:title\" content=\"T\u00f6rt\u00e9net - Nagyk\u00f6k\u00e9nyes K\u00f6zs\u00e9g \u00d6nkorm\u00e1nyzata\" \/>\n<meta property=\"og:description\" content=\"A XI. sz\u00e1zadban feltehet\u0151en a Szolnok nemzets\u00e9g birtoka volt. A nemzets\u00e9g ez \u00e1g\u00e1nak a XII. sz\u00e1zadban val\u00f3 elszeg\u00e9nyed\u00e9s\u00e9vel, gyeng\u00fcl\u00e9s\u00e9vel hozhat\u00f3 kapcsolatba, hogy a sz\u00e1zad k\u00f6zepe t\u00e1j\u00e1n e ter\u00fclet m\u00e1r a K\u00f6k\u00e9nyes-Radn\u00f3t nemzets\u00e9g birtok\u00e1ba ker\u00fclt. A falu neve \u00e9s a XII. sz\u00e1zad utols\u00f3 negyed\u00e9ben alap\u00edtott premontrei pr\u00e9posts\u00e1g arra enged k\u00f6vetkeztetni, hogy e helyen alakult ki a [&hellip;]\" \/>\n<meta property=\"og:url\" content=\"https:\/\/nagykokenyes.hu\/?page_id=113\" \/>\n<meta property=\"og:site_name\" content=\"Nagyk\u00f6k\u00e9nyes K\u00f6zs\u00e9g \u00d6nkorm\u00e1nyzata\" \/>\n<meta property=\"article:modified_time\" content=\"2018-07-07T21:05:13+00:00\" \/>\n<meta property=\"og:image\" content=\"http:\/\/nagykokenyes.hu\/wp-content\/uploads\/2018\/07\/IMG_1574.jpg\" \/>\n<meta name=\"twitter:card\" content=\"summary_large_image\" \/>\n<meta name=\"twitter:label1\" content=\"Becs\u00fclt olvas\u00e1si id\u0151\" \/>\n\t<meta name=\"twitter:data1\" content=\"10 perc\" \/>\n<script type=\"application\/ld+json\" class=\"yoast-schema-graph\">{\"@context\":\"https:\/\/schema.org\",\"@graph\":[{\"@type\":\"WebPage\",\"@id\":\"https:\/\/nagykokenyes.hu\/?page_id=113\",\"url\":\"https:\/\/nagykokenyes.hu\/?page_id=113\",\"name\":\"T\u00f6rt\u00e9net - Nagyk\u00f6k\u00e9nyes K\u00f6zs\u00e9g \u00d6nkorm\u00e1nyzata\",\"isPartOf\":{\"@id\":\"https:\/\/nagykokenyes.hu\/#website\"},\"primaryImageOfPage\":{\"@id\":\"https:\/\/nagykokenyes.hu\/?page_id=113#primaryimage\"},\"image\":{\"@id\":\"https:\/\/nagykokenyes.hu\/?page_id=113#primaryimage\"},\"thumbnailUrl\":\"http:\/\/nagykokenyes.hu\/wp-content\/uploads\/2018\/07\/IMG_1574.jpg\",\"datePublished\":\"2018-05-30T20:30:21+00:00\",\"dateModified\":\"2018-07-07T21:05:13+00:00\",\"breadcrumb\":{\"@id\":\"https:\/\/nagykokenyes.hu\/?page_id=113#breadcrumb\"},\"inLanguage\":\"hu\",\"potentialAction\":[{\"@type\":\"ReadAction\",\"target\":[\"https:\/\/nagykokenyes.hu\/?page_id=113\"]}]},{\"@type\":\"ImageObject\",\"inLanguage\":\"hu\",\"@id\":\"https:\/\/nagykokenyes.hu\/?page_id=113#primaryimage\",\"url\":\"http:\/\/nagykokenyes.hu\/wp-content\/uploads\/2018\/07\/IMG_1574.jpg\",\"contentUrl\":\"http:\/\/nagykokenyes.hu\/wp-content\/uploads\/2018\/07\/IMG_1574.jpg\"},{\"@type\":\"BreadcrumbList\",\"@id\":\"https:\/\/nagykokenyes.hu\/?page_id=113#breadcrumb\",\"itemListElement\":[{\"@type\":\"ListItem\",\"position\":1,\"name\":\"Kezd\u0151lap\",\"item\":\"https:\/\/nagykokenyes.hu\/\"},{\"@type\":\"ListItem\",\"position\":2,\"name\":\"Telep\u00fcl\u00e9s\u00fcnkr\u0151l\",\"item\":\"https:\/\/nagykokenyes.hu\/?page_id=58\"},{\"@type\":\"ListItem\",\"position\":3,\"name\":\"T\u00f6rt\u00e9net\"}]},{\"@type\":\"WebSite\",\"@id\":\"https:\/\/nagykokenyes.hu\/#website\",\"url\":\"https:\/\/nagykokenyes.hu\/\",\"name\":\"Nagyk\u00f6k\u00e9nyes K\u00f6zs\u00e9g \u00d6nkorm\u00e1nyzata\",\"description\":\"\",\"potentialAction\":[{\"@type\":\"SearchAction\",\"target\":{\"@type\":\"EntryPoint\",\"urlTemplate\":\"https:\/\/nagykokenyes.hu\/?s={search_term_string}\"},\"query-input\":{\"@type\":\"PropertyValueSpecification\",\"valueRequired\":true,\"valueName\":\"search_term_string\"}}],\"inLanguage\":\"hu\"}]}<\/script>\n<!-- \/ Yoast SEO plugin. -->","yoast_head_json":{"title":"T\u00f6rt\u00e9net - Nagyk\u00f6k\u00e9nyes K\u00f6zs\u00e9g \u00d6nkorm\u00e1nyzata","robots":{"index":"index","follow":"follow","max-snippet":"max-snippet:-1","max-image-preview":"max-image-preview:large","max-video-preview":"max-video-preview:-1"},"canonical":"https:\/\/nagykokenyes.hu\/?page_id=113","og_locale":"hu_HU","og_type":"article","og_title":"T\u00f6rt\u00e9net - Nagyk\u00f6k\u00e9nyes K\u00f6zs\u00e9g \u00d6nkorm\u00e1nyzata","og_description":"A XI. sz\u00e1zadban feltehet\u0151en a Szolnok nemzets\u00e9g birtoka volt. A nemzets\u00e9g ez \u00e1g\u00e1nak a XII. sz\u00e1zadban val\u00f3 elszeg\u00e9nyed\u00e9s\u00e9vel, gyeng\u00fcl\u00e9s\u00e9vel hozhat\u00f3 kapcsolatba, hogy a sz\u00e1zad k\u00f6zepe t\u00e1j\u00e1n e ter\u00fclet m\u00e1r a K\u00f6k\u00e9nyes-Radn\u00f3t nemzets\u00e9g birtok\u00e1ba ker\u00fclt. A falu neve \u00e9s a XII. sz\u00e1zad utols\u00f3 negyed\u00e9ben alap\u00edtott premontrei pr\u00e9posts\u00e1g arra enged k\u00f6vetkeztetni, hogy e helyen alakult ki a [&hellip;]","og_url":"https:\/\/nagykokenyes.hu\/?page_id=113","og_site_name":"Nagyk\u00f6k\u00e9nyes K\u00f6zs\u00e9g \u00d6nkorm\u00e1nyzata","article_modified_time":"2018-07-07T21:05:13+00:00","og_image":[{"url":"http:\/\/nagykokenyes.hu\/wp-content\/uploads\/2018\/07\/IMG_1574.jpg","type":"","width":"","height":""}],"twitter_card":"summary_large_image","twitter_misc":{"Becs\u00fclt olvas\u00e1si id\u0151":"10 perc"},"schema":{"@context":"https:\/\/schema.org","@graph":[{"@type":"WebPage","@id":"https:\/\/nagykokenyes.hu\/?page_id=113","url":"https:\/\/nagykokenyes.hu\/?page_id=113","name":"T\u00f6rt\u00e9net - Nagyk\u00f6k\u00e9nyes K\u00f6zs\u00e9g \u00d6nkorm\u00e1nyzata","isPartOf":{"@id":"https:\/\/nagykokenyes.hu\/#website"},"primaryImageOfPage":{"@id":"https:\/\/nagykokenyes.hu\/?page_id=113#primaryimage"},"image":{"@id":"https:\/\/nagykokenyes.hu\/?page_id=113#primaryimage"},"thumbnailUrl":"http:\/\/nagykokenyes.hu\/wp-content\/uploads\/2018\/07\/IMG_1574.jpg","datePublished":"2018-05-30T20:30:21+00:00","dateModified":"2018-07-07T21:05:13+00:00","breadcrumb":{"@id":"https:\/\/nagykokenyes.hu\/?page_id=113#breadcrumb"},"inLanguage":"hu","potentialAction":[{"@type":"ReadAction","target":["https:\/\/nagykokenyes.hu\/?page_id=113"]}]},{"@type":"ImageObject","inLanguage":"hu","@id":"https:\/\/nagykokenyes.hu\/?page_id=113#primaryimage","url":"http:\/\/nagykokenyes.hu\/wp-content\/uploads\/2018\/07\/IMG_1574.jpg","contentUrl":"http:\/\/nagykokenyes.hu\/wp-content\/uploads\/2018\/07\/IMG_1574.jpg"},{"@type":"BreadcrumbList","@id":"https:\/\/nagykokenyes.hu\/?page_id=113#breadcrumb","itemListElement":[{"@type":"ListItem","position":1,"name":"Kezd\u0151lap","item":"https:\/\/nagykokenyes.hu\/"},{"@type":"ListItem","position":2,"name":"Telep\u00fcl\u00e9s\u00fcnkr\u0151l","item":"https:\/\/nagykokenyes.hu\/?page_id=58"},{"@type":"ListItem","position":3,"name":"T\u00f6rt\u00e9net"}]},{"@type":"WebSite","@id":"https:\/\/nagykokenyes.hu\/#website","url":"https:\/\/nagykokenyes.hu\/","name":"Nagyk\u00f6k\u00e9nyes K\u00f6zs\u00e9g \u00d6nkorm\u00e1nyzata","description":"","potentialAction":[{"@type":"SearchAction","target":{"@type":"EntryPoint","urlTemplate":"https:\/\/nagykokenyes.hu\/?s={search_term_string}"},"query-input":{"@type":"PropertyValueSpecification","valueRequired":true,"valueName":"search_term_string"}}],"inLanguage":"hu"}]}},"_links":{"self":[{"href":"https:\/\/nagykokenyes.hu\/index.php?rest_route=\/wp\/v2\/pages\/113","targetHints":{"allow":["GET"]}}],"collection":[{"href":"https:\/\/nagykokenyes.hu\/index.php?rest_route=\/wp\/v2\/pages"}],"about":[{"href":"https:\/\/nagykokenyes.hu\/index.php?rest_route=\/wp\/v2\/types\/page"}],"author":[{"embeddable":true,"href":"https:\/\/nagykokenyes.hu\/index.php?rest_route=\/wp\/v2\/users\/1"}],"replies":[{"embeddable":true,"href":"https:\/\/nagykokenyes.hu\/index.php?rest_route=%2Fwp%2Fv2%2Fcomments&post=113"}],"version-history":[{"count":9,"href":"https:\/\/nagykokenyes.hu\/index.php?rest_route=\/wp\/v2\/pages\/113\/revisions"}],"predecessor-version":[{"id":417,"href":"https:\/\/nagykokenyes.hu\/index.php?rest_route=\/wp\/v2\/pages\/113\/revisions\/417"}],"up":[{"embeddable":true,"href":"https:\/\/nagykokenyes.hu\/index.php?rest_route=\/wp\/v2\/pages\/58"}],"wp:attachment":[{"href":"https:\/\/nagykokenyes.hu\/index.php?rest_route=%2Fwp%2Fv2%2Fmedia&parent=113"}],"curies":[{"name":"wp","href":"https:\/\/api.w.org\/{rel}","templated":true}]}}