{"id":190,"date":"2018-05-31T16:39:00","date_gmt":"2018-05-31T16:39:00","guid":{"rendered":"http:\/\/nagykokenyes.hu\/?page_id=190"},"modified":"2024-10-17T08:24:57","modified_gmt":"2024-10-17T06:24:57","slug":"kepviselo-testulet","status":"publish","type":"page","link":"https:\/\/nagykokenyes.hu\/?page_id=190","title":{"rendered":"K\u00e9pvisel\u0151 test\u00fclet"},"content":{"rendered":"<p style=\"text-align: justify;\"><strong>A k\u00e9pvisel\u0151-test\u00fclet \u00e9s a bizotts\u00e1ga \u00f6sszet\u00e9tele:<\/strong><\/p>\n<p style=\"text-align: justify;\"><strong>Nagyk\u00f6k\u00e9nyes k\u00f6zs\u00e9g 2024. J\u00fanius 9-\u00e9n megv\u00e1lasztott, 2024. <\/strong><strong>Okt\u00f3ber 1. napj\u00e1t\u00f3l megb\u00edzat\u00e1ssal rendelkez\u0151 k\u00e9pvisel\u0151-test\u00fclete:<\/strong><\/p>\n<ul style=\"text-align: justify;\">\n<li><strong>Besszer Andr\u00e1sn\u00e9<\/strong>\u00a0(polg\u00e1rmester)<\/li>\n<li><strong>Gy\u00f6rgy Bal\u00e1zs<\/strong>\u00a0(k\u00e9pvisel\u0151)<\/li>\n<li><strong>Nagy Zolt\u00e1n<\/strong>\u00a0(k\u00e9pvisel\u0151)<\/li>\n<li><strong>P\u00e1link\u00e1s Endre<\/strong>\u00a0(k\u00e9pvisel\u0151)<\/li>\n<li><strong>Peth\u0151 Linda<\/strong>\u00a0(k\u00e9pvisel\u0151, a 2024.10.14.-i alakul\u00f3 \u00fcl\u00e9sen megv\u00e1lasztott alpolg\u00e1rmester)<\/li>\n<\/ul>\n<p style=\"text-align: justify;\"><strong>Nagyk\u00f6k\u00e9nyes K\u00f6zs\u00e9g k\u00e9pvisel\u0151-test\u00fclete 2024. <\/strong><strong>Okt\u00f3ber 14-i alakul\u00f3 \u00fcl\u00e9s\u00e9n megv\u00e1lasztott \u00fc<\/strong><strong>gyrendi bizotts\u00e1ga:<\/strong><\/p>\n<ul style=\"text-align: justify;\">\n<li><strong>Nagy Zolt\u00e1n<\/strong>\u00a0\u2013 \u00dcB eln\u00f6k<\/li>\n<li><strong>Gy\u00f6rgy Bal\u00e1zs<\/strong>\u00a0\u2013\u00dcB tag<\/li>\n<li><strong>P\u00e1link\u00e1s Endre<\/strong>\u00a0\u2013 \u00dcB tag<\/li>\n<\/ul>\n<p style=\"text-align: justify;\">\n<p>&nbsp;<\/p>\n<p>&nbsp;<\/p>\n<p>&nbsp;<\/p>\n<p>&nbsp;<\/p>\n","protected":false},"excerpt":{"rendered":"<p>A k\u00e9pvisel\u0151-test\u00fclet \u00e9s a bizotts\u00e1ga \u00f6sszet\u00e9tele: Nagyk\u00f6k\u00e9nyes k\u00f6zs\u00e9g 2024. J\u00fanius 9-\u00e9n megv\u00e1lasztott, 2024. Okt\u00f3ber 1. napj\u00e1t\u00f3l megb\u00edzat\u00e1ssal rendelkez\u0151 k\u00e9pvisel\u0151-test\u00fclete: Besszer Andr\u00e1sn\u00e9\u00a0(polg\u00e1rmester) Gy\u00f6rgy Bal\u00e1zs\u00a0(k\u00e9pvisel\u0151) Nagy Zolt\u00e1n\u00a0(k\u00e9pvisel\u0151) P\u00e1link\u00e1s Endre\u00a0(k\u00e9pvisel\u0151) Peth\u0151 Linda\u00a0(k\u00e9pvisel\u0151, a 2024.10.14.-i alakul\u00f3 \u00fcl\u00e9sen megv\u00e1lasztott alpolg\u00e1rmester) Nagyk\u00f6k\u00e9nyes K\u00f6zs\u00e9g k\u00e9pvisel\u0151-test\u00fclete 2024. Okt\u00f3ber 14-i alakul\u00f3 \u00fcl\u00e9s\u00e9n megv\u00e1lasztott \u00fcgyrendi bizotts\u00e1ga: Nagy Zolt\u00e1n\u00a0\u2013 \u00dcB eln\u00f6k Gy\u00f6rgy Bal\u00e1zs\u00a0\u2013\u00dcB tag P\u00e1link\u00e1s Endre\u00a0\u2013 [&hellip;]<\/p>\n","protected":false},"author":1,"featured_media":0,"parent":185,"menu_order":2,"comment_status":"closed","ping_status":"closed","template":"","meta":{"footnotes":""},"class_list":["post-190","page","type-page","status-publish","hentry"],"yoast_head":"<!-- This site is optimized with the Yoast SEO plugin v26.5 - https:\/\/yoast.com\/wordpress\/plugins\/seo\/ -->\n<title>K\u00e9pvisel\u0151 test\u00fclet - Nagyk\u00f6k\u00e9nyes K\u00f6zs\u00e9g \u00d6nkorm\u00e1nyzata<\/title>\n<meta name=\"robots\" content=\"index, follow, max-snippet:-1, max-image-preview:large, max-video-preview:-1\" \/>\n<link rel=\"canonical\" href=\"https:\/\/nagykokenyes.hu\/?page_id=190\" \/>\n<meta property=\"og:locale\" content=\"hu_HU\" \/>\n<meta property=\"og:type\" content=\"article\" \/>\n<meta property=\"og:title\" content=\"K\u00e9pvisel\u0151 test\u00fclet - Nagyk\u00f6k\u00e9nyes K\u00f6zs\u00e9g \u00d6nkorm\u00e1nyzata\" \/>\n<meta property=\"og:description\" content=\"A k\u00e9pvisel\u0151-test\u00fclet \u00e9s a bizotts\u00e1ga \u00f6sszet\u00e9tele: Nagyk\u00f6k\u00e9nyes k\u00f6zs\u00e9g 2024. J\u00fanius 9-\u00e9n megv\u00e1lasztott, 2024. Okt\u00f3ber 1. napj\u00e1t\u00f3l megb\u00edzat\u00e1ssal rendelkez\u0151 k\u00e9pvisel\u0151-test\u00fclete: Besszer Andr\u00e1sn\u00e9\u00a0(polg\u00e1rmester) Gy\u00f6rgy Bal\u00e1zs\u00a0(k\u00e9pvisel\u0151) Nagy Zolt\u00e1n\u00a0(k\u00e9pvisel\u0151) P\u00e1link\u00e1s Endre\u00a0(k\u00e9pvisel\u0151) Peth\u0151 Linda\u00a0(k\u00e9pvisel\u0151, a 2024.10.14.-i alakul\u00f3 \u00fcl\u00e9sen megv\u00e1lasztott alpolg\u00e1rmester) Nagyk\u00f6k\u00e9nyes K\u00f6zs\u00e9g k\u00e9pvisel\u0151-test\u00fclete 2024. Okt\u00f3ber 14-i alakul\u00f3 \u00fcl\u00e9s\u00e9n megv\u00e1lasztott \u00fcgyrendi bizotts\u00e1ga: Nagy Zolt\u00e1n\u00a0\u2013 \u00dcB eln\u00f6k Gy\u00f6rgy Bal\u00e1zs\u00a0\u2013\u00dcB tag P\u00e1link\u00e1s Endre\u00a0\u2013 [&hellip;]\" \/>\n<meta property=\"og:url\" content=\"https:\/\/nagykokenyes.hu\/?page_id=190\" \/>\n<meta property=\"og:site_name\" content=\"Nagyk\u00f6k\u00e9nyes K\u00f6zs\u00e9g \u00d6nkorm\u00e1nyzata\" \/>\n<meta property=\"article:modified_time\" content=\"2024-10-17T06:24:57+00:00\" \/>\n<meta name=\"twitter:card\" content=\"summary_large_image\" \/>\n<meta name=\"twitter:label1\" content=\"Becs\u00fclt olvas\u00e1si id\u0151\" \/>\n\t<meta name=\"twitter:data1\" content=\"1 perc\" \/>\n<script type=\"application\/ld+json\" class=\"yoast-schema-graph\">{\"@context\":\"https:\/\/schema.org\",\"@graph\":[{\"@type\":\"WebPage\",\"@id\":\"https:\/\/nagykokenyes.hu\/?page_id=190\",\"url\":\"https:\/\/nagykokenyes.hu\/?page_id=190\",\"name\":\"K\u00e9pvisel\u0151 test\u00fclet - Nagyk\u00f6k\u00e9nyes K\u00f6zs\u00e9g \u00d6nkorm\u00e1nyzata\",\"isPartOf\":{\"@id\":\"https:\/\/nagykokenyes.hu\/#website\"},\"datePublished\":\"2018-05-31T16:39:00+00:00\",\"dateModified\":\"2024-10-17T06:24:57+00:00\",\"breadcrumb\":{\"@id\":\"https:\/\/nagykokenyes.hu\/?page_id=190#breadcrumb\"},\"inLanguage\":\"hu\",\"potentialAction\":[{\"@type\":\"ReadAction\",\"target\":[\"https:\/\/nagykokenyes.hu\/?page_id=190\"]}]},{\"@type\":\"BreadcrumbList\",\"@id\":\"https:\/\/nagykokenyes.hu\/?page_id=190#breadcrumb\",\"itemListElement\":[{\"@type\":\"ListItem\",\"position\":1,\"name\":\"Kezd\u0151lap\",\"item\":\"https:\/\/nagykokenyes.hu\/\"},{\"@type\":\"ListItem\",\"position\":2,\"name\":\"\u00d6nkorm\u00e1nyzat\",\"item\":\"https:\/\/nagykokenyes.hu\/?page_id=185\"},{\"@type\":\"ListItem\",\"position\":3,\"name\":\"K\u00e9pvisel\u0151 test\u00fclet\"}]},{\"@type\":\"WebSite\",\"@id\":\"https:\/\/nagykokenyes.hu\/#website\",\"url\":\"https:\/\/nagykokenyes.hu\/\",\"name\":\"Nagyk\u00f6k\u00e9nyes K\u00f6zs\u00e9g \u00d6nkorm\u00e1nyzata\",\"description\":\"\",\"potentialAction\":[{\"@type\":\"SearchAction\",\"target\":{\"@type\":\"EntryPoint\",\"urlTemplate\":\"https:\/\/nagykokenyes.hu\/?s={search_term_string}\"},\"query-input\":{\"@type\":\"PropertyValueSpecification\",\"valueRequired\":true,\"valueName\":\"search_term_string\"}}],\"inLanguage\":\"hu\"}]}<\/script>\n<!-- \/ Yoast SEO plugin. -->","yoast_head_json":{"title":"K\u00e9pvisel\u0151 test\u00fclet - Nagyk\u00f6k\u00e9nyes K\u00f6zs\u00e9g \u00d6nkorm\u00e1nyzata","robots":{"index":"index","follow":"follow","max-snippet":"max-snippet:-1","max-image-preview":"max-image-preview:large","max-video-preview":"max-video-preview:-1"},"canonical":"https:\/\/nagykokenyes.hu\/?page_id=190","og_locale":"hu_HU","og_type":"article","og_title":"K\u00e9pvisel\u0151 test\u00fclet - Nagyk\u00f6k\u00e9nyes K\u00f6zs\u00e9g \u00d6nkorm\u00e1nyzata","og_description":"A k\u00e9pvisel\u0151-test\u00fclet \u00e9s a bizotts\u00e1ga \u00f6sszet\u00e9tele: Nagyk\u00f6k\u00e9nyes k\u00f6zs\u00e9g 2024. J\u00fanius 9-\u00e9n megv\u00e1lasztott, 2024. Okt\u00f3ber 1. napj\u00e1t\u00f3l megb\u00edzat\u00e1ssal rendelkez\u0151 k\u00e9pvisel\u0151-test\u00fclete: Besszer Andr\u00e1sn\u00e9\u00a0(polg\u00e1rmester) Gy\u00f6rgy Bal\u00e1zs\u00a0(k\u00e9pvisel\u0151) Nagy Zolt\u00e1n\u00a0(k\u00e9pvisel\u0151) P\u00e1link\u00e1s Endre\u00a0(k\u00e9pvisel\u0151) Peth\u0151 Linda\u00a0(k\u00e9pvisel\u0151, a 2024.10.14.-i alakul\u00f3 \u00fcl\u00e9sen megv\u00e1lasztott alpolg\u00e1rmester) Nagyk\u00f6k\u00e9nyes K\u00f6zs\u00e9g k\u00e9pvisel\u0151-test\u00fclete 2024. Okt\u00f3ber 14-i alakul\u00f3 \u00fcl\u00e9s\u00e9n megv\u00e1lasztott \u00fcgyrendi bizotts\u00e1ga: Nagy Zolt\u00e1n\u00a0\u2013 \u00dcB eln\u00f6k Gy\u00f6rgy Bal\u00e1zs\u00a0\u2013\u00dcB tag P\u00e1link\u00e1s Endre\u00a0\u2013 [&hellip;]","og_url":"https:\/\/nagykokenyes.hu\/?page_id=190","og_site_name":"Nagyk\u00f6k\u00e9nyes K\u00f6zs\u00e9g \u00d6nkorm\u00e1nyzata","article_modified_time":"2024-10-17T06:24:57+00:00","twitter_card":"summary_large_image","twitter_misc":{"Becs\u00fclt olvas\u00e1si id\u0151":"1 perc"},"schema":{"@context":"https:\/\/schema.org","@graph":[{"@type":"WebPage","@id":"https:\/\/nagykokenyes.hu\/?page_id=190","url":"https:\/\/nagykokenyes.hu\/?page_id=190","name":"K\u00e9pvisel\u0151 test\u00fclet - Nagyk\u00f6k\u00e9nyes K\u00f6zs\u00e9g \u00d6nkorm\u00e1nyzata","isPartOf":{"@id":"https:\/\/nagykokenyes.hu\/#website"},"datePublished":"2018-05-31T16:39:00+00:00","dateModified":"2024-10-17T06:24:57+00:00","breadcrumb":{"@id":"https:\/\/nagykokenyes.hu\/?page_id=190#breadcrumb"},"inLanguage":"hu","potentialAction":[{"@type":"ReadAction","target":["https:\/\/nagykokenyes.hu\/?page_id=190"]}]},{"@type":"BreadcrumbList","@id":"https:\/\/nagykokenyes.hu\/?page_id=190#breadcrumb","itemListElement":[{"@type":"ListItem","position":1,"name":"Kezd\u0151lap","item":"https:\/\/nagykokenyes.hu\/"},{"@type":"ListItem","position":2,"name":"\u00d6nkorm\u00e1nyzat","item":"https:\/\/nagykokenyes.hu\/?page_id=185"},{"@type":"ListItem","position":3,"name":"K\u00e9pvisel\u0151 test\u00fclet"}]},{"@type":"WebSite","@id":"https:\/\/nagykokenyes.hu\/#website","url":"https:\/\/nagykokenyes.hu\/","name":"Nagyk\u00f6k\u00e9nyes K\u00f6zs\u00e9g \u00d6nkorm\u00e1nyzata","description":"","potentialAction":[{"@type":"SearchAction","target":{"@type":"EntryPoint","urlTemplate":"https:\/\/nagykokenyes.hu\/?s={search_term_string}"},"query-input":{"@type":"PropertyValueSpecification","valueRequired":true,"valueName":"search_term_string"}}],"inLanguage":"hu"}]}},"_links":{"self":[{"href":"https:\/\/nagykokenyes.hu\/index.php?rest_route=\/wp\/v2\/pages\/190","targetHints":{"allow":["GET"]}}],"collection":[{"href":"https:\/\/nagykokenyes.hu\/index.php?rest_route=\/wp\/v2\/pages"}],"about":[{"href":"https:\/\/nagykokenyes.hu\/index.php?rest_route=\/wp\/v2\/types\/page"}],"author":[{"embeddable":true,"href":"https:\/\/nagykokenyes.hu\/index.php?rest_route=\/wp\/v2\/users\/1"}],"replies":[{"embeddable":true,"href":"https:\/\/nagykokenyes.hu\/index.php?rest_route=%2Fwp%2Fv2%2Fcomments&post=190"}],"version-history":[{"count":9,"href":"https:\/\/nagykokenyes.hu\/index.php?rest_route=\/wp\/v2\/pages\/190\/revisions"}],"predecessor-version":[{"id":8348,"href":"https:\/\/nagykokenyes.hu\/index.php?rest_route=\/wp\/v2\/pages\/190\/revisions\/8348"}],"up":[{"embeddable":true,"href":"https:\/\/nagykokenyes.hu\/index.php?rest_route=\/wp\/v2\/pages\/185"}],"wp:attachment":[{"href":"https:\/\/nagykokenyes.hu\/index.php?rest_route=%2Fwp%2Fv2%2Fmedia&parent=190"}],"curies":[{"name":"wp","href":"https:\/\/api.w.org\/{rel}","templated":true}]}}