{"id":194,"date":"2018-05-31T16:41:06","date_gmt":"2018-05-31T16:41:06","guid":{"rendered":"http:\/\/nagykokenyes.hu\/?page_id=194"},"modified":"2023-03-30T09:35:58","modified_gmt":"2023-03-30T07:35:58","slug":"beszerzesek-kozbeszerzes","status":"publish","type":"page","link":"https:\/\/nagykokenyes.hu\/?page_id=194","title":{"rendered":"Beszerz\u00e9sek, k\u00f6zbeszerz\u00e9s"},"content":{"rendered":"<p><strong>2023<\/strong><\/p>\n<ul>\n<li><a href=\"https:\/\/nagykokenyes.hu\/wp-content\/uploads\/2023\/02\/12-2023.II_.15.-kt.hat_.-2023.-evi-kozbeszerzesi-terv-elfogadasa-1.pdf\">12-2023.(II.15.) kt.hat. 2023. \u00e9vi k\u00f6zbeszerz\u00e9si terv elfogad\u00e1sa<\/a><\/li>\n<li><a href=\"https:\/\/nagykokenyes.hu\/wp-content\/uploads\/2023\/03\/2023-Nk-publikalt-kozbeszerzesi-terv-EKRSZ_23649202_2023_v1.pdf\">2023 Nk publik\u00e1lt k\u00f6zbeszerz\u00e9si terv EKRSZ_23649202_2023_v1<\/a><\/li>\n<\/ul>\n<p><strong>2022<\/strong><\/p>\n<ul>\n<li><a href=\"https:\/\/nagykokenyes.hu\/wp-content\/uploads\/2023\/03\/2022.-evi-kozbesz-terv-publikalt-Nagykokenyes-EKRSZ_23649202_2022_v1.pdf\">2022. \u00e9vi k\u00f6zbesz terv Nagyk\u00f6k\u00e9nyes EKRSZ_23649202_2022_v1<\/a><\/li>\n<\/ul>\n<p><strong>2021<\/strong><\/p>\n<ul>\n<li><a href=\"https:\/\/nagykokenyes.hu\/wp-content\/uploads\/2021\/04\/EKRSZ_23649202_2021-1-2021.-kozbeszerzesi-terv-Nk.pdf\">EKRSZ_23649202_2021-1 2021. k\u00f6zbeszerz\u00e9si terv Nk<\/a><\/li>\n<\/ul>\n<p><strong>2020<\/strong><\/p>\n<ul>\n<li><a href=\"https:\/\/nagykokenyes.hu\/wp-content\/uploads\/2020\/02\/21-2020.II_.12.-kt.hat_.-2020.-\u00e9vi-k\u00f6zbeszerz\u00e9si-terv.pdf\">21-2020.(II.12.) kt.hat. 2020. \u00e9vi k\u00f6zbeszerz\u00e9si terv<\/a><\/li>\n<\/ul>\n<p><strong>2019<\/strong><\/p>\n<ul>\n<li><a href=\"http:\/\/nagykokenyes.hu\/wp-content\/uploads\/2019\/04\/83-2019.IV_.10.-kt.-hat.M\u0171v\u00e9szetek-kertje-p\u00e1ly\u00e1zat-\u00e9p\u00edt\u00e9si-beruh\u00e1z\u00e1s-k\u00f6zbesz-i-elj\u00e1r\u00e1s-indt\u00e1sa.pdf\">83 &#8211; 2019.(IV.10.) kt. hat.M\u0171v\u00e9szetek kertje p\u00e1ly\u00e1zat \u00e9p\u00edt\u00e9si beruh\u00e1z\u00e1s k\u00f6zbesz-i elj\u00e1r\u00e1s ind\u00edt\u00e1sa<\/a><\/li>\n<li><a href=\"http:\/\/nagykokenyes.hu\/wp-content\/uploads\/2019\/03\/66-2019.II_.18.-Kt.-hat.-2019.-\u00e9vi-k\u00f6zbesz-i-terv-1.pdf\">66-2019.(II.18.) Kt. hat. 2019. \u00e9vi k\u00f6zbeszerz\u00e9si terv<\/a><\/li>\n<li><a href=\"http:\/\/nagykokenyes.hu\/wp-content\/uploads\/2019\/04\/K\u00f6zbszerz\u00e9si-\u00e9s-beszerz\u00e9si-szab\u00e1lyzat-Nk.nyomtatott.al\u00e1\u00edrt.pdf\">K\u00f6zbeszerz\u00e9si \u00e9s Beszerz\u00e9si Szab\u00e1lyzat (82\/2019. (IV.10.) k\u00e9pvisel\u0151-test\u00fcleti hat\u00e1rozat)<\/a><\/li>\n<li><a href=\"http:\/\/nagykokenyes.hu\/wp-content\/uploads\/2019\/03\/EKRSZ_23649202_2019-Nagyk\u00f6k\u00e9nyes-2019.-\u00e9vi-publik\u00e1lt-k\u00f6zbeszerz\u00e9si-terve.pdf\">EKRSZ_23649202_2019 Nagyk\u00f6k\u00e9nyes 2019. \u00e9vi publik\u00e1lt k\u00f6zbeszerz\u00e9si terve<\/a><\/li>\n<\/ul>\n","protected":false},"excerpt":{"rendered":"<p>2023 12-2023.(II.15.) kt.hat. 2023. \u00e9vi k\u00f6zbeszerz\u00e9si terv elfogad\u00e1sa 2023 Nk publik\u00e1lt k\u00f6zbeszerz\u00e9si terv EKRSZ_23649202_2023_v1 2022 2022. \u00e9vi k\u00f6zbesz terv Nagyk\u00f6k\u00e9nyes EKRSZ_23649202_2022_v1 2021 EKRSZ_23649202_2021-1 2021. k\u00f6zbeszerz\u00e9si terv Nk 2020 21-2020.(II.12.) kt.hat. 2020. \u00e9vi k\u00f6zbeszerz\u00e9si terv 2019 83 &#8211; 2019.(IV.10.) kt. hat.M\u0171v\u00e9szetek kertje p\u00e1ly\u00e1zat \u00e9p\u00edt\u00e9si beruh\u00e1z\u00e1s k\u00f6zbesz-i elj\u00e1r\u00e1s ind\u00edt\u00e1sa 66-2019.(II.18.) Kt. hat. 2019. \u00e9vi k\u00f6zbeszerz\u00e9si terv K\u00f6zbeszerz\u00e9si [&hellip;]<\/p>\n","protected":false},"author":1,"featured_media":0,"parent":185,"menu_order":3,"comment_status":"closed","ping_status":"closed","template":"","meta":{"footnotes":""},"class_list":["post-194","page","type-page","status-publish","hentry"],"yoast_head":"<!-- This site is optimized with the Yoast SEO plugin v26.5 - https:\/\/yoast.com\/wordpress\/plugins\/seo\/ -->\n<title>Beszerz\u00e9sek, k\u00f6zbeszerz\u00e9s - Nagyk\u00f6k\u00e9nyes K\u00f6zs\u00e9g \u00d6nkorm\u00e1nyzata<\/title>\n<meta name=\"robots\" content=\"index, follow, max-snippet:-1, max-image-preview:large, max-video-preview:-1\" \/>\n<link rel=\"canonical\" href=\"https:\/\/nagykokenyes.hu\/?page_id=194\" \/>\n<meta property=\"og:locale\" content=\"hu_HU\" \/>\n<meta property=\"og:type\" content=\"article\" \/>\n<meta property=\"og:title\" content=\"Beszerz\u00e9sek, k\u00f6zbeszerz\u00e9s - Nagyk\u00f6k\u00e9nyes K\u00f6zs\u00e9g \u00d6nkorm\u00e1nyzata\" \/>\n<meta property=\"og:description\" content=\"2023 12-2023.(II.15.) kt.hat. 2023. \u00e9vi k\u00f6zbeszerz\u00e9si terv elfogad\u00e1sa 2023 Nk publik\u00e1lt k\u00f6zbeszerz\u00e9si terv EKRSZ_23649202_2023_v1 2022 2022. \u00e9vi k\u00f6zbesz terv Nagyk\u00f6k\u00e9nyes EKRSZ_23649202_2022_v1 2021 EKRSZ_23649202_2021-1 2021. k\u00f6zbeszerz\u00e9si terv Nk 2020 21-2020.(II.12.) kt.hat. 2020. \u00e9vi k\u00f6zbeszerz\u00e9si terv 2019 83 &#8211; 2019.(IV.10.) kt. hat.M\u0171v\u00e9szetek kertje p\u00e1ly\u00e1zat \u00e9p\u00edt\u00e9si beruh\u00e1z\u00e1s k\u00f6zbesz-i elj\u00e1r\u00e1s ind\u00edt\u00e1sa 66-2019.(II.18.) Kt. hat. 2019. \u00e9vi k\u00f6zbeszerz\u00e9si terv K\u00f6zbeszerz\u00e9si [&hellip;]\" \/>\n<meta property=\"og:url\" content=\"https:\/\/nagykokenyes.hu\/?page_id=194\" \/>\n<meta property=\"og:site_name\" content=\"Nagyk\u00f6k\u00e9nyes K\u00f6zs\u00e9g \u00d6nkorm\u00e1nyzata\" \/>\n<meta property=\"article:modified_time\" content=\"2023-03-30T07:35:58+00:00\" \/>\n<meta name=\"twitter:card\" content=\"summary_large_image\" \/>\n<meta name=\"twitter:label1\" content=\"Becs\u00fclt olvas\u00e1si id\u0151\" \/>\n\t<meta name=\"twitter:data1\" content=\"1 perc\" \/>\n<script type=\"application\/ld+json\" class=\"yoast-schema-graph\">{\"@context\":\"https:\/\/schema.org\",\"@graph\":[{\"@type\":\"WebPage\",\"@id\":\"https:\/\/nagykokenyes.hu\/?page_id=194\",\"url\":\"https:\/\/nagykokenyes.hu\/?page_id=194\",\"name\":\"Beszerz\u00e9sek, k\u00f6zbeszerz\u00e9s - Nagyk\u00f6k\u00e9nyes K\u00f6zs\u00e9g \u00d6nkorm\u00e1nyzata\",\"isPartOf\":{\"@id\":\"https:\/\/nagykokenyes.hu\/#website\"},\"datePublished\":\"2018-05-31T16:41:06+00:00\",\"dateModified\":\"2023-03-30T07:35:58+00:00\",\"breadcrumb\":{\"@id\":\"https:\/\/nagykokenyes.hu\/?page_id=194#breadcrumb\"},\"inLanguage\":\"hu\",\"potentialAction\":[{\"@type\":\"ReadAction\",\"target\":[\"https:\/\/nagykokenyes.hu\/?page_id=194\"]}]},{\"@type\":\"BreadcrumbList\",\"@id\":\"https:\/\/nagykokenyes.hu\/?page_id=194#breadcrumb\",\"itemListElement\":[{\"@type\":\"ListItem\",\"position\":1,\"name\":\"Kezd\u0151lap\",\"item\":\"https:\/\/nagykokenyes.hu\/\"},{\"@type\":\"ListItem\",\"position\":2,\"name\":\"\u00d6nkorm\u00e1nyzat\",\"item\":\"https:\/\/nagykokenyes.hu\/?page_id=185\"},{\"@type\":\"ListItem\",\"position\":3,\"name\":\"Beszerz\u00e9sek, k\u00f6zbeszerz\u00e9s\"}]},{\"@type\":\"WebSite\",\"@id\":\"https:\/\/nagykokenyes.hu\/#website\",\"url\":\"https:\/\/nagykokenyes.hu\/\",\"name\":\"Nagyk\u00f6k\u00e9nyes K\u00f6zs\u00e9g \u00d6nkorm\u00e1nyzata\",\"description\":\"\",\"potentialAction\":[{\"@type\":\"SearchAction\",\"target\":{\"@type\":\"EntryPoint\",\"urlTemplate\":\"https:\/\/nagykokenyes.hu\/?s={search_term_string}\"},\"query-input\":{\"@type\":\"PropertyValueSpecification\",\"valueRequired\":true,\"valueName\":\"search_term_string\"}}],\"inLanguage\":\"hu\"}]}<\/script>\n<!-- \/ Yoast SEO plugin. -->","yoast_head_json":{"title":"Beszerz\u00e9sek, k\u00f6zbeszerz\u00e9s - Nagyk\u00f6k\u00e9nyes K\u00f6zs\u00e9g \u00d6nkorm\u00e1nyzata","robots":{"index":"index","follow":"follow","max-snippet":"max-snippet:-1","max-image-preview":"max-image-preview:large","max-video-preview":"max-video-preview:-1"},"canonical":"https:\/\/nagykokenyes.hu\/?page_id=194","og_locale":"hu_HU","og_type":"article","og_title":"Beszerz\u00e9sek, k\u00f6zbeszerz\u00e9s - Nagyk\u00f6k\u00e9nyes K\u00f6zs\u00e9g \u00d6nkorm\u00e1nyzata","og_description":"2023 12-2023.(II.15.) kt.hat. 2023. \u00e9vi k\u00f6zbeszerz\u00e9si terv elfogad\u00e1sa 2023 Nk publik\u00e1lt k\u00f6zbeszerz\u00e9si terv EKRSZ_23649202_2023_v1 2022 2022. \u00e9vi k\u00f6zbesz terv Nagyk\u00f6k\u00e9nyes EKRSZ_23649202_2022_v1 2021 EKRSZ_23649202_2021-1 2021. k\u00f6zbeszerz\u00e9si terv Nk 2020 21-2020.(II.12.) kt.hat. 2020. \u00e9vi k\u00f6zbeszerz\u00e9si terv 2019 83 &#8211; 2019.(IV.10.) kt. hat.M\u0171v\u00e9szetek kertje p\u00e1ly\u00e1zat \u00e9p\u00edt\u00e9si beruh\u00e1z\u00e1s k\u00f6zbesz-i elj\u00e1r\u00e1s ind\u00edt\u00e1sa 66-2019.(II.18.) Kt. hat. 2019. \u00e9vi k\u00f6zbeszerz\u00e9si terv K\u00f6zbeszerz\u00e9si [&hellip;]","og_url":"https:\/\/nagykokenyes.hu\/?page_id=194","og_site_name":"Nagyk\u00f6k\u00e9nyes K\u00f6zs\u00e9g \u00d6nkorm\u00e1nyzata","article_modified_time":"2023-03-30T07:35:58+00:00","twitter_card":"summary_large_image","twitter_misc":{"Becs\u00fclt olvas\u00e1si id\u0151":"1 perc"},"schema":{"@context":"https:\/\/schema.org","@graph":[{"@type":"WebPage","@id":"https:\/\/nagykokenyes.hu\/?page_id=194","url":"https:\/\/nagykokenyes.hu\/?page_id=194","name":"Beszerz\u00e9sek, k\u00f6zbeszerz\u00e9s - Nagyk\u00f6k\u00e9nyes K\u00f6zs\u00e9g \u00d6nkorm\u00e1nyzata","isPartOf":{"@id":"https:\/\/nagykokenyes.hu\/#website"},"datePublished":"2018-05-31T16:41:06+00:00","dateModified":"2023-03-30T07:35:58+00:00","breadcrumb":{"@id":"https:\/\/nagykokenyes.hu\/?page_id=194#breadcrumb"},"inLanguage":"hu","potentialAction":[{"@type":"ReadAction","target":["https:\/\/nagykokenyes.hu\/?page_id=194"]}]},{"@type":"BreadcrumbList","@id":"https:\/\/nagykokenyes.hu\/?page_id=194#breadcrumb","itemListElement":[{"@type":"ListItem","position":1,"name":"Kezd\u0151lap","item":"https:\/\/nagykokenyes.hu\/"},{"@type":"ListItem","position":2,"name":"\u00d6nkorm\u00e1nyzat","item":"https:\/\/nagykokenyes.hu\/?page_id=185"},{"@type":"ListItem","position":3,"name":"Beszerz\u00e9sek, k\u00f6zbeszerz\u00e9s"}]},{"@type":"WebSite","@id":"https:\/\/nagykokenyes.hu\/#website","url":"https:\/\/nagykokenyes.hu\/","name":"Nagyk\u00f6k\u00e9nyes K\u00f6zs\u00e9g \u00d6nkorm\u00e1nyzata","description":"","potentialAction":[{"@type":"SearchAction","target":{"@type":"EntryPoint","urlTemplate":"https:\/\/nagykokenyes.hu\/?s={search_term_string}"},"query-input":{"@type":"PropertyValueSpecification","valueRequired":true,"valueName":"search_term_string"}}],"inLanguage":"hu"}]}},"_links":{"self":[{"href":"https:\/\/nagykokenyes.hu\/index.php?rest_route=\/wp\/v2\/pages\/194","targetHints":{"allow":["GET"]}}],"collection":[{"href":"https:\/\/nagykokenyes.hu\/index.php?rest_route=\/wp\/v2\/pages"}],"about":[{"href":"https:\/\/nagykokenyes.hu\/index.php?rest_route=\/wp\/v2\/types\/page"}],"author":[{"embeddable":true,"href":"https:\/\/nagykokenyes.hu\/index.php?rest_route=\/wp\/v2\/users\/1"}],"replies":[{"embeddable":true,"href":"https:\/\/nagykokenyes.hu\/index.php?rest_route=%2Fwp%2Fv2%2Fcomments&post=194"}],"version-history":[{"count":13,"href":"https:\/\/nagykokenyes.hu\/index.php?rest_route=\/wp\/v2\/pages\/194\/revisions"}],"predecessor-version":[{"id":6286,"href":"https:\/\/nagykokenyes.hu\/index.php?rest_route=\/wp\/v2\/pages\/194\/revisions\/6286"}],"up":[{"embeddable":true,"href":"https:\/\/nagykokenyes.hu\/index.php?rest_route=\/wp\/v2\/pages\/185"}],"wp:attachment":[{"href":"https:\/\/nagykokenyes.hu\/index.php?rest_route=%2Fwp%2Fv2%2Fmedia&parent=194"}],"curies":[{"name":"wp","href":"https:\/\/api.w.org\/{rel}","templated":true}]}}