{"id":199,"date":"2018-05-31T16:44:33","date_gmt":"2018-05-31T16:44:33","guid":{"rendered":"http:\/\/nagykokenyes.hu\/?page_id=199"},"modified":"2020-04-10T21:07:28","modified_gmt":"2020-04-10T21:07:28","slug":"a-romai-katolikus-templom","status":"publish","type":"page","link":"https:\/\/nagykokenyes.hu\/?page_id=199","title":{"rendered":"A R\u00f3mai Katolikus templom"},"content":{"rendered":"<hr \/>\n<p><strong>A R\u00f3mai katolikus templom<a href=\"http:\/\/nagykokenyes.hu\/wp-content\/uploads\/2018\/07\/IMG_1532-1.jpg\"><img loading=\"lazy\" decoding=\"async\" class=\"wp-image-395 alignright\" src=\"http:\/\/nagykokenyes.hu\/wp-content\/uploads\/2018\/07\/IMG_1532-1.jpg\" alt=\"\" width=\"363\" height=\"242\" srcset=\"https:\/\/nagykokenyes.hu\/wp-content\/uploads\/2018\/07\/IMG_1532-1.jpg 1920w, https:\/\/nagykokenyes.hu\/wp-content\/uploads\/2018\/07\/IMG_1532-1-768x512.jpg 768w\" sizes=\"auto, (max-width: 363px) 100vw, 363px\" \/><\/a><\/strong><\/p>\n<p style=\"text-align: justify;\">A R\u00f3mai katolikus templom a K\u00f6k\u00e9nyes-Radn\u00f3t nemzets\u00e9g \u00e1ltal alap\u00edtott m\u00e1sodik premontrei pr\u00e9posts\u00e1g. A pr\u00e9posts\u00e1got a nemzets\u00e9g els\u0151, Mikud feh\u00e9rv\u00e1ri pr\u00e9post (k\u00e9s\u0151bb gy\u0151ri p\u00fcsp\u00f6k) \u00e1ltal alap\u00edtott gar\u00e1bi premontrei monostor szerzetesei n\u00e9pes\u00edtett\u00e9k be a XII. sz\u00e1zad utols\u00f3 \u00e9vtizedeiben. A k\u00e9t premontrei pr\u00e9posts\u00e1g alap\u00edt\u00e1sa gyorsan k\u00f6vette egym\u00e1st. K\u00f6k\u00e9nyes m\u00e9g a tat\u00e1rj\u00e1r\u00e1s el\u0151tt szerzeteseket adott a s\u00e1gi pr\u00e9postnak, s feltehet\u0151en m\u00e9g el\u0151bb a k\u00f6zeli j\u00e1noshidai premontrei monostornak. Ez azt bizony\u00edtja, hogy a nemzets\u00e9g, els\u0151sorban Mikud gy\u0151ri p\u00fcsp\u00f6k k\u00e9s\u0151bb is jelent\u0151s szerepet t\u00f6lt\u00f6tt be a premontreiek haz\u00e1nkba val\u00f3 letelep\u00edt\u00e9s\u00e9ben, er\u0151s\u00edt\u00e9s\u00e9ben.<br \/>\nA pr\u00e9posts\u00e1g k\u00f6z\u00e9pkori t\u00f6rt\u00e9net\u00e9hez tartozik m\u00e9g az is, hogy a templomt\u00f3l nyugatra es\u0151 ter\u00fcleten &#8211; a magasan h\u00faz\u00f3d\u00f3 dombh\u00e1ton &#8211; k\u00f6z\u00e9pkori ker\u00e1mia t\u00f6red\u00e9keit tal\u00e1lt\u00e1k. Mindebb\u0151l arra lehet k\u00f6vetkeztetni, hogy a k\u00f6z\u00e9pkori falu a pr\u00e9posts\u00e1gt\u00f3l nyugatra es\u0151, a jelenlegin\u00e9l j\u00f3val magasabb ter\u00fcleten &#8211; ma m\u0171veit, sz\u00e1ntott ter\u00fclet &#8211; helyezkedett el. Ez ann\u00e1l is \u00e9rdekesebb sz\u00e1munkra, mert meger\u0151s\u00edti a kor\u00e1bbi megfigyel\u00e9seket a premontrei pr\u00e9posts\u00e1gok s az azokhoz tartoz\u00f3 falvak egym\u00e1shoz viszony\u00edtott ter\u00fcleti elhelyezked\u00e9s\u00e9r\u0151l. A pr\u00e9posts\u00e1g k\u00f6z\u00e9pkori t\u00f6rt\u00e9net\u00e9r\u0151l keveset tudni.<br \/>\nA tat\u00e1rj\u00e1r\u00e1s ut\u00e1n \u00fajj\u00e1\u00e9p\u00fclt a pr\u00e9posts\u00e1g, de m\u00e1r meggyeng\u00fclt, hanyatl\u00e1snak indult. Az alap\u00edt\u00f3 nemzets\u00e9g n\u00f3gr\u00e1di \u00e1g\u00e1nak kihalt\u00e1val a kegyuras\u00e1g n\u0151i \u00e1gon a Kacsics nemzets\u00e9g\u00e9 lett. 1332-ben Bereck k\u00f6k\u00e9nyesi pr\u00e9post a budai k\u00e1ptalan el\u0151tt konventj\u00e9t is k\u00e9pviselte: \u201e&#8230;ac pro Petro fdio Mykud quondam bani, item Johanne et Ladislao, filiis Nicolai, filii eiusdem Mykud &#8230;&#8221;<\/p>\n<p style=\"text-align: justify;\"><a href=\"http:\/\/nagykokenyes.hu\/wp-content\/uploads\/2018\/07\/IMG_1538.jpg\"><img loading=\"lazy\" decoding=\"async\" class=\"wp-image-393 alignleft\" src=\"http:\/\/nagykokenyes.hu\/wp-content\/uploads\/2018\/07\/IMG_1538.jpg\" alt=\"\" width=\"350\" height=\"233\" srcset=\"https:\/\/nagykokenyes.hu\/wp-content\/uploads\/2018\/07\/IMG_1538.jpg 1920w, https:\/\/nagykokenyes.hu\/wp-content\/uploads\/2018\/07\/IMG_1538-768x512.jpg 768w\" sizes=\"auto, (max-width: 350px) 100vw, 350px\" \/><\/a>A pr\u00e9posts\u00e1g hanyatl\u00e1s\u00e1nak egyik jele az is, hogy a gar\u00e1bi pr\u00e9post, a k\u00f6k\u00e9nyesi pr\u00e9posts\u00e1g atyaap\u00e1tja is birtokot ad el. A pr\u00e9posts\u00e1gok k\u00f6zti kapcsolat szempontj\u00e1b\u00f3l azonban \u00e9rdekes az, hogy az eml\u00edtett birtokot a kegyurak \u00e9s a k\u00f6k\u00e9nyesi rendt\u00e1rsak hozz\u00e1j\u00e1rul\u00e1s\u00e1val adja el a gar\u00e1bi pr\u00e9post. A pr\u00e9posts\u00e1g utols\u00f3 eml\u00edt\u00e9s\u00e9vel 1428-ban tal\u00e1lkozunk. A pr\u00e9posts\u00e1g \u00e9p\u00fcleteinek, templom\u00e1nak t\u00f6rt\u00e9nete k\u00e9s\u0151bb m\u00e1r \u00f6sszekapcsol\u00f3dik a pl\u00e9b\u00e1niatemplom \u00e9p\u00edt\u00e9st\u00f6rt\u00e9net\u00e9vel. A jelenleg \u00e1ll\u00f3 pl\u00e9b\u00e1niatemplom a h\u00f3dolts\u00e1g idej\u00e9n elpusztult pr\u00e9posts\u00e1g \u00e9p\u00fclet\u00e9nek hely\u00e9n, r\u00e9szben azok k\u0151anyag\u00e1nak felhaszn\u00e1l\u00e1s\u00e1val \u00e9p\u00fclt, t\u00f6bbsz\u00f6ri b\u0151v\u00edt\u00e9s eredm\u00e9nyek\u00e9nt.<\/p>\n<p><strong>A templom berendez\u00e9se<\/strong><\/p>\n<p style=\"text-align: justify;\"><strong>F\u0151olt\u00e1r<\/strong>: K\u00e9t l\u00e9pcs\u0151n \u00e1ll\u00f3 olt\u00e1r\u00e9p\u00edtm\u00e9ny\u00e9nek k\u00f6z\u00e9pr\u00e9sz\u00e9n d\u00edszes kik\u00e9pz\u00e9s\u0171 tabern\u00e1kulum, mellett gyertyatart\u00f3k \u00e9s felette f\u00e9lk\u00f6r\u00edves keretben a f\u0151olt\u00e1rk\u00e9p, amely M\u00e1ri\u00e1t \u00e1br\u00e1zolja.<br \/>\n<strong>Sz\u00f3sz\u00e9k<\/strong>: Mellv\u00e9dje d\u00edsztelen, csak magas talapzaton \u00e1ll\u00f3 oszlopok sorakoznak rajta. Sima ajtaja f\u00f6l\u00f6tt girland d\u00edsz\u00edt\u00e9s. A sz\u00f3sz\u00e9k t\u0151le jobbra M\u00f3zes k\u0151t\u00e1bl\u00e1i, balra pedig felh\u0151k. F\u00e1b\u00f3l k\u00e9sz\u00fclt, barna-feh\u00e9r sz\u00ednez\u00e9ssel. XIX. sz\u00e1zadi, k\u00e9s\u0151i klasszicista.<br \/>\n<strong>Szenteltv\u00edztart\u00f3<\/strong>: 1825-b\u0151l val\u00f3. \u00c9vsz\u00e1mmal ell\u00e1tott, v\u00f6r\u00f6s m\u00e1rv\u00e1ny.<\/p>\n<p><strong>Szent\u00e9lykorl\u00e1t<\/strong>: XIX. sz\u00e1zad els\u0151 fel\u00e9b\u0151l val\u00f3, m\u00e1rv\u00e1nyt imit\u00e1l\u00f3 fa.<br \/>\n<strong>Sekrestyeszekr\u00e9ny<\/strong>: H\u00e1rom\u00edves, h\u00e1romajt\u00f3s fels\u0151r\u00e9sszel ell\u00e1tott, tetej\u00e9n girlandos d\u00edsz\u00edt\u00e9s\u0171 urna. Sz\u00fcrk\u00e9sk\u00e9k sz\u00edn\u0171. XIX. sz\u00e1zad eleje.<br \/>\n<strong>Padok<\/strong>: A haj\u00f3 k\u00e9t oldal\u00e1n elhelyezett padok oldallapjai egyszer\u0171bb, barokk \u00edzl\u00e9s szerint k\u00e9sz\u00fcltek.<\/p>\n<p style=\"text-align: right;\"><strong>Szent Antal szobor\u00a0<img loading=\"lazy\" decoding=\"async\" class=\"wp-image-234 alignright\" src=\"http:\/\/nagykokenyes.hu\/wp-content\/uploads\/2018\/05\/szent.antal_.szobor.jpg\" alt=\"\" width=\"304\" height=\"220\" \/><\/strong><\/p>\n<p><strong>A nagyk\u00f6k\u00e9nyesi templom m\u0171eml\u00e9ki fel\u00faj\u00edt\u00e1sa<\/strong><\/p>\n<p style=\"text-align: justify;\">A premontrei pr\u00e9posts\u00e1g alap\u00edt\u00e1sa a XII. sz\u00e1zadra tehet\u0151. Els\u0151 \u00edr\u00e1sos eml\u00e9kei 1228-b\u00f3l maradtak fenn. Az \u00e9vsz\u00e1zadok folyam\u00e1n t\u00f6bbsz\u00f6r is \u00e1t\u00e9p\u00edtett\u00e9k, b\u0151v\u00edtett\u00e9k templomunkat, m\u00edg elnyerte mai form\u00e1j\u00e1t. Az 1960-as fel\u00faj\u00edt\u00e1s nem emelte ki a m\u0171eml\u00e9ki jelleget, amit a mostani fel\u00faj\u00edt\u00e1ssal szeretn\u00e9nk p\u00f3tolni.<br \/>\n2005-ben a teljes tet\u0151szerkezet fel\u00faj\u00edt\u00e1sa t\u00f6rt\u00e9nt meg. 2008. szeptember\u00e9ben elkezd\u0151d\u00f6tt a k\u00fcls\u0151 homlokzat m\u0171eml\u00e9ki helyre\u00e1ll\u00edt\u00e1sa. A munk\u00e1latok kezdete \u00f3ta felt\u00e1r\u00e1sra ker\u00fcltek a templom rom\u00e1n kori r\u00e9szei \u00e9s a g\u00f3tikus kori t\u00f6bbsz\u00f6ri \u00e1t\u00e9p\u00edt\u00e9sre utal\u00f3 falak is.<\/p>\n<p>A fel\u00faj\u00edt\u00e1s jelent\u0151s k\u00f6lts\u00e9geihez p\u00e1ly\u00e1zat \u00fatj\u00e1n, egyh\u00e1zmegyei \u00e9s alap\u00edtv\u00e1nyi t\u00e1mogat\u00e1s \u00e1ltal jutott az egyh\u00e1zk\u00f6zs\u00e9g.<\/p>\n<p><a href=\"http:\/\/nagykokenyes.hu\/?page_id=399\">Gal\u00e9ria<\/a><\/p>\n","protected":false},"excerpt":{"rendered":"<p>A R\u00f3mai katolikus templom A R\u00f3mai katolikus templom a K\u00f6k\u00e9nyes-Radn\u00f3t nemzets\u00e9g \u00e1ltal alap\u00edtott m\u00e1sodik premontrei pr\u00e9posts\u00e1g. A pr\u00e9posts\u00e1got a nemzets\u00e9g els\u0151, Mikud feh\u00e9rv\u00e1ri pr\u00e9post (k\u00e9s\u0151bb gy\u0151ri p\u00fcsp\u00f6k) \u00e1ltal alap\u00edtott gar\u00e1bi premontrei monostor szerzetesei n\u00e9pes\u00edtett\u00e9k be a XII. sz\u00e1zad utols\u00f3 \u00e9vtizedeiben. A k\u00e9t premontrei pr\u00e9posts\u00e1g alap\u00edt\u00e1sa gyorsan k\u00f6vette egym\u00e1st. K\u00f6k\u00e9nyes m\u00e9g a tat\u00e1rj\u00e1r\u00e1s el\u0151tt szerzeteseket adott [&hellip;]<\/p>\n","protected":false},"author":1,"featured_media":0,"parent":61,"menu_order":2,"comment_status":"closed","ping_status":"closed","template":"","meta":{"footnotes":""},"class_list":["post-199","page","type-page","status-publish","hentry"],"yoast_head":"<!-- This site is optimized with the Yoast SEO plugin v26.5 - https:\/\/yoast.com\/wordpress\/plugins\/seo\/ -->\n<title>A R\u00f3mai Katolikus templom - Nagyk\u00f6k\u00e9nyes K\u00f6zs\u00e9g \u00d6nkorm\u00e1nyzata<\/title>\n<meta name=\"robots\" content=\"index, follow, max-snippet:-1, max-image-preview:large, max-video-preview:-1\" \/>\n<link rel=\"canonical\" href=\"https:\/\/nagykokenyes.hu\/?page_id=199\" \/>\n<meta property=\"og:locale\" content=\"hu_HU\" \/>\n<meta property=\"og:type\" content=\"article\" \/>\n<meta property=\"og:title\" content=\"A R\u00f3mai Katolikus templom - Nagyk\u00f6k\u00e9nyes K\u00f6zs\u00e9g \u00d6nkorm\u00e1nyzata\" \/>\n<meta property=\"og:description\" content=\"A R\u00f3mai katolikus templom A R\u00f3mai katolikus templom a K\u00f6k\u00e9nyes-Radn\u00f3t nemzets\u00e9g \u00e1ltal alap\u00edtott m\u00e1sodik premontrei pr\u00e9posts\u00e1g. A pr\u00e9posts\u00e1got a nemzets\u00e9g els\u0151, Mikud feh\u00e9rv\u00e1ri pr\u00e9post (k\u00e9s\u0151bb gy\u0151ri p\u00fcsp\u00f6k) \u00e1ltal alap\u00edtott gar\u00e1bi premontrei monostor szerzetesei n\u00e9pes\u00edtett\u00e9k be a XII. sz\u00e1zad utols\u00f3 \u00e9vtizedeiben. A k\u00e9t premontrei pr\u00e9posts\u00e1g alap\u00edt\u00e1sa gyorsan k\u00f6vette egym\u00e1st. K\u00f6k\u00e9nyes m\u00e9g a tat\u00e1rj\u00e1r\u00e1s el\u0151tt szerzeteseket adott [&hellip;]\" \/>\n<meta property=\"og:url\" content=\"https:\/\/nagykokenyes.hu\/?page_id=199\" \/>\n<meta property=\"og:site_name\" content=\"Nagyk\u00f6k\u00e9nyes K\u00f6zs\u00e9g \u00d6nkorm\u00e1nyzata\" \/>\n<meta property=\"article:modified_time\" content=\"2020-04-10T21:07:28+00:00\" \/>\n<meta property=\"og:image\" content=\"http:\/\/nagykokenyes.hu\/wp-content\/uploads\/2018\/07\/IMG_1532-1.jpg\" \/>\n<meta name=\"twitter:card\" content=\"summary_large_image\" \/>\n<meta name=\"twitter:label1\" content=\"Becs\u00fclt olvas\u00e1si id\u0151\" \/>\n\t<meta name=\"twitter:data1\" content=\"4 perc\" \/>\n<script type=\"application\/ld+json\" class=\"yoast-schema-graph\">{\"@context\":\"https:\/\/schema.org\",\"@graph\":[{\"@type\":\"WebPage\",\"@id\":\"https:\/\/nagykokenyes.hu\/?page_id=199\",\"url\":\"https:\/\/nagykokenyes.hu\/?page_id=199\",\"name\":\"A R\u00f3mai Katolikus templom - Nagyk\u00f6k\u00e9nyes K\u00f6zs\u00e9g \u00d6nkorm\u00e1nyzata\",\"isPartOf\":{\"@id\":\"https:\/\/nagykokenyes.hu\/#website\"},\"primaryImageOfPage\":{\"@id\":\"https:\/\/nagykokenyes.hu\/?page_id=199#primaryimage\"},\"image\":{\"@id\":\"https:\/\/nagykokenyes.hu\/?page_id=199#primaryimage\"},\"thumbnailUrl\":\"http:\/\/nagykokenyes.hu\/wp-content\/uploads\/2018\/07\/IMG_1532-1.jpg\",\"datePublished\":\"2018-05-31T16:44:33+00:00\",\"dateModified\":\"2020-04-10T21:07:28+00:00\",\"breadcrumb\":{\"@id\":\"https:\/\/nagykokenyes.hu\/?page_id=199#breadcrumb\"},\"inLanguage\":\"hu\",\"potentialAction\":[{\"@type\":\"ReadAction\",\"target\":[\"https:\/\/nagykokenyes.hu\/?page_id=199\"]}]},{\"@type\":\"ImageObject\",\"inLanguage\":\"hu\",\"@id\":\"https:\/\/nagykokenyes.hu\/?page_id=199#primaryimage\",\"url\":\"http:\/\/nagykokenyes.hu\/wp-content\/uploads\/2018\/07\/IMG_1532-1.jpg\",\"contentUrl\":\"http:\/\/nagykokenyes.hu\/wp-content\/uploads\/2018\/07\/IMG_1532-1.jpg\"},{\"@type\":\"BreadcrumbList\",\"@id\":\"https:\/\/nagykokenyes.hu\/?page_id=199#breadcrumb\",\"itemListElement\":[{\"@type\":\"ListItem\",\"position\":1,\"name\":\"Kezd\u0151lap\",\"item\":\"https:\/\/nagykokenyes.hu\/\"},{\"@type\":\"ListItem\",\"position\":2,\"name\":\"L\u00e1tnival\u00f3k\",\"item\":\"https:\/\/nagykokenyes.hu\/?page_id=61\"},{\"@type\":\"ListItem\",\"position\":3,\"name\":\"A R\u00f3mai Katolikus templom\"}]},{\"@type\":\"WebSite\",\"@id\":\"https:\/\/nagykokenyes.hu\/#website\",\"url\":\"https:\/\/nagykokenyes.hu\/\",\"name\":\"Nagyk\u00f6k\u00e9nyes K\u00f6zs\u00e9g \u00d6nkorm\u00e1nyzata\",\"description\":\"\",\"potentialAction\":[{\"@type\":\"SearchAction\",\"target\":{\"@type\":\"EntryPoint\",\"urlTemplate\":\"https:\/\/nagykokenyes.hu\/?s={search_term_string}\"},\"query-input\":{\"@type\":\"PropertyValueSpecification\",\"valueRequired\":true,\"valueName\":\"search_term_string\"}}],\"inLanguage\":\"hu\"}]}<\/script>\n<!-- \/ Yoast SEO plugin. -->","yoast_head_json":{"title":"A R\u00f3mai Katolikus templom - Nagyk\u00f6k\u00e9nyes K\u00f6zs\u00e9g \u00d6nkorm\u00e1nyzata","robots":{"index":"index","follow":"follow","max-snippet":"max-snippet:-1","max-image-preview":"max-image-preview:large","max-video-preview":"max-video-preview:-1"},"canonical":"https:\/\/nagykokenyes.hu\/?page_id=199","og_locale":"hu_HU","og_type":"article","og_title":"A R\u00f3mai Katolikus templom - Nagyk\u00f6k\u00e9nyes K\u00f6zs\u00e9g \u00d6nkorm\u00e1nyzata","og_description":"A R\u00f3mai katolikus templom A R\u00f3mai katolikus templom a K\u00f6k\u00e9nyes-Radn\u00f3t nemzets\u00e9g \u00e1ltal alap\u00edtott m\u00e1sodik premontrei pr\u00e9posts\u00e1g. A pr\u00e9posts\u00e1got a nemzets\u00e9g els\u0151, Mikud feh\u00e9rv\u00e1ri pr\u00e9post (k\u00e9s\u0151bb gy\u0151ri p\u00fcsp\u00f6k) \u00e1ltal alap\u00edtott gar\u00e1bi premontrei monostor szerzetesei n\u00e9pes\u00edtett\u00e9k be a XII. sz\u00e1zad utols\u00f3 \u00e9vtizedeiben. A k\u00e9t premontrei pr\u00e9posts\u00e1g alap\u00edt\u00e1sa gyorsan k\u00f6vette egym\u00e1st. K\u00f6k\u00e9nyes m\u00e9g a tat\u00e1rj\u00e1r\u00e1s el\u0151tt szerzeteseket adott [&hellip;]","og_url":"https:\/\/nagykokenyes.hu\/?page_id=199","og_site_name":"Nagyk\u00f6k\u00e9nyes K\u00f6zs\u00e9g \u00d6nkorm\u00e1nyzata","article_modified_time":"2020-04-10T21:07:28+00:00","og_image":[{"url":"http:\/\/nagykokenyes.hu\/wp-content\/uploads\/2018\/07\/IMG_1532-1.jpg","type":"","width":"","height":""}],"twitter_card":"summary_large_image","twitter_misc":{"Becs\u00fclt olvas\u00e1si id\u0151":"4 perc"},"schema":{"@context":"https:\/\/schema.org","@graph":[{"@type":"WebPage","@id":"https:\/\/nagykokenyes.hu\/?page_id=199","url":"https:\/\/nagykokenyes.hu\/?page_id=199","name":"A R\u00f3mai Katolikus templom - Nagyk\u00f6k\u00e9nyes K\u00f6zs\u00e9g \u00d6nkorm\u00e1nyzata","isPartOf":{"@id":"https:\/\/nagykokenyes.hu\/#website"},"primaryImageOfPage":{"@id":"https:\/\/nagykokenyes.hu\/?page_id=199#primaryimage"},"image":{"@id":"https:\/\/nagykokenyes.hu\/?page_id=199#primaryimage"},"thumbnailUrl":"http:\/\/nagykokenyes.hu\/wp-content\/uploads\/2018\/07\/IMG_1532-1.jpg","datePublished":"2018-05-31T16:44:33+00:00","dateModified":"2020-04-10T21:07:28+00:00","breadcrumb":{"@id":"https:\/\/nagykokenyes.hu\/?page_id=199#breadcrumb"},"inLanguage":"hu","potentialAction":[{"@type":"ReadAction","target":["https:\/\/nagykokenyes.hu\/?page_id=199"]}]},{"@type":"ImageObject","inLanguage":"hu","@id":"https:\/\/nagykokenyes.hu\/?page_id=199#primaryimage","url":"http:\/\/nagykokenyes.hu\/wp-content\/uploads\/2018\/07\/IMG_1532-1.jpg","contentUrl":"http:\/\/nagykokenyes.hu\/wp-content\/uploads\/2018\/07\/IMG_1532-1.jpg"},{"@type":"BreadcrumbList","@id":"https:\/\/nagykokenyes.hu\/?page_id=199#breadcrumb","itemListElement":[{"@type":"ListItem","position":1,"name":"Kezd\u0151lap","item":"https:\/\/nagykokenyes.hu\/"},{"@type":"ListItem","position":2,"name":"L\u00e1tnival\u00f3k","item":"https:\/\/nagykokenyes.hu\/?page_id=61"},{"@type":"ListItem","position":3,"name":"A R\u00f3mai Katolikus templom"}]},{"@type":"WebSite","@id":"https:\/\/nagykokenyes.hu\/#website","url":"https:\/\/nagykokenyes.hu\/","name":"Nagyk\u00f6k\u00e9nyes K\u00f6zs\u00e9g \u00d6nkorm\u00e1nyzata","description":"","potentialAction":[{"@type":"SearchAction","target":{"@type":"EntryPoint","urlTemplate":"https:\/\/nagykokenyes.hu\/?s={search_term_string}"},"query-input":{"@type":"PropertyValueSpecification","valueRequired":true,"valueName":"search_term_string"}}],"inLanguage":"hu"}]}},"_links":{"self":[{"href":"https:\/\/nagykokenyes.hu\/index.php?rest_route=\/wp\/v2\/pages\/199","targetHints":{"allow":["GET"]}}],"collection":[{"href":"https:\/\/nagykokenyes.hu\/index.php?rest_route=\/wp\/v2\/pages"}],"about":[{"href":"https:\/\/nagykokenyes.hu\/index.php?rest_route=\/wp\/v2\/types\/page"}],"author":[{"embeddable":true,"href":"https:\/\/nagykokenyes.hu\/index.php?rest_route=\/wp\/v2\/users\/1"}],"replies":[{"embeddable":true,"href":"https:\/\/nagykokenyes.hu\/index.php?rest_route=%2Fwp%2Fv2%2Fcomments&post=199"}],"version-history":[{"count":11,"href":"https:\/\/nagykokenyes.hu\/index.php?rest_route=\/wp\/v2\/pages\/199\/revisions"}],"predecessor-version":[{"id":2712,"href":"https:\/\/nagykokenyes.hu\/index.php?rest_route=\/wp\/v2\/pages\/199\/revisions\/2712"}],"up":[{"embeddable":true,"href":"https:\/\/nagykokenyes.hu\/index.php?rest_route=\/wp\/v2\/pages\/61"}],"wp:attachment":[{"href":"https:\/\/nagykokenyes.hu\/index.php?rest_route=%2Fwp%2Fv2%2Fmedia&parent=199"}],"curies":[{"name":"wp","href":"https:\/\/api.w.org\/{rel}","templated":true}]}}