{"id":352,"date":"2018-06-18T18:49:37","date_gmt":"2018-06-18T18:49:37","guid":{"rendered":"http:\/\/nagykokenyes.hu\/?page_id=352"},"modified":"2023-08-22T22:14:27","modified_gmt":"2023-08-22T20:14:27","slug":"orvosi-ugyelet-2","status":"publish","type":"page","link":"https:\/\/nagykokenyes.hu\/?page_id=352","title":{"rendered":"Orvosi \u00fcgyelet"},"content":{"rendered":"<p><a href=\"http:\/\/nagykokenyes.hu\/wp-content\/uploads\/2018\/05\/orvosiugyelet.jpg\"><img loading=\"lazy\" decoding=\"async\" class=\"aligncenter size-full wp-image-156\" src=\"http:\/\/nagykokenyes.hu\/wp-content\/uploads\/2018\/05\/orvosiugyelet.jpg\" alt=\"\" width=\"1386\" height=\"965\" srcset=\"https:\/\/nagykokenyes.hu\/wp-content\/uploads\/2018\/05\/orvosiugyelet.jpg 1386w, https:\/\/nagykokenyes.hu\/wp-content\/uploads\/2018\/05\/orvosiugyelet-768x535.jpg 768w\" sizes=\"auto, (max-width: 1386px) 100vw, 1386px\" \/><\/a><\/p>\n<p style=\"text-align: justify;\" align=\"center\"><span style=\"font-size: medium;\"><strong>TISZTELT LAKOSOK!<\/strong><\/span><\/p>\n<p><span style=\"font-family: Times New Roman, serif;\">Ez\u00faton k\u00edv\u00e1nom t\u00e1j\u00e9koztatni \u00d6n\u00f6ket, hogy az <\/span><span style=\"font-family: Times New Roman, serif;\"><b>Orvosi \u00dcgyelet telefonos el\u00e9rhet\u0151s\u00e9ge 2023. augusztus 01. napj\u00e1t\u00f3l kezd\u0151d\u0151en MEGV\u00c1LTOZIK. <\/b><\/span><span style=\"font-family: Times New Roman, serif;\">Tisztelettel k\u00e9rem, hogy a j\u00f6v\u0151ben az al\u00e1bbi h\u00edv\u00f3sz\u00e1mon kereszt\u00fcl sz\u00edveskedjenek keresni az orvosi \u00fcgyeletet:<\/span> <span style=\"font-family: 'Times New Roman', serif; color: #ff0000; font-size: 14pt;\"><b>06-30\/564-6439<\/b><\/span><br \/>\n<span lang=\"hu-HU\"><b>Term\u00e9szetesen az orvosi \u00fcgyelet egy\u00e9b el\u00e9rhet\u0151s\u00e9gi adataiban v\u00e1ltoz\u00e1s nem t\u00f6rt\u00e9nt. <\/b><\/span><span lang=\"hu-HU\"><b>K\u00e9rj\u00fck sz\u00edves meg\u00e9rt\u00e9s\u00fcket!<\/b><\/span><\/p>\n<p><span style=\"color: #ff0000;\"><strong>Az \u00fcgyeleti alapell\u00e1t\u00e1st <span style=\"font-size: 14pt;\">2023. okt\u00f3ber 1-t\u0151l<\/span> az Orsz\u00e1gos Ment\u0151szolg\u00e1lat l\u00e1tja el.<\/strong><\/span><\/p>\n<p>Az egys\u00e9ges \u00fcgyeleti telefonsz\u00e1m okt\u00f3ber 1-t\u0151l: <span style=\"font-size: 14pt;\"><strong>1830<\/strong><\/span><\/p>\n<p>H\u00e1ziorvosi \u00fcgyeleti ell\u00e1t\u00e1s<br \/>\nh\u00e9tk\u00f6znap: 16.00 &#8211; 22.00 k\u00f6z\u00f6tt<br \/>\nh\u00e9tv\u00e9g\u00e9n, \u00fcnnepnapon: 08.00 \u2013 14.00 k\u00f6z\u00f6tt<\/p>\n<p>Hatvan: 3000 Hatvan, Balassi B\u00e1lint u. 16. (Albert Schweitzer K\u00f3rh\u00e1z- Rendel\u0151int\u00e9zet)<\/p>\n<p>S\u00fcrg\u0151ss\u00e9gi \u00fcgyeleti vagy ment\u0151ell\u00e1t\u00e1s<br \/>\nK\u00f6zponti \u00fcgyeleti telefonsz\u00e1m: 1830<br \/>\nh\u00e9tk\u00f6znap: 22.00 \u2013 08.00 k\u00f6z\u00f6tt<br \/>\nh\u00e9tv\u00e9g\u00e9n, \u00fcnnepnapon: 14.00 \u2013 08.00 k\u00f6z\u00f6tt<\/p>\n<p>Gyermekek \u00fcgyeleti ell\u00e1t\u00e1sa<br \/>\nA j\u00e1r\u00e1sk\u00f6zponti \u00fcgyeleti pontjain, azok m\u0171k\u00f6d\u00e9si idej\u00e9ben<br \/>\nh\u00e9tk\u00f6znap: 16.00 &#8211; 22.00 k\u00f6z\u00f6tt<br \/>\nh\u00e9tv\u00e9g\u00e9n, \u00fcnnepnapon: 08.00 \u2013 14.00 k\u00f6z\u00f6tt<br \/>\n3000 Hatvan, Balassi B\u00e1lint u. 16. (Albert Schweitzer K\u00f3rh\u00e1z- Rendel\u0151int\u00e9zet)<\/p>\n<p class=\"western\" lang=\"hu-HU\" style=\"text-align: justify;\" align=\"center\">\n","protected":false},"excerpt":{"rendered":"<p>TISZTELT LAKOSOK! Ez\u00faton k\u00edv\u00e1nom t\u00e1j\u00e9koztatni \u00d6n\u00f6ket, hogy az Orvosi \u00dcgyelet telefonos el\u00e9rhet\u0151s\u00e9ge 2023. augusztus 01. napj\u00e1t\u00f3l kezd\u0151d\u0151en MEGV\u00c1LTOZIK. Tisztelettel k\u00e9rem, hogy a j\u00f6v\u0151ben az al\u00e1bbi h\u00edv\u00f3sz\u00e1mon kereszt\u00fcl sz\u00edveskedjenek keresni az orvosi \u00fcgyeletet: 06-30\/564-6439 Term\u00e9szetesen az orvosi \u00fcgyelet egy\u00e9b el\u00e9rhet\u0151s\u00e9gi adataiban v\u00e1ltoz\u00e1s nem t\u00f6rt\u00e9nt. K\u00e9rj\u00fck sz\u00edves meg\u00e9rt\u00e9s\u00fcket! Az \u00fcgyeleti alapell\u00e1t\u00e1st 2023. okt\u00f3ber 1-t\u0151l az Orsz\u00e1gos Ment\u0151szolg\u00e1lat [&hellip;]<\/p>\n","protected":false},"author":1,"featured_media":0,"parent":0,"menu_order":0,"comment_status":"closed","ping_status":"closed","template":"","meta":{"footnotes":""},"class_list":["post-352","page","type-page","status-publish","hentry"],"yoast_head":"<!-- This site is optimized with the Yoast SEO plugin v26.5 - https:\/\/yoast.com\/wordpress\/plugins\/seo\/ -->\n<title>Orvosi \u00fcgyelet - Nagyk\u00f6k\u00e9nyes K\u00f6zs\u00e9g \u00d6nkorm\u00e1nyzata<\/title>\n<meta name=\"robots\" content=\"index, follow, max-snippet:-1, max-image-preview:large, max-video-preview:-1\" \/>\n<link rel=\"canonical\" href=\"https:\/\/nagykokenyes.hu\/?page_id=352\" \/>\n<meta property=\"og:locale\" content=\"hu_HU\" \/>\n<meta property=\"og:type\" content=\"article\" \/>\n<meta property=\"og:title\" content=\"Orvosi \u00fcgyelet - Nagyk\u00f6k\u00e9nyes K\u00f6zs\u00e9g \u00d6nkorm\u00e1nyzata\" \/>\n<meta property=\"og:description\" content=\"TISZTELT LAKOSOK! Ez\u00faton k\u00edv\u00e1nom t\u00e1j\u00e9koztatni \u00d6n\u00f6ket, hogy az Orvosi \u00dcgyelet telefonos el\u00e9rhet\u0151s\u00e9ge 2023. augusztus 01. napj\u00e1t\u00f3l kezd\u0151d\u0151en MEGV\u00c1LTOZIK. Tisztelettel k\u00e9rem, hogy a j\u00f6v\u0151ben az al\u00e1bbi h\u00edv\u00f3sz\u00e1mon kereszt\u00fcl sz\u00edveskedjenek keresni az orvosi \u00fcgyeletet: 06-30\/564-6439 Term\u00e9szetesen az orvosi \u00fcgyelet egy\u00e9b el\u00e9rhet\u0151s\u00e9gi adataiban v\u00e1ltoz\u00e1s nem t\u00f6rt\u00e9nt. K\u00e9rj\u00fck sz\u00edves meg\u00e9rt\u00e9s\u00fcket! Az \u00fcgyeleti alapell\u00e1t\u00e1st 2023. okt\u00f3ber 1-t\u0151l az Orsz\u00e1gos Ment\u0151szolg\u00e1lat [&hellip;]\" \/>\n<meta property=\"og:url\" content=\"https:\/\/nagykokenyes.hu\/?page_id=352\" \/>\n<meta property=\"og:site_name\" content=\"Nagyk\u00f6k\u00e9nyes K\u00f6zs\u00e9g \u00d6nkorm\u00e1nyzata\" \/>\n<meta property=\"article:modified_time\" content=\"2023-08-22T20:14:27+00:00\" \/>\n<meta property=\"og:image\" content=\"http:\/\/nagykokenyes.hu\/wp-content\/uploads\/2018\/05\/orvosiugyelet.jpg\" \/>\n<meta name=\"twitter:card\" content=\"summary_large_image\" \/>\n<meta name=\"twitter:label1\" content=\"Becs\u00fclt olvas\u00e1si id\u0151\" \/>\n\t<meta name=\"twitter:data1\" content=\"1 perc\" \/>\n<script type=\"application\/ld+json\" class=\"yoast-schema-graph\">{\"@context\":\"https:\/\/schema.org\",\"@graph\":[{\"@type\":\"WebPage\",\"@id\":\"https:\/\/nagykokenyes.hu\/?page_id=352\",\"url\":\"https:\/\/nagykokenyes.hu\/?page_id=352\",\"name\":\"Orvosi \u00fcgyelet - Nagyk\u00f6k\u00e9nyes K\u00f6zs\u00e9g \u00d6nkorm\u00e1nyzata\",\"isPartOf\":{\"@id\":\"https:\/\/nagykokenyes.hu\/#website\"},\"primaryImageOfPage\":{\"@id\":\"https:\/\/nagykokenyes.hu\/?page_id=352#primaryimage\"},\"image\":{\"@id\":\"https:\/\/nagykokenyes.hu\/?page_id=352#primaryimage\"},\"thumbnailUrl\":\"http:\/\/nagykokenyes.hu\/wp-content\/uploads\/2018\/05\/orvosiugyelet.jpg\",\"datePublished\":\"2018-06-18T18:49:37+00:00\",\"dateModified\":\"2023-08-22T20:14:27+00:00\",\"breadcrumb\":{\"@id\":\"https:\/\/nagykokenyes.hu\/?page_id=352#breadcrumb\"},\"inLanguage\":\"hu\",\"potentialAction\":[{\"@type\":\"ReadAction\",\"target\":[\"https:\/\/nagykokenyes.hu\/?page_id=352\"]}]},{\"@type\":\"ImageObject\",\"inLanguage\":\"hu\",\"@id\":\"https:\/\/nagykokenyes.hu\/?page_id=352#primaryimage\",\"url\":\"http:\/\/nagykokenyes.hu\/wp-content\/uploads\/2018\/05\/orvosiugyelet.jpg\",\"contentUrl\":\"http:\/\/nagykokenyes.hu\/wp-content\/uploads\/2018\/05\/orvosiugyelet.jpg\"},{\"@type\":\"BreadcrumbList\",\"@id\":\"https:\/\/nagykokenyes.hu\/?page_id=352#breadcrumb\",\"itemListElement\":[{\"@type\":\"ListItem\",\"position\":1,\"name\":\"Kezd\u0151lap\",\"item\":\"https:\/\/nagykokenyes.hu\/\"},{\"@type\":\"ListItem\",\"position\":2,\"name\":\"Orvosi \u00fcgyelet\"}]},{\"@type\":\"WebSite\",\"@id\":\"https:\/\/nagykokenyes.hu\/#website\",\"url\":\"https:\/\/nagykokenyes.hu\/\",\"name\":\"Nagyk\u00f6k\u00e9nyes K\u00f6zs\u00e9g \u00d6nkorm\u00e1nyzata\",\"description\":\"\",\"potentialAction\":[{\"@type\":\"SearchAction\",\"target\":{\"@type\":\"EntryPoint\",\"urlTemplate\":\"https:\/\/nagykokenyes.hu\/?s={search_term_string}\"},\"query-input\":{\"@type\":\"PropertyValueSpecification\",\"valueRequired\":true,\"valueName\":\"search_term_string\"}}],\"inLanguage\":\"hu\"}]}<\/script>\n<!-- \/ Yoast SEO plugin. -->","yoast_head_json":{"title":"Orvosi \u00fcgyelet - Nagyk\u00f6k\u00e9nyes K\u00f6zs\u00e9g \u00d6nkorm\u00e1nyzata","robots":{"index":"index","follow":"follow","max-snippet":"max-snippet:-1","max-image-preview":"max-image-preview:large","max-video-preview":"max-video-preview:-1"},"canonical":"https:\/\/nagykokenyes.hu\/?page_id=352","og_locale":"hu_HU","og_type":"article","og_title":"Orvosi \u00fcgyelet - Nagyk\u00f6k\u00e9nyes K\u00f6zs\u00e9g \u00d6nkorm\u00e1nyzata","og_description":"TISZTELT LAKOSOK! Ez\u00faton k\u00edv\u00e1nom t\u00e1j\u00e9koztatni \u00d6n\u00f6ket, hogy az Orvosi \u00dcgyelet telefonos el\u00e9rhet\u0151s\u00e9ge 2023. augusztus 01. napj\u00e1t\u00f3l kezd\u0151d\u0151en MEGV\u00c1LTOZIK. Tisztelettel k\u00e9rem, hogy a j\u00f6v\u0151ben az al\u00e1bbi h\u00edv\u00f3sz\u00e1mon kereszt\u00fcl sz\u00edveskedjenek keresni az orvosi \u00fcgyeletet: 06-30\/564-6439 Term\u00e9szetesen az orvosi \u00fcgyelet egy\u00e9b el\u00e9rhet\u0151s\u00e9gi adataiban v\u00e1ltoz\u00e1s nem t\u00f6rt\u00e9nt. K\u00e9rj\u00fck sz\u00edves meg\u00e9rt\u00e9s\u00fcket! Az \u00fcgyeleti alapell\u00e1t\u00e1st 2023. okt\u00f3ber 1-t\u0151l az Orsz\u00e1gos Ment\u0151szolg\u00e1lat [&hellip;]","og_url":"https:\/\/nagykokenyes.hu\/?page_id=352","og_site_name":"Nagyk\u00f6k\u00e9nyes K\u00f6zs\u00e9g \u00d6nkorm\u00e1nyzata","article_modified_time":"2023-08-22T20:14:27+00:00","og_image":[{"url":"http:\/\/nagykokenyes.hu\/wp-content\/uploads\/2018\/05\/orvosiugyelet.jpg","type":"","width":"","height":""}],"twitter_card":"summary_large_image","twitter_misc":{"Becs\u00fclt olvas\u00e1si id\u0151":"1 perc"},"schema":{"@context":"https:\/\/schema.org","@graph":[{"@type":"WebPage","@id":"https:\/\/nagykokenyes.hu\/?page_id=352","url":"https:\/\/nagykokenyes.hu\/?page_id=352","name":"Orvosi \u00fcgyelet - Nagyk\u00f6k\u00e9nyes K\u00f6zs\u00e9g \u00d6nkorm\u00e1nyzata","isPartOf":{"@id":"https:\/\/nagykokenyes.hu\/#website"},"primaryImageOfPage":{"@id":"https:\/\/nagykokenyes.hu\/?page_id=352#primaryimage"},"image":{"@id":"https:\/\/nagykokenyes.hu\/?page_id=352#primaryimage"},"thumbnailUrl":"http:\/\/nagykokenyes.hu\/wp-content\/uploads\/2018\/05\/orvosiugyelet.jpg","datePublished":"2018-06-18T18:49:37+00:00","dateModified":"2023-08-22T20:14:27+00:00","breadcrumb":{"@id":"https:\/\/nagykokenyes.hu\/?page_id=352#breadcrumb"},"inLanguage":"hu","potentialAction":[{"@type":"ReadAction","target":["https:\/\/nagykokenyes.hu\/?page_id=352"]}]},{"@type":"ImageObject","inLanguage":"hu","@id":"https:\/\/nagykokenyes.hu\/?page_id=352#primaryimage","url":"http:\/\/nagykokenyes.hu\/wp-content\/uploads\/2018\/05\/orvosiugyelet.jpg","contentUrl":"http:\/\/nagykokenyes.hu\/wp-content\/uploads\/2018\/05\/orvosiugyelet.jpg"},{"@type":"BreadcrumbList","@id":"https:\/\/nagykokenyes.hu\/?page_id=352#breadcrumb","itemListElement":[{"@type":"ListItem","position":1,"name":"Kezd\u0151lap","item":"https:\/\/nagykokenyes.hu\/"},{"@type":"ListItem","position":2,"name":"Orvosi \u00fcgyelet"}]},{"@type":"WebSite","@id":"https:\/\/nagykokenyes.hu\/#website","url":"https:\/\/nagykokenyes.hu\/","name":"Nagyk\u00f6k\u00e9nyes K\u00f6zs\u00e9g \u00d6nkorm\u00e1nyzata","description":"","potentialAction":[{"@type":"SearchAction","target":{"@type":"EntryPoint","urlTemplate":"https:\/\/nagykokenyes.hu\/?s={search_term_string}"},"query-input":{"@type":"PropertyValueSpecification","valueRequired":true,"valueName":"search_term_string"}}],"inLanguage":"hu"}]}},"_links":{"self":[{"href":"https:\/\/nagykokenyes.hu\/index.php?rest_route=\/wp\/v2\/pages\/352","targetHints":{"allow":["GET"]}}],"collection":[{"href":"https:\/\/nagykokenyes.hu\/index.php?rest_route=\/wp\/v2\/pages"}],"about":[{"href":"https:\/\/nagykokenyes.hu\/index.php?rest_route=\/wp\/v2\/types\/page"}],"author":[{"embeddable":true,"href":"https:\/\/nagykokenyes.hu\/index.php?rest_route=\/wp\/v2\/users\/1"}],"replies":[{"embeddable":true,"href":"https:\/\/nagykokenyes.hu\/index.php?rest_route=%2Fwp%2Fv2%2Fcomments&post=352"}],"version-history":[{"count":6,"href":"https:\/\/nagykokenyes.hu\/index.php?rest_route=\/wp\/v2\/pages\/352\/revisions"}],"predecessor-version":[{"id":7105,"href":"https:\/\/nagykokenyes.hu\/index.php?rest_route=\/wp\/v2\/pages\/352\/revisions\/7105"}],"wp:attachment":[{"href":"https:\/\/nagykokenyes.hu\/index.php?rest_route=%2Fwp%2Fv2%2Fmedia&parent=352"}],"curies":[{"name":"wp","href":"https:\/\/api.w.org\/{rel}","templated":true}]}}