{"id":3667,"date":"2020-12-15T00:18:48","date_gmt":"2020-12-14T22:18:48","guid":{"rendered":"https:\/\/nagykokenyes.hu\/?page_id=3667"},"modified":"2020-12-15T00:18:48","modified_gmt":"2020-12-14T22:18:48","slug":"vilagito-adventi-kalendarium-tizenharmadik-ablak","status":"publish","type":"page","link":"https:\/\/nagykokenyes.hu\/?page_id=3667","title":{"rendered":"Vil\u00e1g\u00edt\u00f3 Adventi Kalend\u00e1rium \u2013 Tizenharmadik ablak"},"content":{"rendered":"<p><a href=\"https:\/\/nagykokenyes.hu\/wp-content\/uploads\/2020\/12\/13.jpg\"><img loading=\"lazy\" decoding=\"async\" class=\"size-full wp-image-3332 alignleft\" src=\"https:\/\/nagykokenyes.hu\/wp-content\/uploads\/2020\/12\/13.jpg\" alt=\"\" width=\"139\" height=\"140\" \/><\/a> Ablak el\u0151tt hatalmas t\u00e9r,<br \/>\nK\u00f6zel\u00e9ben csordog\u00e1l a patak,<br \/>\nAz utc\u00e1t pedig arr\u00f3l nevezt\u00e9k,<br \/>\nkit a b\u00f6rt\u00f6n\u00e9b\u0151l szabad\u00edtottak.<br \/>\nA t\u00e9rr\u0151l m\u00e1r n\u00e9gy sz\u00e1mot l\u00e1thatsz,<br \/>\nKeresd h\u00e1t a Luca-napi tizenh\u00e1rmast.<\/p>\n<div id='gallery-1' class='gallery galleryid-3667 gallery-columns-4 gallery-size-thumbnail'><figure class='gallery-item'>\n\t\t\t<div class='gallery-icon landscape'>\n\t\t\t\t<a href='https:\/\/nagykokenyes.hu\/wp-content\/uploads\/2020\/12\/131136421_10158946874238966_1149626356928606016_n-1.jpg'><img loading=\"lazy\" decoding=\"async\" width=\"150\" height=\"150\" src=\"https:\/\/nagykokenyes.hu\/wp-content\/uploads\/2020\/12\/131136421_10158946874238966_1149626356928606016_n-1-150x150.jpg\" class=\"attachment-thumbnail size-thumbnail\" alt=\"\" \/><\/a>\n\t\t\t<\/div><\/figure><figure class='gallery-item'>\n\t\t\t<div class='gallery-icon landscape'>\n\t\t\t\t<a href='https:\/\/nagykokenyes.hu\/wp-content\/uploads\/2020\/12\/IMG_20201213_171955-1.jpg'><img loading=\"lazy\" decoding=\"async\" width=\"150\" height=\"150\" src=\"https:\/\/nagykokenyes.hu\/wp-content\/uploads\/2020\/12\/IMG_20201213_171955-1-150x150.jpg\" class=\"attachment-thumbnail size-thumbnail\" alt=\"\" \/><\/a>\n\t\t\t<\/div><\/figure><figure class='gallery-item'>\n\t\t\t<div class='gallery-icon landscape'>\n\t\t\t\t<a href='https:\/\/nagykokenyes.hu\/wp-content\/uploads\/2020\/12\/131013948_3870116289689241_6620387267060031137_o.jpg'><img loading=\"lazy\" decoding=\"async\" width=\"150\" height=\"150\" src=\"https:\/\/nagykokenyes.hu\/wp-content\/uploads\/2020\/12\/131013948_3870116289689241_6620387267060031137_o-150x150.jpg\" class=\"attachment-thumbnail size-thumbnail\" alt=\"\" \/><\/a>\n\t\t\t<\/div><\/figure><figure class='gallery-item'>\n\t\t\t<div class='gallery-icon landscape'>\n\t\t\t\t<a href='https:\/\/nagykokenyes.hu\/wp-content\/uploads\/2020\/12\/131128935_3870115566355980_6320294654321009039_o.jpg'><img loading=\"lazy\" decoding=\"async\" width=\"150\" height=\"150\" src=\"https:\/\/nagykokenyes.hu\/wp-content\/uploads\/2020\/12\/131128935_3870115566355980_6320294654321009039_o-150x150.jpg\" class=\"attachment-thumbnail size-thumbnail\" alt=\"\" \/><\/a>\n\t\t\t<\/div><\/figure>\n\t\t<\/div>\n\n","protected":false},"excerpt":{"rendered":"<p>Ablak el\u0151tt hatalmas t\u00e9r, K\u00f6zel\u00e9ben csordog\u00e1l a patak, Az utc\u00e1t pedig arr\u00f3l nevezt\u00e9k, kit a b\u00f6rt\u00f6n\u00e9b\u0151l szabad\u00edtottak. A t\u00e9rr\u0151l m\u00e1r n\u00e9gy sz\u00e1mot l\u00e1thatsz, Keresd h\u00e1t a Luca-napi tizenh\u00e1rmast.<\/p>\n","protected":false},"author":3,"featured_media":0,"parent":0,"menu_order":0,"comment_status":"closed","ping_status":"closed","template":"","meta":{"footnotes":""},"class_list":["post-3667","page","type-page","status-publish","hentry"],"yoast_head":"<!-- This site is optimized with the Yoast SEO plugin v26.5 - https:\/\/yoast.com\/wordpress\/plugins\/seo\/ -->\n<title>Vil\u00e1g\u00edt\u00f3 Adventi Kalend\u00e1rium \u2013 Tizenharmadik ablak - Nagyk\u00f6k\u00e9nyes K\u00f6zs\u00e9g \u00d6nkorm\u00e1nyzata<\/title>\n<meta name=\"robots\" content=\"index, follow, max-snippet:-1, max-image-preview:large, max-video-preview:-1\" \/>\n<link rel=\"canonical\" href=\"https:\/\/nagykokenyes.hu\/?page_id=3667\" \/>\n<meta property=\"og:locale\" content=\"hu_HU\" \/>\n<meta property=\"og:type\" content=\"article\" \/>\n<meta property=\"og:title\" content=\"Vil\u00e1g\u00edt\u00f3 Adventi Kalend\u00e1rium \u2013 Tizenharmadik ablak - Nagyk\u00f6k\u00e9nyes K\u00f6zs\u00e9g \u00d6nkorm\u00e1nyzata\" \/>\n<meta property=\"og:description\" content=\"Ablak el\u0151tt hatalmas t\u00e9r, K\u00f6zel\u00e9ben csordog\u00e1l a patak, Az utc\u00e1t pedig arr\u00f3l nevezt\u00e9k, kit a b\u00f6rt\u00f6n\u00e9b\u0151l szabad\u00edtottak. A t\u00e9rr\u0151l m\u00e1r n\u00e9gy sz\u00e1mot l\u00e1thatsz, Keresd h\u00e1t a Luca-napi tizenh\u00e1rmast.\" \/>\n<meta property=\"og:url\" content=\"https:\/\/nagykokenyes.hu\/?page_id=3667\" \/>\n<meta property=\"og:site_name\" content=\"Nagyk\u00f6k\u00e9nyes K\u00f6zs\u00e9g \u00d6nkorm\u00e1nyzata\" \/>\n<meta property=\"og:image\" content=\"https:\/\/nagykokenyes.hu\/wp-content\/uploads\/2020\/12\/131136421_10158946874238966_1149626356928606016_n-1-150x150.jpg\" \/>\n<meta name=\"twitter:card\" content=\"summary_large_image\" \/>\n<script type=\"application\/ld+json\" class=\"yoast-schema-graph\">{\"@context\":\"https:\/\/schema.org\",\"@graph\":[{\"@type\":\"WebPage\",\"@id\":\"https:\/\/nagykokenyes.hu\/?page_id=3667\",\"url\":\"https:\/\/nagykokenyes.hu\/?page_id=3667\",\"name\":\"Vil\u00e1g\u00edt\u00f3 Adventi Kalend\u00e1rium \u2013 Tizenharmadik ablak - Nagyk\u00f6k\u00e9nyes K\u00f6zs\u00e9g \u00d6nkorm\u00e1nyzata\",\"isPartOf\":{\"@id\":\"https:\/\/nagykokenyes.hu\/#website\"},\"primaryImageOfPage\":{\"@id\":\"https:\/\/nagykokenyes.hu\/?page_id=3667#primaryimage\"},\"image\":{\"@id\":\"https:\/\/nagykokenyes.hu\/?page_id=3667#primaryimage\"},\"thumbnailUrl\":\"https:\/\/nagykokenyes.hu\/wp-content\/uploads\/2020\/12\/13.jpg\",\"datePublished\":\"2020-12-14T22:18:48+00:00\",\"breadcrumb\":{\"@id\":\"https:\/\/nagykokenyes.hu\/?page_id=3667#breadcrumb\"},\"inLanguage\":\"hu\",\"potentialAction\":[{\"@type\":\"ReadAction\",\"target\":[\"https:\/\/nagykokenyes.hu\/?page_id=3667\"]}]},{\"@type\":\"ImageObject\",\"inLanguage\":\"hu\",\"@id\":\"https:\/\/nagykokenyes.hu\/?page_id=3667#primaryimage\",\"url\":\"https:\/\/nagykokenyes.hu\/wp-content\/uploads\/2020\/12\/13.jpg\",\"contentUrl\":\"https:\/\/nagykokenyes.hu\/wp-content\/uploads\/2020\/12\/13.jpg\"},{\"@type\":\"BreadcrumbList\",\"@id\":\"https:\/\/nagykokenyes.hu\/?page_id=3667#breadcrumb\",\"itemListElement\":[{\"@type\":\"ListItem\",\"position\":1,\"name\":\"Kezd\u0151lap\",\"item\":\"https:\/\/nagykokenyes.hu\/\"},{\"@type\":\"ListItem\",\"position\":2,\"name\":\"Vil\u00e1g\u00edt\u00f3 Adventi Kalend\u00e1rium \u2013 Tizenharmadik ablak\"}]},{\"@type\":\"WebSite\",\"@id\":\"https:\/\/nagykokenyes.hu\/#website\",\"url\":\"https:\/\/nagykokenyes.hu\/\",\"name\":\"Nagyk\u00f6k\u00e9nyes K\u00f6zs\u00e9g \u00d6nkorm\u00e1nyzata\",\"description\":\"\",\"potentialAction\":[{\"@type\":\"SearchAction\",\"target\":{\"@type\":\"EntryPoint\",\"urlTemplate\":\"https:\/\/nagykokenyes.hu\/?s={search_term_string}\"},\"query-input\":{\"@type\":\"PropertyValueSpecification\",\"valueRequired\":true,\"valueName\":\"search_term_string\"}}],\"inLanguage\":\"hu\"}]}<\/script>\n<!-- \/ Yoast SEO plugin. -->","yoast_head_json":{"title":"Vil\u00e1g\u00edt\u00f3 Adventi Kalend\u00e1rium \u2013 Tizenharmadik ablak - Nagyk\u00f6k\u00e9nyes K\u00f6zs\u00e9g \u00d6nkorm\u00e1nyzata","robots":{"index":"index","follow":"follow","max-snippet":"max-snippet:-1","max-image-preview":"max-image-preview:large","max-video-preview":"max-video-preview:-1"},"canonical":"https:\/\/nagykokenyes.hu\/?page_id=3667","og_locale":"hu_HU","og_type":"article","og_title":"Vil\u00e1g\u00edt\u00f3 Adventi Kalend\u00e1rium \u2013 Tizenharmadik ablak - Nagyk\u00f6k\u00e9nyes K\u00f6zs\u00e9g \u00d6nkorm\u00e1nyzata","og_description":"Ablak el\u0151tt hatalmas t\u00e9r, K\u00f6zel\u00e9ben csordog\u00e1l a patak, Az utc\u00e1t pedig arr\u00f3l nevezt\u00e9k, kit a b\u00f6rt\u00f6n\u00e9b\u0151l szabad\u00edtottak. A t\u00e9rr\u0151l m\u00e1r n\u00e9gy sz\u00e1mot l\u00e1thatsz, Keresd h\u00e1t a Luca-napi tizenh\u00e1rmast.","og_url":"https:\/\/nagykokenyes.hu\/?page_id=3667","og_site_name":"Nagyk\u00f6k\u00e9nyes K\u00f6zs\u00e9g \u00d6nkorm\u00e1nyzata","og_image":[{"url":"https:\/\/nagykokenyes.hu\/wp-content\/uploads\/2020\/12\/131136421_10158946874238966_1149626356928606016_n-1-150x150.jpg","type":"","width":"","height":""}],"twitter_card":"summary_large_image","schema":{"@context":"https:\/\/schema.org","@graph":[{"@type":"WebPage","@id":"https:\/\/nagykokenyes.hu\/?page_id=3667","url":"https:\/\/nagykokenyes.hu\/?page_id=3667","name":"Vil\u00e1g\u00edt\u00f3 Adventi Kalend\u00e1rium \u2013 Tizenharmadik ablak - Nagyk\u00f6k\u00e9nyes K\u00f6zs\u00e9g \u00d6nkorm\u00e1nyzata","isPartOf":{"@id":"https:\/\/nagykokenyes.hu\/#website"},"primaryImageOfPage":{"@id":"https:\/\/nagykokenyes.hu\/?page_id=3667#primaryimage"},"image":{"@id":"https:\/\/nagykokenyes.hu\/?page_id=3667#primaryimage"},"thumbnailUrl":"https:\/\/nagykokenyes.hu\/wp-content\/uploads\/2020\/12\/13.jpg","datePublished":"2020-12-14T22:18:48+00:00","breadcrumb":{"@id":"https:\/\/nagykokenyes.hu\/?page_id=3667#breadcrumb"},"inLanguage":"hu","potentialAction":[{"@type":"ReadAction","target":["https:\/\/nagykokenyes.hu\/?page_id=3667"]}]},{"@type":"ImageObject","inLanguage":"hu","@id":"https:\/\/nagykokenyes.hu\/?page_id=3667#primaryimage","url":"https:\/\/nagykokenyes.hu\/wp-content\/uploads\/2020\/12\/13.jpg","contentUrl":"https:\/\/nagykokenyes.hu\/wp-content\/uploads\/2020\/12\/13.jpg"},{"@type":"BreadcrumbList","@id":"https:\/\/nagykokenyes.hu\/?page_id=3667#breadcrumb","itemListElement":[{"@type":"ListItem","position":1,"name":"Kezd\u0151lap","item":"https:\/\/nagykokenyes.hu\/"},{"@type":"ListItem","position":2,"name":"Vil\u00e1g\u00edt\u00f3 Adventi Kalend\u00e1rium \u2013 Tizenharmadik ablak"}]},{"@type":"WebSite","@id":"https:\/\/nagykokenyes.hu\/#website","url":"https:\/\/nagykokenyes.hu\/","name":"Nagyk\u00f6k\u00e9nyes K\u00f6zs\u00e9g \u00d6nkorm\u00e1nyzata","description":"","potentialAction":[{"@type":"SearchAction","target":{"@type":"EntryPoint","urlTemplate":"https:\/\/nagykokenyes.hu\/?s={search_term_string}"},"query-input":{"@type":"PropertyValueSpecification","valueRequired":true,"valueName":"search_term_string"}}],"inLanguage":"hu"}]}},"_links":{"self":[{"href":"https:\/\/nagykokenyes.hu\/index.php?rest_route=\/wp\/v2\/pages\/3667","targetHints":{"allow":["GET"]}}],"collection":[{"href":"https:\/\/nagykokenyes.hu\/index.php?rest_route=\/wp\/v2\/pages"}],"about":[{"href":"https:\/\/nagykokenyes.hu\/index.php?rest_route=\/wp\/v2\/types\/page"}],"author":[{"embeddable":true,"href":"https:\/\/nagykokenyes.hu\/index.php?rest_route=\/wp\/v2\/users\/3"}],"replies":[{"embeddable":true,"href":"https:\/\/nagykokenyes.hu\/index.php?rest_route=%2Fwp%2Fv2%2Fcomments&post=3667"}],"version-history":[{"count":1,"href":"https:\/\/nagykokenyes.hu\/index.php?rest_route=\/wp\/v2\/pages\/3667\/revisions"}],"predecessor-version":[{"id":3668,"href":"https:\/\/nagykokenyes.hu\/index.php?rest_route=\/wp\/v2\/pages\/3667\/revisions\/3668"}],"wp:attachment":[{"href":"https:\/\/nagykokenyes.hu\/index.php?rest_route=%2Fwp%2Fv2%2Fmedia&parent=3667"}],"curies":[{"name":"wp","href":"https:\/\/api.w.org\/{rel}","templated":true}]}}

Világító Adventi Kalendárium – Tizenharmadik ablak

<p><a href="https://nagykokenyes.hu/wp-content/uploads/2020/12/13.jpg"><img loading="lazy" decoding="async" class="size-full wp-image-3332 alignleft" src="https://nagykokenyes.hu/wp-content/uploads/2020/12/13.jpg" alt="" width="139" height="140" /></a> Ablak előtt hatalmas tér,<br />
Közelében csordogál a patak,<br />
Az utcát pedig arról nevezték,<br />
kit a börtönéből szabadítottak.<br />
A térről már négy számot láthatsz,<br />
Keresd hát a Luca-napi tizenhármast.</p>
<div id='gallery-1' class='gallery galleryid-3667 gallery-columns-4 gallery-size-thumbnail'><figure class='gallery-item'>
			<div class='gallery-icon landscape'>
				<a href='https://nagykokenyes.hu/wp-content/uploads/2020/12/131136421_10158946874238966_1149626356928606016_n-1.jpg'><img loading="lazy" decoding="async" width="150" height="150" src="https://nagykokenyes.hu/wp-content/uploads/2020/12/131136421_10158946874238966_1149626356928606016_n-1-150x150.jpg" class="attachment-thumbnail size-thumbnail" alt="" /></a>
			</div></figure><figure class='gallery-item'>
			<div class='gallery-icon landscape'>
				<a href='https://nagykokenyes.hu/wp-content/uploads/2020/12/IMG_20201213_171955-1.jpg'><img loading="lazy" decoding="async" width="150" height="150" src="https://nagykokenyes.hu/wp-content/uploads/2020/12/IMG_20201213_171955-1-150x150.jpg" class="attachment-thumbnail size-thumbnail" alt="" /></a>
			</div></figure><figure class='gallery-item'>
			<div class='gallery-icon landscape'>
				<a href='https://nagykokenyes.hu/wp-content/uploads/2020/12/131013948_3870116289689241_6620387267060031137_o.jpg'><img loading="lazy" decoding="async" width="150" height="150" src="https://nagykokenyes.hu/wp-content/uploads/2020/12/131013948_3870116289689241_6620387267060031137_o-150x150.jpg" class="attachment-thumbnail size-thumbnail" alt="" /></a>
			</div></figure><figure class='gallery-item'>
			<div class='gallery-icon landscape'>
				<a href='https://nagykokenyes.hu/wp-content/uploads/2020/12/131128935_3870115566355980_6320294654321009039_o.jpg'><img loading="lazy" decoding="async" width="150" height="150" src="https://nagykokenyes.hu/wp-content/uploads/2020/12/131128935_3870115566355980_6320294654321009039_o-150x150.jpg" class="attachment-thumbnail size-thumbnail" alt="" /></a>
			</div></figure>
		</div>

<p>Ablak előtt hatalmas tér, Közelében csordogál a patak, Az utcát pedig arról nevezték, kit a börtönéből szabadítottak. A térről már négy számot láthatsz, Keresd hát a Luca-napi tizenhármast.</p>

<!-- This site is optimized with the Yoast SEO plugin v26.5 - https://yoast.com/wordpress/plugins/seo/ -->
<title>Világító Adventi Kalendárium – Tizenharmadik ablak - Nagykökényes Község Önkormányzata</title>
<meta name="robots" content="index, follow, max-snippet:-1, max-image-preview:large, max-video-preview:-1" />
<link rel="canonical" href="https://nagykokenyes.hu/?page_id=3667" />
<meta property="og:locale" content="hu_HU" />
<meta property="og:type" content="article" />
<meta property="og:title" content="Világító Adventi Kalendárium – Tizenharmadik ablak - Nagykökényes Község Önkormányzata" />
<meta property="og:description" content="Ablak előtt hatalmas tér, Közelében csordogál a patak, Az utcát pedig arról nevezték, kit a börtönéből szabadítottak. A térről már négy számot láthatsz, Keresd hát a Luca-napi tizenhármast." />
<meta property="og:url" content="https://nagykokenyes.hu/?page_id=3667" />
<meta property="og:site_name" content="Nagykökényes Község Önkormányzata" />
<meta property="og:image" content="https://nagykokenyes.hu/wp-content/uploads/2020/12/131136421_10158946874238966_1149626356928606016_n-1-150x150.jpg" />
<meta name="twitter:card" content="summary_large_image" />
<script type="application/ld+json" class="yoast-schema-graph">{"@context":"https://schema.org","@graph":[{"@type":"WebPage","@id":"https://nagykokenyes.hu/?page_id=3667","url":"https://nagykokenyes.hu/?page_id=3667","name":"Világító Adventi Kalendárium – Tizenharmadik ablak - Nagykökényes Község Önkormányzata","isPartOf":{"@id":"https://nagykokenyes.hu/#website"},"primaryImageOfPage":{"@id":"https://nagykokenyes.hu/?page_id=3667#primaryimage"},"image":{"@id":"https://nagykokenyes.hu/?page_id=3667#primaryimage"},"thumbnailUrl":"https://nagykokenyes.hu/wp-content/uploads/2020/12/13.jpg","datePublished":"2020-12-14T22:18:48+00:00","breadcrumb":{"@id":"https://nagykokenyes.hu/?page_id=3667#breadcrumb"},"inLanguage":"hu","potentialAction":[{"@type":"ReadAction","target":["https://nagykokenyes.hu/?page_id=3667"]}]},{"@type":"ImageObject","inLanguage":"hu","@id":"https://nagykokenyes.hu/?page_id=3667#primaryimage","url":"https://nagykokenyes.hu/wp-content/uploads/2020/12/13.jpg","contentUrl":"https://nagykokenyes.hu/wp-content/uploads/2020/12/13.jpg"},{"@type":"BreadcrumbList","@id":"https://nagykokenyes.hu/?page_id=3667#breadcrumb","itemListElement":[{"@type":"ListItem","position":1,"name":"Kezdőlap","item":"https://nagykokenyes.hu/"},{"@type":"ListItem","position":2,"name":"Világító Adventi Kalendárium – Tizenharmadik ablak"}]},{"@type":"WebSite","@id":"https://nagykokenyes.hu/#website","url":"https://nagykokenyes.hu/","name":"Nagykökényes Község Önkormányzata","description":"","potentialAction":[{"@type":"SearchAction","target":{"@type":"EntryPoint","urlTemplate":"https://nagykokenyes.hu/?s={search_term_string}"},"query-input":{"@type":"PropertyValueSpecification","valueRequired":true,"valueName":"search_term_string"}}],"inLanguage":"hu"}]}</script>
<!-- / Yoast SEO plugin. -->

Világító Adventi Kalendárium – Tizenharmadik ablak - Nagykökényes Község Önkormányzata

Ablak előtt hatalmas tér, Közelében csordogál a patak, Az utcát pedig arról nevezték, kit a börtönéből szabadítottak. A térről már négy számot láthatsz, Keresd hát a Luca-napi tizenhármast.

Nagykökényes Község Önkormányzata

Kezdőlap
