{"id":7315,"date":"2023-10-27T12:57:24","date_gmt":"2023-10-27T10:57:24","guid":{"rendered":"https:\/\/nagykokenyes.hu\/?page_id=7315"},"modified":"2024-04-23T10:38:38","modified_gmt":"2024-04-23T08:38:38","slug":"2024-evi-altalanos-valasztasok","status":"publish","type":"page","link":"https:\/\/nagykokenyes.hu\/?page_id=7315","title":{"rendered":"2024. \u00e9vi \u00e1ltal\u00e1nos v\u00e1laszt\u00e1sok"},"content":{"rendered":"<pre><strong>V\u00c1LASZT\u00d3POLG\u00c1ROKNAK<\/strong><\/pre>\n<ul>\n<li class=\"mt-1 mb-3\"><a href=\"https:\/\/vtr.valasztas.hu\/onk2024\/valasztopolgaroknak\/szavazasi-informaciok\/hataridok?tab=voter\">Hat\u00e1rid\u0151k, hat\u00e1rnapok<\/a><\/li>\n<li id=\"megnevezes\" class=\"align-left text-uppercase \"><a href=\"https:\/\/www.magyarorszag.hu\/szuf_ugyleiras?id=ef7d053e-eaa5-41a4-8d18-8535e252277b&amp;_n=tajekoztatas_ajanlasrol_-_kit_ajanlottam%3F\">T\u00c1J\u00c9KOZTAT\u00c1S AJ\u00c1NL\u00c1SR\u00d3L &#8211; KIT AJ\u00c1NLOTTAM?<\/a><\/li>\n<\/ul>\n<pre><strong>JEL\u00d6LTEKNEK\r\n<\/strong><\/pre>\n<ul>\n<li>NAGYK\u00d6K\u00c9NYES\u00a0telep\u00fcl\u00e9s polg\u00e1rmester-jel\u00f6lts\u00e9ghez \u00e9s k\u00e9pvisel\u0151jel\u00f6lts\u00e9ghez sz\u00fcks\u00e9ges aj\u00e1nl\u00e1ssz\u00e1mok meg\u00e1llap\u00edt\u00e1s\u00e1r\u00f3l sz\u00f3l\u00f3\u00a03\/2024. (IV.4.) HVI vezet\u0151i\u00a0<a href=\"https:\/\/nagykokenyes.hu\/wp-content\/uploads\/2024\/04\/NAGYKOKENYES-telepules-polgarmester-jeloltseghez-es-kepviselojeloltseghez-szukseges-ajanlasszamok-megallapitasarol-szolo-3-2024.-IV.4.-HVI-vezetoi-kozlemeny-1-1.pdf\" target=\"_blank\" rel=\"noopener\" data-saferedirecturl=\"https:\/\/www.google.com\/url?q=https:\/\/nagykokenyes.hu\/wp-content\/uploads\/2024\/04\/NAGYKOKENYES-telepules-polgarmester-jeloltseghez-es-kepviselojeloltseghez-szukseges-ajanlasszamok-megallapitasarol-szolo-3-2024.-IV.4.-HVI-vezetoi-kozlemeny-1.pdf&amp;source=gmail&amp;ust=1713939228663000&amp;usg=AOvVaw1EkWRSXD1OoCmJO0FlYrCC\">k\u00f6zlem\u00e9nye<\/a><\/li>\n<li><a href=\"https:\/\/www.valasztas.hu\/helyi-onkormanyzati-valasztasok1\">Helyi \u00f6nkorm\u00e1nyzati v\u00e1laszt\u00e1si elj\u00e1r\u00e1s &#8211; nyomtatv\u00e1nyok jel\u00f6ltek, jel\u00f6l\u0151 szervezetek r\u00e9sz\u00e9re<\/a><\/li>\n<li class=\"mt-1 mb-3\"><a href=\"https:\/\/vtr.valasztas.hu\/onk2024\/valasztopolgaroknak\/szavazasi-informaciok\/hataridok?tab=organization\">Hat\u00e1rid\u0151k, hat\u00e1rnapok<\/a><\/li>\n<li class=\"nvi-article-title f-bold f-size-36 mt-2 mb-3\"><a href=\"https:\/\/www.valasztas.hu\/ep_onk_vbtag\">V\u00e1laszt\u00e1si bizotts\u00e1g tagj\u00e1nak megb\u00edz\u00e1sa<\/a> az Eur\u00f3pai Parlament tagjainak, valamint a helyi \u00f6nkorm\u00e1nyzati k\u00e9pvisel\u0151k \u00e9s polg\u00e1rmesterek, tov\u00e1bb\u00e1 a nemzetis\u00e9gi \u00f6nkorm\u00e1nyzati k\u00e9pvisel\u0151k k\u00f6z\u00f6s elj\u00e1r\u00e1sban tartott v\u00e1laszt\u00e1s\u00e1n<\/li>\n<li class=\"nvi-article-title f-bold f-size-36 mt-2 mb-3\"><a href=\"https:\/\/www.valasztas.hu\/nevjegyzeki-adatok-igenylese\">N\u00e9vjegyz\u00e9ki adatok ig\u00e9nyl\u00e9se<\/a><\/li>\n<\/ul>\n<pre><\/pre>\n","protected":false},"excerpt":{"rendered":"<p>V\u00c1LASZT\u00d3POLG\u00c1ROKNAK Hat\u00e1rid\u0151k, hat\u00e1rnapok T\u00c1J\u00c9KOZTAT\u00c1S AJ\u00c1NL\u00c1SR\u00d3L &#8211; KIT AJ\u00c1NLOTTAM? JEL\u00d6LTEKNEK NAGYK\u00d6K\u00c9NYES\u00a0telep\u00fcl\u00e9s polg\u00e1rmester-jel\u00f6lts\u00e9ghez \u00e9s k\u00e9pvisel\u0151jel\u00f6lts\u00e9ghez sz\u00fcks\u00e9ges aj\u00e1nl\u00e1ssz\u00e1mok meg\u00e1llap\u00edt\u00e1s\u00e1r\u00f3l sz\u00f3l\u00f3\u00a03\/2024. (IV.4.) HVI vezet\u0151i\u00a0k\u00f6zlem\u00e9nye Helyi \u00f6nkorm\u00e1nyzati v\u00e1laszt\u00e1si elj\u00e1r\u00e1s &#8211; nyomtatv\u00e1nyok jel\u00f6ltek, jel\u00f6l\u0151 szervezetek r\u00e9sz\u00e9re Hat\u00e1rid\u0151k, hat\u00e1rnapok V\u00e1laszt\u00e1si bizotts\u00e1g tagj\u00e1nak megb\u00edz\u00e1sa az Eur\u00f3pai Parlament tagjainak, valamint a helyi \u00f6nkorm\u00e1nyzati k\u00e9pvisel\u0151k \u00e9s polg\u00e1rmesterek, tov\u00e1bb\u00e1 a nemzetis\u00e9gi \u00f6nkorm\u00e1nyzati k\u00e9pvisel\u0151k k\u00f6z\u00f6s elj\u00e1r\u00e1sban tartott [&hellip;]<\/p>\n","protected":false},"author":3,"featured_media":0,"parent":0,"menu_order":0,"comment_status":"closed","ping_status":"closed","template":"","meta":{"footnotes":""},"class_list":["post-7315","page","type-page","status-publish","hentry"],"yoast_head":"<!-- This site is optimized with the Yoast SEO plugin v26.5 - https:\/\/yoast.com\/wordpress\/plugins\/seo\/ -->\n<title>2024. \u00e9vi \u00e1ltal\u00e1nos v\u00e1laszt\u00e1sok - Nagyk\u00f6k\u00e9nyes K\u00f6zs\u00e9g \u00d6nkorm\u00e1nyzata<\/title>\n<meta name=\"robots\" content=\"index, follow, max-snippet:-1, max-image-preview:large, max-video-preview:-1\" \/>\n<link rel=\"canonical\" href=\"https:\/\/nagykokenyes.hu\/?page_id=7315\" \/>\n<meta property=\"og:locale\" content=\"hu_HU\" \/>\n<meta property=\"og:type\" content=\"article\" \/>\n<meta property=\"og:title\" content=\"2024. \u00e9vi \u00e1ltal\u00e1nos v\u00e1laszt\u00e1sok - Nagyk\u00f6k\u00e9nyes K\u00f6zs\u00e9g \u00d6nkorm\u00e1nyzata\" \/>\n<meta property=\"og:description\" content=\"V\u00c1LASZT\u00d3POLG\u00c1ROKNAK Hat\u00e1rid\u0151k, hat\u00e1rnapok T\u00c1J\u00c9KOZTAT\u00c1S AJ\u00c1NL\u00c1SR\u00d3L &#8211; KIT AJ\u00c1NLOTTAM? JEL\u00d6LTEKNEK NAGYK\u00d6K\u00c9NYES\u00a0telep\u00fcl\u00e9s polg\u00e1rmester-jel\u00f6lts\u00e9ghez \u00e9s k\u00e9pvisel\u0151jel\u00f6lts\u00e9ghez sz\u00fcks\u00e9ges aj\u00e1nl\u00e1ssz\u00e1mok meg\u00e1llap\u00edt\u00e1s\u00e1r\u00f3l sz\u00f3l\u00f3\u00a03\/2024. (IV.4.) HVI vezet\u0151i\u00a0k\u00f6zlem\u00e9nye Helyi \u00f6nkorm\u00e1nyzati v\u00e1laszt\u00e1si elj\u00e1r\u00e1s &#8211; nyomtatv\u00e1nyok jel\u00f6ltek, jel\u00f6l\u0151 szervezetek r\u00e9sz\u00e9re Hat\u00e1rid\u0151k, hat\u00e1rnapok V\u00e1laszt\u00e1si bizotts\u00e1g tagj\u00e1nak megb\u00edz\u00e1sa az Eur\u00f3pai Parlament tagjainak, valamint a helyi \u00f6nkorm\u00e1nyzati k\u00e9pvisel\u0151k \u00e9s polg\u00e1rmesterek, tov\u00e1bb\u00e1 a nemzetis\u00e9gi \u00f6nkorm\u00e1nyzati k\u00e9pvisel\u0151k k\u00f6z\u00f6s elj\u00e1r\u00e1sban tartott [&hellip;]\" \/>\n<meta property=\"og:url\" content=\"https:\/\/nagykokenyes.hu\/?page_id=7315\" \/>\n<meta property=\"og:site_name\" content=\"Nagyk\u00f6k\u00e9nyes K\u00f6zs\u00e9g \u00d6nkorm\u00e1nyzata\" \/>\n<meta property=\"article:modified_time\" content=\"2024-04-23T08:38:38+00:00\" \/>\n<meta name=\"twitter:card\" content=\"summary_large_image\" \/>\n<meta name=\"twitter:label1\" content=\"Becs\u00fclt olvas\u00e1si id\u0151\" \/>\n\t<meta name=\"twitter:data1\" content=\"1 perc\" \/>\n<script type=\"application\/ld+json\" class=\"yoast-schema-graph\">{\"@context\":\"https:\/\/schema.org\",\"@graph\":[{\"@type\":\"WebPage\",\"@id\":\"https:\/\/nagykokenyes.hu\/?page_id=7315\",\"url\":\"https:\/\/nagykokenyes.hu\/?page_id=7315\",\"name\":\"2024. \u00e9vi \u00e1ltal\u00e1nos v\u00e1laszt\u00e1sok - Nagyk\u00f6k\u00e9nyes K\u00f6zs\u00e9g \u00d6nkorm\u00e1nyzata\",\"isPartOf\":{\"@id\":\"https:\/\/nagykokenyes.hu\/#website\"},\"datePublished\":\"2023-10-27T10:57:24+00:00\",\"dateModified\":\"2024-04-23T08:38:38+00:00\",\"breadcrumb\":{\"@id\":\"https:\/\/nagykokenyes.hu\/?page_id=7315#breadcrumb\"},\"inLanguage\":\"hu\",\"potentialAction\":[{\"@type\":\"ReadAction\",\"target\":[\"https:\/\/nagykokenyes.hu\/?page_id=7315\"]}]},{\"@type\":\"BreadcrumbList\",\"@id\":\"https:\/\/nagykokenyes.hu\/?page_id=7315#breadcrumb\",\"itemListElement\":[{\"@type\":\"ListItem\",\"position\":1,\"name\":\"Kezd\u0151lap\",\"item\":\"https:\/\/nagykokenyes.hu\/\"},{\"@type\":\"ListItem\",\"position\":2,\"name\":\"2024. \u00e9vi \u00e1ltal\u00e1nos v\u00e1laszt\u00e1sok\"}]},{\"@type\":\"WebSite\",\"@id\":\"https:\/\/nagykokenyes.hu\/#website\",\"url\":\"https:\/\/nagykokenyes.hu\/\",\"name\":\"Nagyk\u00f6k\u00e9nyes K\u00f6zs\u00e9g \u00d6nkorm\u00e1nyzata\",\"description\":\"\",\"potentialAction\":[{\"@type\":\"SearchAction\",\"target\":{\"@type\":\"EntryPoint\",\"urlTemplate\":\"https:\/\/nagykokenyes.hu\/?s={search_term_string}\"},\"query-input\":{\"@type\":\"PropertyValueSpecification\",\"valueRequired\":true,\"valueName\":\"search_term_string\"}}],\"inLanguage\":\"hu\"}]}<\/script>\n<!-- \/ Yoast SEO plugin. -->","yoast_head_json":{"title":"2024. \u00e9vi \u00e1ltal\u00e1nos v\u00e1laszt\u00e1sok - Nagyk\u00f6k\u00e9nyes K\u00f6zs\u00e9g \u00d6nkorm\u00e1nyzata","robots":{"index":"index","follow":"follow","max-snippet":"max-snippet:-1","max-image-preview":"max-image-preview:large","max-video-preview":"max-video-preview:-1"},"canonical":"https:\/\/nagykokenyes.hu\/?page_id=7315","og_locale":"hu_HU","og_type":"article","og_title":"2024. \u00e9vi \u00e1ltal\u00e1nos v\u00e1laszt\u00e1sok - Nagyk\u00f6k\u00e9nyes K\u00f6zs\u00e9g \u00d6nkorm\u00e1nyzata","og_description":"V\u00c1LASZT\u00d3POLG\u00c1ROKNAK Hat\u00e1rid\u0151k, hat\u00e1rnapok T\u00c1J\u00c9KOZTAT\u00c1S AJ\u00c1NL\u00c1SR\u00d3L &#8211; KIT AJ\u00c1NLOTTAM? JEL\u00d6LTEKNEK NAGYK\u00d6K\u00c9NYES\u00a0telep\u00fcl\u00e9s polg\u00e1rmester-jel\u00f6lts\u00e9ghez \u00e9s k\u00e9pvisel\u0151jel\u00f6lts\u00e9ghez sz\u00fcks\u00e9ges aj\u00e1nl\u00e1ssz\u00e1mok meg\u00e1llap\u00edt\u00e1s\u00e1r\u00f3l sz\u00f3l\u00f3\u00a03\/2024. (IV.4.) HVI vezet\u0151i\u00a0k\u00f6zlem\u00e9nye Helyi \u00f6nkorm\u00e1nyzati v\u00e1laszt\u00e1si elj\u00e1r\u00e1s &#8211; nyomtatv\u00e1nyok jel\u00f6ltek, jel\u00f6l\u0151 szervezetek r\u00e9sz\u00e9re Hat\u00e1rid\u0151k, hat\u00e1rnapok V\u00e1laszt\u00e1si bizotts\u00e1g tagj\u00e1nak megb\u00edz\u00e1sa az Eur\u00f3pai Parlament tagjainak, valamint a helyi \u00f6nkorm\u00e1nyzati k\u00e9pvisel\u0151k \u00e9s polg\u00e1rmesterek, tov\u00e1bb\u00e1 a nemzetis\u00e9gi \u00f6nkorm\u00e1nyzati k\u00e9pvisel\u0151k k\u00f6z\u00f6s elj\u00e1r\u00e1sban tartott [&hellip;]","og_url":"https:\/\/nagykokenyes.hu\/?page_id=7315","og_site_name":"Nagyk\u00f6k\u00e9nyes K\u00f6zs\u00e9g \u00d6nkorm\u00e1nyzata","article_modified_time":"2024-04-23T08:38:38+00:00","twitter_card":"summary_large_image","twitter_misc":{"Becs\u00fclt olvas\u00e1si id\u0151":"1 perc"},"schema":{"@context":"https:\/\/schema.org","@graph":[{"@type":"WebPage","@id":"https:\/\/nagykokenyes.hu\/?page_id=7315","url":"https:\/\/nagykokenyes.hu\/?page_id=7315","name":"2024. \u00e9vi \u00e1ltal\u00e1nos v\u00e1laszt\u00e1sok - Nagyk\u00f6k\u00e9nyes K\u00f6zs\u00e9g \u00d6nkorm\u00e1nyzata","isPartOf":{"@id":"https:\/\/nagykokenyes.hu\/#website"},"datePublished":"2023-10-27T10:57:24+00:00","dateModified":"2024-04-23T08:38:38+00:00","breadcrumb":{"@id":"https:\/\/nagykokenyes.hu\/?page_id=7315#breadcrumb"},"inLanguage":"hu","potentialAction":[{"@type":"ReadAction","target":["https:\/\/nagykokenyes.hu\/?page_id=7315"]}]},{"@type":"BreadcrumbList","@id":"https:\/\/nagykokenyes.hu\/?page_id=7315#breadcrumb","itemListElement":[{"@type":"ListItem","position":1,"name":"Kezd\u0151lap","item":"https:\/\/nagykokenyes.hu\/"},{"@type":"ListItem","position":2,"name":"2024. \u00e9vi \u00e1ltal\u00e1nos v\u00e1laszt\u00e1sok"}]},{"@type":"WebSite","@id":"https:\/\/nagykokenyes.hu\/#website","url":"https:\/\/nagykokenyes.hu\/","name":"Nagyk\u00f6k\u00e9nyes K\u00f6zs\u00e9g \u00d6nkorm\u00e1nyzata","description":"","potentialAction":[{"@type":"SearchAction","target":{"@type":"EntryPoint","urlTemplate":"https:\/\/nagykokenyes.hu\/?s={search_term_string}"},"query-input":{"@type":"PropertyValueSpecification","valueRequired":true,"valueName":"search_term_string"}}],"inLanguage":"hu"}]}},"_links":{"self":[{"href":"https:\/\/nagykokenyes.hu\/index.php?rest_route=\/wp\/v2\/pages\/7315","targetHints":{"allow":["GET"]}}],"collection":[{"href":"https:\/\/nagykokenyes.hu\/index.php?rest_route=\/wp\/v2\/pages"}],"about":[{"href":"https:\/\/nagykokenyes.hu\/index.php?rest_route=\/wp\/v2\/types\/page"}],"author":[{"embeddable":true,"href":"https:\/\/nagykokenyes.hu\/index.php?rest_route=\/wp\/v2\/users\/3"}],"replies":[{"embeddable":true,"href":"https:\/\/nagykokenyes.hu\/index.php?rest_route=%2Fwp%2Fv2%2Fcomments&post=7315"}],"version-history":[{"count":6,"href":"https:\/\/nagykokenyes.hu\/index.php?rest_route=\/wp\/v2\/pages\/7315\/revisions"}],"predecessor-version":[{"id":7994,"href":"https:\/\/nagykokenyes.hu\/index.php?rest_route=\/wp\/v2\/pages\/7315\/revisions\/7994"}],"wp:attachment":[{"href":"https:\/\/nagykokenyes.hu\/index.php?rest_route=%2Fwp%2Fv2%2Fmedia&parent=7315"}],"curies":[{"name":"wp","href":"https:\/\/api.w.org\/{rel}","templated":true}]}}