{"id":785,"date":"2018-08-31T16:01:00","date_gmt":"2018-08-31T16:01:00","guid":{"rendered":"http:\/\/nagykokenyes.hu\/?page_id=785"},"modified":"2023-05-02T13:56:01","modified_gmt":"2023-05-02T11:56:01","slug":"kokenyvirag-ovoda","status":"publish","type":"page","link":"https:\/\/nagykokenyes.hu\/?page_id=785","title":{"rendered":"K\u00f6k\u00e9nyvir\u00e1g \u00d3voda"},"content":{"rendered":"<p>Az \u00f3voda <a href=\"https:\/\/www.kokenyviragovi.hu\/\">weboldala<\/a><\/p>\n<ul>\n<li><a href=\"https:\/\/nagykokenyes.hu\/wp-content\/uploads\/2021\/10\/Publikalt-ovodavezetoi-palyazat.pdf\">Nagyk\u00f6k\u00e9nyesi K\u00f6k\u00e9nyvir\u00e1g \u00d3voda \u2013 \u00f3vodavezet\u0151i p\u00e1ly\u00e1zat &#8211; 2021<\/a><\/li>\n<li><a href=\"http:\/\/nagykokenyes.hu\/wp-content\/uploads\/2018\/10\/%C3%93vodavezet%C5%91i-p%C3%A1ly%C3%A1zati-ki%C3%ADr%C3%A1s.pdf\">Nagyk\u00f6k\u00e9nyesi K\u00f6k\u00e9nyvir\u00e1g \u00d3voda \u2013 \u00f3vodavezet\u0151i p\u00e1ly\u00e1zat &#8211; 2018<\/a><\/li>\n<\/ul>\n","protected":false},"excerpt":{"rendered":"<p>Az \u00f3voda weboldala Nagyk\u00f6k\u00e9nyesi K\u00f6k\u00e9nyvir\u00e1g \u00d3voda \u2013 \u00f3vodavezet\u0151i p\u00e1ly\u00e1zat &#8211; 2021 Nagyk\u00f6k\u00e9nyesi K\u00f6k\u00e9nyvir\u00e1g \u00d3voda \u2013 \u00f3vodavezet\u0151i p\u00e1ly\u00e1zat &#8211; 2018<\/p>\n","protected":false},"author":1,"featured_media":0,"parent":0,"menu_order":0,"comment_status":"closed","ping_status":"closed","template":"","meta":{"footnotes":""},"class_list":["post-785","page","type-page","status-publish","hentry"],"yoast_head":"<!-- This site is optimized with the Yoast SEO plugin v26.5 - https:\/\/yoast.com\/wordpress\/plugins\/seo\/ -->\n<title>K\u00f6k\u00e9nyvir\u00e1g \u00d3voda - Nagyk\u00f6k\u00e9nyes K\u00f6zs\u00e9g \u00d6nkorm\u00e1nyzata<\/title>\n<meta name=\"robots\" content=\"index, follow, max-snippet:-1, max-image-preview:large, max-video-preview:-1\" \/>\n<link rel=\"canonical\" href=\"https:\/\/nagykokenyes.hu\/?page_id=785\" \/>\n<meta property=\"og:locale\" content=\"hu_HU\" \/>\n<meta property=\"og:type\" content=\"article\" \/>\n<meta property=\"og:title\" content=\"K\u00f6k\u00e9nyvir\u00e1g \u00d3voda - Nagyk\u00f6k\u00e9nyes K\u00f6zs\u00e9g \u00d6nkorm\u00e1nyzata\" \/>\n<meta property=\"og:description\" content=\"Az \u00f3voda weboldala Nagyk\u00f6k\u00e9nyesi K\u00f6k\u00e9nyvir\u00e1g \u00d3voda \u2013 \u00f3vodavezet\u0151i p\u00e1ly\u00e1zat &#8211; 2021 Nagyk\u00f6k\u00e9nyesi K\u00f6k\u00e9nyvir\u00e1g \u00d3voda \u2013 \u00f3vodavezet\u0151i p\u00e1ly\u00e1zat &#8211; 2018\" \/>\n<meta property=\"og:url\" content=\"https:\/\/nagykokenyes.hu\/?page_id=785\" \/>\n<meta property=\"og:site_name\" content=\"Nagyk\u00f6k\u00e9nyes K\u00f6zs\u00e9g \u00d6nkorm\u00e1nyzata\" \/>\n<meta property=\"article:modified_time\" content=\"2023-05-02T11:56:01+00:00\" \/>\n<meta name=\"twitter:card\" content=\"summary_large_image\" \/>\n<meta name=\"twitter:label1\" content=\"Becs\u00fclt olvas\u00e1si id\u0151\" \/>\n\t<meta name=\"twitter:data1\" content=\"1 perc\" \/>\n<script type=\"application\/ld+json\" class=\"yoast-schema-graph\">{\"@context\":\"https:\/\/schema.org\",\"@graph\":[{\"@type\":\"WebPage\",\"@id\":\"https:\/\/nagykokenyes.hu\/?page_id=785\",\"url\":\"https:\/\/nagykokenyes.hu\/?page_id=785\",\"name\":\"K\u00f6k\u00e9nyvir\u00e1g \u00d3voda - Nagyk\u00f6k\u00e9nyes K\u00f6zs\u00e9g \u00d6nkorm\u00e1nyzata\",\"isPartOf\":{\"@id\":\"https:\/\/nagykokenyes.hu\/#website\"},\"datePublished\":\"2018-08-31T16:01:00+00:00\",\"dateModified\":\"2023-05-02T11:56:01+00:00\",\"breadcrumb\":{\"@id\":\"https:\/\/nagykokenyes.hu\/?page_id=785#breadcrumb\"},\"inLanguage\":\"hu\",\"potentialAction\":[{\"@type\":\"ReadAction\",\"target\":[\"https:\/\/nagykokenyes.hu\/?page_id=785\"]}]},{\"@type\":\"BreadcrumbList\",\"@id\":\"https:\/\/nagykokenyes.hu\/?page_id=785#breadcrumb\",\"itemListElement\":[{\"@type\":\"ListItem\",\"position\":1,\"name\":\"Kezd\u0151lap\",\"item\":\"https:\/\/nagykokenyes.hu\/\"},{\"@type\":\"ListItem\",\"position\":2,\"name\":\"K\u00f6k\u00e9nyvir\u00e1g \u00d3voda\"}]},{\"@type\":\"WebSite\",\"@id\":\"https:\/\/nagykokenyes.hu\/#website\",\"url\":\"https:\/\/nagykokenyes.hu\/\",\"name\":\"Nagyk\u00f6k\u00e9nyes K\u00f6zs\u00e9g \u00d6nkorm\u00e1nyzata\",\"description\":\"\",\"potentialAction\":[{\"@type\":\"SearchAction\",\"target\":{\"@type\":\"EntryPoint\",\"urlTemplate\":\"https:\/\/nagykokenyes.hu\/?s={search_term_string}\"},\"query-input\":{\"@type\":\"PropertyValueSpecification\",\"valueRequired\":true,\"valueName\":\"search_term_string\"}}],\"inLanguage\":\"hu\"}]}<\/script>\n<!-- \/ Yoast SEO plugin. -->","yoast_head_json":{"title":"K\u00f6k\u00e9nyvir\u00e1g \u00d3voda - Nagyk\u00f6k\u00e9nyes K\u00f6zs\u00e9g \u00d6nkorm\u00e1nyzata","robots":{"index":"index","follow":"follow","max-snippet":"max-snippet:-1","max-image-preview":"max-image-preview:large","max-video-preview":"max-video-preview:-1"},"canonical":"https:\/\/nagykokenyes.hu\/?page_id=785","og_locale":"hu_HU","og_type":"article","og_title":"K\u00f6k\u00e9nyvir\u00e1g \u00d3voda - Nagyk\u00f6k\u00e9nyes K\u00f6zs\u00e9g \u00d6nkorm\u00e1nyzata","og_description":"Az \u00f3voda weboldala Nagyk\u00f6k\u00e9nyesi K\u00f6k\u00e9nyvir\u00e1g \u00d3voda \u2013 \u00f3vodavezet\u0151i p\u00e1ly\u00e1zat &#8211; 2021 Nagyk\u00f6k\u00e9nyesi K\u00f6k\u00e9nyvir\u00e1g \u00d3voda \u2013 \u00f3vodavezet\u0151i p\u00e1ly\u00e1zat &#8211; 2018","og_url":"https:\/\/nagykokenyes.hu\/?page_id=785","og_site_name":"Nagyk\u00f6k\u00e9nyes K\u00f6zs\u00e9g \u00d6nkorm\u00e1nyzata","article_modified_time":"2023-05-02T11:56:01+00:00","twitter_card":"summary_large_image","twitter_misc":{"Becs\u00fclt olvas\u00e1si id\u0151":"1 perc"},"schema":{"@context":"https:\/\/schema.org","@graph":[{"@type":"WebPage","@id":"https:\/\/nagykokenyes.hu\/?page_id=785","url":"https:\/\/nagykokenyes.hu\/?page_id=785","name":"K\u00f6k\u00e9nyvir\u00e1g \u00d3voda - Nagyk\u00f6k\u00e9nyes K\u00f6zs\u00e9g \u00d6nkorm\u00e1nyzata","isPartOf":{"@id":"https:\/\/nagykokenyes.hu\/#website"},"datePublished":"2018-08-31T16:01:00+00:00","dateModified":"2023-05-02T11:56:01+00:00","breadcrumb":{"@id":"https:\/\/nagykokenyes.hu\/?page_id=785#breadcrumb"},"inLanguage":"hu","potentialAction":[{"@type":"ReadAction","target":["https:\/\/nagykokenyes.hu\/?page_id=785"]}]},{"@type":"BreadcrumbList","@id":"https:\/\/nagykokenyes.hu\/?page_id=785#breadcrumb","itemListElement":[{"@type":"ListItem","position":1,"name":"Kezd\u0151lap","item":"https:\/\/nagykokenyes.hu\/"},{"@type":"ListItem","position":2,"name":"K\u00f6k\u00e9nyvir\u00e1g \u00d3voda"}]},{"@type":"WebSite","@id":"https:\/\/nagykokenyes.hu\/#website","url":"https:\/\/nagykokenyes.hu\/","name":"Nagyk\u00f6k\u00e9nyes K\u00f6zs\u00e9g \u00d6nkorm\u00e1nyzata","description":"","potentialAction":[{"@type":"SearchAction","target":{"@type":"EntryPoint","urlTemplate":"https:\/\/nagykokenyes.hu\/?s={search_term_string}"},"query-input":{"@type":"PropertyValueSpecification","valueRequired":true,"valueName":"search_term_string"}}],"inLanguage":"hu"}]}},"_links":{"self":[{"href":"https:\/\/nagykokenyes.hu\/index.php?rest_route=\/wp\/v2\/pages\/785","targetHints":{"allow":["GET"]}}],"collection":[{"href":"https:\/\/nagykokenyes.hu\/index.php?rest_route=\/wp\/v2\/pages"}],"about":[{"href":"https:\/\/nagykokenyes.hu\/index.php?rest_route=\/wp\/v2\/types\/page"}],"author":[{"embeddable":true,"href":"https:\/\/nagykokenyes.hu\/index.php?rest_route=\/wp\/v2\/users\/1"}],"replies":[{"embeddable":true,"href":"https:\/\/nagykokenyes.hu\/index.php?rest_route=%2Fwp%2Fv2%2Fcomments&post=785"}],"version-history":[{"count":4,"href":"https:\/\/nagykokenyes.hu\/index.php?rest_route=\/wp\/v2\/pages\/785\/revisions"}],"predecessor-version":[{"id":6459,"href":"https:\/\/nagykokenyes.hu\/index.php?rest_route=\/wp\/v2\/pages\/785\/revisions\/6459"}],"wp:attachment":[{"href":"https:\/\/nagykokenyes.hu\/index.php?rest_route=%2Fwp%2Fv2%2Fmedia&parent=785"}],"curies":[{"name":"wp","href":"https:\/\/api.w.org\/{rel}","templated":true}]}}